{"id":2529,"date":"2010-11-15T01:18:19","date_gmt":"2010-11-15T00:18:19","guid":{"rendered":"http:\/\/abc-latina.com\/diego_de_almagro-htm\/"},"modified":"2026-04-30T18:25:21","modified_gmt":"2026-04-30T16:25:21","slug":"diego_de_almagro","status":"publish","type":"page","link":"https:\/\/abc-latina.com\/personnalites\/diego_de_almagro\/","title":{"rendered":"DIEGO de ALMAGRO"},"content":{"rendered":"<p><strong><span style=\"color: rgb(255, 102, 0); \">Diego de Almagro<\/span><\/strong> embarque pour les Am\u00e9riques en 1514. Il s&rsquo;installe \u00e0 <a target=\"_blank\" href=\"https:\/\/www.abc-latina.com\/panama\/\">Panama<\/a> o\u00f9 il vit jusqu&rsquo;en 1524. L&rsquo;ann\u00e9e suivante, il prend part \u00e0 une exp\u00e9dition de reconnaissance en Am\u00e9rique du Sud. Il navigue avec <a href=\"https:\/\/www.abc-latina.com\/personnalites\/francisco_pizarro\">Francisco Pizarro<\/a>.<\/p>\n<div>\n<div>En 1525, ils d\u00e9couvrent le <a target=\"_blank\" href=\"https:\/\/www.abc-latina.com\/perou\/\">P\u00e9rou<\/a>. La rivalit\u00e9 entre les deux hommes va s&rsquo;accentuant, notamment d\u00fb aux avantages obtenus par Pizarro en Espagne en 1529.<\/div>\n<div>En 1531, Pizarro repart pour le P\u00e9rou. Il est rejoint en 1532 par Almagro. Ils rentrent ensemble dans la ville de <a target=\"_blank\" href=\"https:\/\/www.abc-latina.com\/perou\/cuzco\">Cuzco<\/a> le 15 novembre 1533. Ils avaient vaincu l&rsquo;<a target=\"_blank\" href=\"https:\/\/www.abc-latina.com\/civilisations\/Inca\">empire Inca<\/a>.<\/div>\n<div>Almagro obtient le titre de gouverneur pour un territoire situ\u00e9 au sud de celui de Pizarro. Il est appel\u00e9 la Nouvelle Tol\u00e8de. Mais Almagro dispute Cuzco \u00e0 Pizarro. Il part pour le <a target=\"_blank\" href=\"https:\/\/www.abc-latina.com\/chili\/\">Chili<\/a>, le conqu\u00e9rant dans la violence. L&rsquo;hivers tr\u00e8s rude lui fera perdre bon nombre de ses hommes.<\/div>\n<div>Il est de retour au P\u00e9rou en 1537. Il entre dans Cuzco en arm\u00e9e, capture Hernando, le fr\u00e8re de Francisco Pizarro. L&rsquo;\u00e9v\u00eaque Francisco Bobadilla lui fait accepter de quitter Cuzco et de lib\u00e9rer Hernando. Almagro s&rsquo;installe \u00e0 Guaytar\u00e1.<\/div>\n<div>En avril 1538, il essaie \u00e0 nouveau de reprendre Cuzco. A la bataille de Las Salinas, son arm\u00e9e est d\u00e9faite. Almagro est arr\u00eat\u00e9, rapidement jug\u00e9 et ex\u00e9cut\u00e9.<\/div>\n<div>Son fils, Almagro le jeune, s&rsquo;oppose \u00e0 Francisco Pizarro et sera \u00e0 l&rsquo;origine de son assassinat en 1541. Instaur\u00e9 gouverneur du P\u00e9rou, il s&rsquo;oppose au gouverneur en place et nomm\u00e9 par Charles Quint. Une guerre civile s&rsquo;ensuit, se terminant en 1542 avec la d\u00e9faite de Almagro le jeune.<\/div>\n<div>Ce dernier est emprisonn\u00e9 \u00e0 Cuzco puis d\u00e9capit\u00e9.<\/div>\n<div>&nbsp;<\/div>\n<div><span class=\"tsource\">Source renaissance-amboise.com<\/span><\/div>\n<\/div>\n","protected":false},"excerpt":{"rendered":"<p>Diego de Almagro embarque pour les Am\u00e9riques en 1514. Il s&rsquo;installe \u00e0 Panama o\u00f9 il vit jusqu&rsquo;en 1524. L&rsquo;ann\u00e9e suivante, [&hellip;]<\/p>\n","protected":false},"author":3,"featured_media":0,"parent":2633,"menu_order":0,"comment_status":"closed","ping_status":"closed","template":"","meta":{"site-sidebar-layout":"default","site-content-layout":"","ast-site-content-layout":"default","site-content-style":"default","site-sidebar-style":"default","ast-global-header-display":"","ast-banner-title-visibility":"","ast-main-header-display":"","ast-hfb-above-header-display":"","ast-hfb-below-header-display":"","ast-hfb-mobile-header-display":"","site-post-title":"","ast-breadcrumbs-content":"","ast-featured-img":"","footer-sml-layout":"","ast-disable-related-posts":"","theme-transparent-header-meta":"","adv-header-id-meta":"","stick-header-meta":"","header-above-stick-meta":"","header-main-stick-meta":"","header-below-stick-meta":"","astra-migrate-meta-layouts":"default","ast-page-background-enabled":"default","ast-page-background-meta":{"desktop":{"background-color":"var(--ast-global-color-5)","background-image":"","background-repeat":"repeat","background-position":"center center","background-size":"auto","background-attachment":"scroll","background-type":"","background-media":"","overlay-type":"","overlay-color":"","overlay-opacity":"","overlay-gradient":""},"tablet":{"background-color":"","background-image":"","background-repeat":"repeat","background-position":"center center","background-size":"auto","background-attachment":"scroll","background-type":"","background-media":"","overlay-type":"","overlay-color":"","overlay-opacity":"","overlay-gradient":""},"mobile":{"background-color":"","background-image":"","background-repeat":"repeat","background-position":"center center","background-size":"auto","background-attachment":"scroll","background-type":"","background-media":"","overlay-type":"","overlay-color":"","overlay-opacity":"","overlay-gradient":""}},"ast-content-background-meta":{"desktop":{"background-color":"var(--ast-global-color-4)","background-image":"","background-repeat":"repeat","background-position":"center center","background-size":"auto","background-attachment":"scroll","background-type":"","background-media":"","overlay-type":"","overlay-color":"","overlay-opacity":"","overlay-gradient":""},"tablet":{"background-color":"var(--ast-global-color-4)","background-image":"","background-repeat":"repeat","background-position":"center center","background-size":"auto","background-attachment":"scroll","background-type":"","background-media":"","overlay-type":"","overlay-color":"","overlay-opacity":"","overlay-gradient":""},"mobile":{"background-color":"var(--ast-global-color-4)","background-image":"","background-repeat":"repeat","background-position":"center center","background-size":"auto","background-attachment":"scroll","background-type":"","background-media":"","overlay-type":"","overlay-color":"","overlay-opacity":"","overlay-gradient":""}},"footnotes":""},"class_list":["post-2529","page","type-page","status-publish","hentry"],"yoast_head":"<!-- This site is optimized with the Yoast SEO plugin v27.5 - https:\/\/yoast.com\/product\/yoast-seo-wordpress\/ -->\n<title>DIEGO de ALMAGRO - Abc-latina<\/title>\n<meta name=\"description\" content=\"Diego de Almagro.\" \/>\n<meta name=\"robots\" content=\"index, follow, max-snippet:-1, max-image-preview:large, max-video-preview:-1\" \/>\n<link rel=\"canonical\" href=\"https:\/\/abc-latina.com\/personnalites\/diego_de_almagro\/\" \/>\n<meta property=\"og:locale\" content=\"fr_FR\" \/>\n<meta property=\"og:type\" content=\"article\" \/>\n<meta property=\"og:title\" content=\"DIEGO de ALMAGRO - Abc-latina\" \/>\n<meta property=\"og:description\" content=\"Diego de Almagro.\" \/>\n<meta property=\"og:url\" content=\"https:\/\/abc-latina.com\/personnalites\/diego_de_almagro\/\" \/>\n<meta property=\"og:site_name\" content=\"Abc-latina\" \/>\n<meta property=\"article:modified_time\" content=\"2026-04-30T16:25:21+00:00\" \/>\n<meta name=\"twitter:card\" content=\"summary_large_image\" \/>\n<meta name=\"twitter:label1\" content=\"Dur\u00e9e de lecture estim\u00e9e\" \/>\n\t<meta name=\"twitter:data1\" content=\"1 minute\" \/>\n<script type=\"application\/ld+json\" class=\"yoast-schema-graph\">{\"@context\":\"https:\\\/\\\/schema.org\",\"@graph\":[{\"@type\":\"WebPage\",\"@id\":\"https:\\\/\\\/abc-latina.com\\\/personnalites\\\/diego_de_almagro\\\/\",\"url\":\"https:\\\/\\\/abc-latina.com\\\/personnalites\\\/diego_de_almagro\\\/\",\"name\":\"DIEGO de ALMAGRO - Abc-latina\",\"isPartOf\":{\"@id\":\"https:\\\/\\\/abc-latina.com\\\/#website\"},\"datePublished\":\"2010-11-15T00:18:19+00:00\",\"dateModified\":\"2026-04-30T16:25:21+00:00\",\"description\":\"Diego de Almagro.\",\"breadcrumb\":{\"@id\":\"https:\\\/\\\/abc-latina.com\\\/personnalites\\\/diego_de_almagro\\\/#breadcrumb\"},\"inLanguage\":\"fr-FR\",\"potentialAction\":[{\"@type\":\"ReadAction\",\"target\":[\"https:\\\/\\\/abc-latina.com\\\/personnalites\\\/diego_de_almagro\\\/\"]}]},{\"@type\":\"BreadcrumbList\",\"@id\":\"https:\\\/\\\/abc-latina.com\\\/personnalites\\\/diego_de_almagro\\\/#breadcrumb\",\"itemListElement\":[{\"@type\":\"ListItem\",\"position\":1,\"name\":\"Accueil\",\"item\":\"https:\\\/\\\/abc-latina.com\\\/\"},{\"@type\":\"ListItem\",\"position\":2,\"name\":\"DIEGO de ALMAGRO\"}]},{\"@type\":\"WebSite\",\"@id\":\"https:\\\/\\\/abc-latina.com\\\/#website\",\"url\":\"https:\\\/\\\/abc-latina.com\\\/\",\"name\":\"Abc-latina\",\"description\":\"\",\"publisher\":{\"@id\":\"https:\\\/\\\/abc-latina.com\\\/#organization\"},\"potentialAction\":[{\"@type\":\"SearchAction\",\"target\":{\"@type\":\"EntryPoint\",\"urlTemplate\":\"https:\\\/\\\/abc-latina.com\\\/?s={search_term_string}\"},\"query-input\":{\"@type\":\"PropertyValueSpecification\",\"valueRequired\":true,\"valueName\":\"search_term_string\"}}],\"inLanguage\":\"fr-FR\"},{\"@type\":\"Organization\",\"@id\":\"https:\\\/\\\/abc-latina.com\\\/#organization\",\"name\":\"Abc-latina\",\"url\":\"https:\\\/\\\/abc-latina.com\\\/\",\"logo\":{\"@type\":\"ImageObject\",\"inLanguage\":\"fr-FR\",\"@id\":\"https:\\\/\\\/abc-latina.com\\\/#\\\/schema\\\/logo\\\/image\\\/\",\"url\":\"https:\\\/\\\/abc-latina.com\\\/wp-content\\\/uploads\\\/2026\\\/05\\\/cropped-logo.gif\",\"contentUrl\":\"https:\\\/\\\/abc-latina.com\\\/wp-content\\\/uploads\\\/2026\\\/05\\\/cropped-logo.gif\",\"width\":89,\"height\":84,\"caption\":\"Abc-latina\"},\"image\":{\"@id\":\"https:\\\/\\\/abc-latina.com\\\/#\\\/schema\\\/logo\\\/image\\\/\"}}]}<\/script>\n<!-- \/ Yoast SEO plugin. -->","yoast_head_json":{"title":"DIEGO de ALMAGRO - Abc-latina","description":"Diego de Almagro.","robots":{"index":"index","follow":"follow","max-snippet":"max-snippet:-1","max-image-preview":"max-image-preview:large","max-video-preview":"max-video-preview:-1"},"canonical":"https:\/\/abc-latina.com\/personnalites\/diego_de_almagro\/","og_locale":"fr_FR","og_type":"article","og_title":"DIEGO de ALMAGRO - Abc-latina","og_description":"Diego de Almagro.","og_url":"https:\/\/abc-latina.com\/personnalites\/diego_de_almagro\/","og_site_name":"Abc-latina","article_modified_time":"2026-04-30T16:25:21+00:00","twitter_card":"summary_large_image","twitter_misc":{"Dur\u00e9e de lecture estim\u00e9e":"1 minute"},"schema":{"@context":"https:\/\/schema.org","@graph":[{"@type":"WebPage","@id":"https:\/\/abc-latina.com\/personnalites\/diego_de_almagro\/","url":"https:\/\/abc-latina.com\/personnalites\/diego_de_almagro\/","name":"DIEGO de ALMAGRO - Abc-latina","isPartOf":{"@id":"https:\/\/abc-latina.com\/#website"},"datePublished":"2010-11-15T00:18:19+00:00","dateModified":"2026-04-30T16:25:21+00:00","description":"Diego de Almagro.","breadcrumb":{"@id":"https:\/\/abc-latina.com\/personnalites\/diego_de_almagro\/#breadcrumb"},"inLanguage":"fr-FR","potentialAction":[{"@type":"ReadAction","target":["https:\/\/abc-latina.com\/personnalites\/diego_de_almagro\/"]}]},{"@type":"BreadcrumbList","@id":"https:\/\/abc-latina.com\/personnalites\/diego_de_almagro\/#breadcrumb","itemListElement":[{"@type":"ListItem","position":1,"name":"Accueil","item":"https:\/\/abc-latina.com\/"},{"@type":"ListItem","position":2,"name":"DIEGO de ALMAGRO"}]},{"@type":"WebSite","@id":"https:\/\/abc-latina.com\/#website","url":"https:\/\/abc-latina.com\/","name":"Abc-latina","description":"","publisher":{"@id":"https:\/\/abc-latina.com\/#organization"},"potentialAction":[{"@type":"SearchAction","target":{"@type":"EntryPoint","urlTemplate":"https:\/\/abc-latina.com\/?s={search_term_string}"},"query-input":{"@type":"PropertyValueSpecification","valueRequired":true,"valueName":"search_term_string"}}],"inLanguage":"fr-FR"},{"@type":"Organization","@id":"https:\/\/abc-latina.com\/#organization","name":"Abc-latina","url":"https:\/\/abc-latina.com\/","logo":{"@type":"ImageObject","inLanguage":"fr-FR","@id":"https:\/\/abc-latina.com\/#\/schema\/logo\/image\/","url":"https:\/\/abc-latina.com\/wp-content\/uploads\/2026\/05\/cropped-logo.gif","contentUrl":"https:\/\/abc-latina.com\/wp-content\/uploads\/2026\/05\/cropped-logo.gif","width":89,"height":84,"caption":"Abc-latina"},"image":{"@id":"https:\/\/abc-latina.com\/#\/schema\/logo\/image\/"}}]}},"_links":{"self":[{"href":"https:\/\/abc-latina.com\/wp-json\/wp\/v2\/pages\/2529","targetHints":{"allow":["GET"]}}],"collection":[{"href":"https:\/\/abc-latina.com\/wp-json\/wp\/v2\/pages"}],"about":[{"href":"https:\/\/abc-latina.com\/wp-json\/wp\/v2\/types\/page"}],"author":[{"embeddable":true,"href":"https:\/\/abc-latina.com\/wp-json\/wp\/v2\/users\/3"}],"replies":[{"embeddable":true,"href":"https:\/\/abc-latina.com\/wp-json\/wp\/v2\/comments?post=2529"}],"version-history":[{"count":1,"href":"https:\/\/abc-latina.com\/wp-json\/wp\/v2\/pages\/2529\/revisions"}],"predecessor-version":[{"id":3813,"href":"https:\/\/abc-latina.com\/wp-json\/wp\/v2\/pages\/2529\/revisions\/3813"}],"up":[{"embeddable":true,"href":"https:\/\/abc-latina.com\/wp-json\/wp\/v2\/pages\/2633"}],"wp:attachment":[{"href":"https:\/\/abc-latina.com\/wp-json\/wp\/v2\/media?parent=2529"}],"curies":[{"name":"wp","href":"https:\/\/api.w.org\/{rel}","templated":true}]}}