{"id":2536,"date":"2010-11-15T01:50:19","date_gmt":"2010-11-15T00:50:19","guid":{"rendered":"http:\/\/abc-latina.com\/ernesto_guevara-htm\/"},"modified":"2026-04-30T18:25:21","modified_gmt":"2026-04-30T16:25:21","slug":"ernesto_guevara","status":"publish","type":"page","link":"https:\/\/abc-latina.com\/personnalites\/ernesto_guevara\/","title":{"rendered":"ERNESTO CHE GUEVARA"},"content":{"rendered":"<div><img loading=\"lazy\" decoding=\"async\" class=\" alignright size-full wp-image-2535\" style=\"margin: 9px; float: right;\" src=\"http:\/\/abc-latina.com\/wp-content\/uploads\/2010\/11\/che_guevara.jpg\" title=\"ERNESTO CHE GUEVARA\" alt=\"\" width=\"200\" height=\"258\" \/>On a tendance \u00e0 oublier que l&rsquo;un des grands protagonistes de la r\u00e9volution cubaine \u00e9tait argentin. Issu de la classe moyenne, <span style=\"color: rgb(255, 102, 0); \"><strong>Ernesto Guevara<\/strong><\/span> grandit \u00e0 <a target=\"_blank\" href=\"https:\/\/www.abc-latina.com\/argentine\/buenosaires\">Buenos Aires<\/a>, mais souffrant d&rsquo;asthme, ses parents d\u00e9cident pour sa sant\u00e9 de s&rsquo;installer dans la petite ville d&rsquo;Alta Gracia, r\u00e9put\u00e9e pour son climat b\u00e9n\u00e9fique.<\/div>\n<div>D&rsquo;une intelligence peu ordinaire, il obtint en 1953 son doctorat de m\u00e9decine, \u00e0 l&rsquo;\u00e2ge de 25 ans. Grand voyageur, il parcourut toute l&rsquo; Am\u00e9rique latine, prenant conscience de la pauvret\u00e9 et de l&rsquo;injustice sociale qui r\u00e9gnaient. D\u00e9laissant une prometteuse carri\u00e8re de m\u00e9decin, il d\u00e9cida en 1955, de s&rsquo;unir au mouvement cubain conduit par <a href=\"fidel_castro\">Fidel Castro<\/a>, persuad\u00e9 que la r\u00e9volution \u00e9tait la seule fa\u00e7on de r\u00e9tablir les droits des peuples latins. Le dictateur <a href=\"fulgencio_batista\">Fulgencio Batista<\/a> d\u00e9chu, le Che fut nomm\u00e9 ministre de l&rsquo;industrie \u00e0 <a target=\"_blank\" href=\"https:\/\/www.abc-latina.com\/cuba\/\">Cuba<\/a>, r\u00f4le qu&rsquo;il tint de 1961 \u00e0 1965. Mais bient\u00f4t il refusa de s&rsquo;allier au communisme orthodoxe et partit continuer la r\u00e9volution. Il se rendit au Congo, puis en <a target=\"_blank\" href=\"https:\/\/www.abc-latina.com\/argentine\/\">Argentine<\/a>, essayant de d\u00e9stabiliser les gouvernements.<\/div>\n<div>En <a target=\"_blank\" href=\"https:\/\/www.abc-latina.com\/bolivie\/\">Bolivie<\/a>, il prit la t\u00eate des paysans et des mineurs, luttant contre les militaires au pouvoir. Traqu\u00e9, Ernesto Che Guevara fut finalement abattu en 1967. Sa courte et bouleversante vie a donn\u00e9 naissance \u00e0 la l\u00e9gende du Che, dont les id\u00e9aux sont encore bien vivants aujourd&rsquo;hui.<\/div>\n<div>&nbsp;<\/div>\n<div><span class=\"person\">Rep\u00e8res<\/span><\/div>\n<div><span class=\"person-date\">1928<\/span> &#8211; Naissance de Enesto Che Guevara<\/div>\n<div><span class=\"person-date\">1953<\/span> &#8211; Il devient docteur en m\u00e9decine<\/div>\n<div><span class=\"person-date\">1955<\/span> &#8211; Il rejoint fidel Castro<\/div>\n<div><span class=\"person-date\">1961<\/span> &#8211; Ministre de l&rsquo;industrie de Cuba<\/div>\n<div><span class=\"person-date\">1967<\/span> &#8211; Il meurt \u00e0 l&rsquo;age de 39 ans<\/div>\n<div>&nbsp;<\/div>\n<div><span class=\"tourisme-chapitre\">Personnalit\u00e9s argentines<\/span><\/div>\n<div><a href=\"bernardino_rivadavia\">Bernardino Rivadavia<\/a><\/div>\n<div><a href=\"ernesto_guevara\">Che Guevara<\/a><\/div>\n<div><a href=\"cristina_kirchner\">Cristina Kirchner<\/a><\/div>\n<div><a href=\"evita_peron\">Evita Peron<\/a><\/div>\n<div><a href=\"jorge_rafael_videla\">Jorge Rafael Videla<\/a><\/div>\n<div><a href=\"juan_peron\">Juan Peron<\/a><\/div>\n<div><a href=\"nestor_kirchner\">Nestor Kirchner<\/a><\/div>\n<div><a href=\"personnalites-argentines\">Tous les argentins<\/a><\/div>\n","protected":false},"excerpt":{"rendered":"<p>On a tendance \u00e0 oublier que l&rsquo;un des grands protagonistes de la r\u00e9volution cubaine \u00e9tait argentin. Issu de la classe [&hellip;]<\/p>\n","protected":false},"author":3,"featured_media":2535,"parent":2633,"menu_order":0,"comment_status":"closed","ping_status":"closed","template":"","meta":{"site-sidebar-layout":"default","site-content-layout":"","ast-site-content-layout":"default","site-content-style":"default","site-sidebar-style":"default","ast-global-header-display":"","ast-banner-title-visibility":"","ast-main-header-display":"","ast-hfb-above-header-display":"","ast-hfb-below-header-display":"","ast-hfb-mobile-header-display":"","site-post-title":"","ast-breadcrumbs-content":"","ast-featured-img":"","footer-sml-layout":"","ast-disable-related-posts":"","theme-transparent-header-meta":"","adv-header-id-meta":"","stick-header-meta":"","header-above-stick-meta":"","header-main-stick-meta":"","header-below-stick-meta":"","astra-migrate-meta-layouts":"default","ast-page-background-enabled":"default","ast-page-background-meta":{"desktop":{"background-color":"var(--ast-global-color-5)","background-image":"","background-repeat":"repeat","background-position":"center center","background-size":"auto","background-attachment":"scroll","background-type":"","background-media":"","overlay-type":"","overlay-color":"","overlay-opacity":"","overlay-gradient":""},"tablet":{"background-color":"","background-image":"","background-repeat":"repeat","background-position":"center center","background-size":"auto","background-attachment":"scroll","background-type":"","background-media":"","overlay-type":"","overlay-color":"","overlay-opacity":"","overlay-gradient":""},"mobile":{"background-color":"","background-image":"","background-repeat":"repeat","background-position":"center center","background-size":"auto","background-attachment":"scroll","background-type":"","background-media":"","overlay-type":"","overlay-color":"","overlay-opacity":"","overlay-gradient":""}},"ast-content-background-meta":{"desktop":{"background-color":"var(--ast-global-color-4)","background-image":"","background-repeat":"repeat","background-position":"center center","background-size":"auto","background-attachment":"scroll","background-type":"","background-media":"","overlay-type":"","overlay-color":"","overlay-opacity":"","overlay-gradient":""},"tablet":{"background-color":"var(--ast-global-color-4)","background-image":"","background-repeat":"repeat","background-position":"center center","background-size":"auto","background-attachment":"scroll","background-type":"","background-media":"","overlay-type":"","overlay-color":"","overlay-opacity":"","overlay-gradient":""},"mobile":{"background-color":"var(--ast-global-color-4)","background-image":"","background-repeat":"repeat","background-position":"center center","background-size":"auto","background-attachment":"scroll","background-type":"","background-media":"","overlay-type":"","overlay-color":"","overlay-opacity":"","overlay-gradient":""}},"footnotes":""},"class_list":["post-2536","page","type-page","status-publish","has-post-thumbnail","hentry"],"yoast_head":"<!-- This site is optimized with the Yoast SEO plugin v27.5 - https:\/\/yoast.com\/product\/yoast-seo-wordpress\/ -->\n<title>ERNESTO CHE GUEVARA - Abc-latina<\/title>\n<meta name=\"description\" content=\"Che Guevara, un destin hors du commun. Le Che.\" \/>\n<meta name=\"robots\" content=\"index, follow, max-snippet:-1, max-image-preview:large, max-video-preview:-1\" \/>\n<link rel=\"canonical\" href=\"https:\/\/abc-latina.com\/personnalites\/ernesto_guevara\/\" \/>\n<meta property=\"og:locale\" content=\"fr_FR\" \/>\n<meta property=\"og:type\" content=\"article\" \/>\n<meta property=\"og:title\" content=\"ERNESTO CHE GUEVARA - Abc-latina\" \/>\n<meta property=\"og:description\" content=\"Che Guevara, un destin hors du commun. Le Che.\" \/>\n<meta property=\"og:url\" content=\"https:\/\/abc-latina.com\/personnalites\/ernesto_guevara\/\" \/>\n<meta property=\"og:site_name\" content=\"Abc-latina\" \/>\n<meta property=\"article:modified_time\" content=\"2026-04-30T16:25:21+00:00\" \/>\n<meta property=\"og:image\" content=\"https:\/\/abc-latina.com\/wp-content\/uploads\/2010\/11\/che_guevara.jpg\" \/>\n\t<meta property=\"og:image:width\" content=\"200\" \/>\n\t<meta property=\"og:image:height\" content=\"258\" \/>\n\t<meta property=\"og:image:type\" content=\"image\/jpeg\" \/>\n<meta name=\"twitter:card\" content=\"summary_large_image\" \/>\n<meta name=\"twitter:label1\" content=\"Dur\u00e9e de lecture estim\u00e9e\" \/>\n\t<meta name=\"twitter:data1\" content=\"1 minute\" \/>\n<script type=\"application\/ld+json\" class=\"yoast-schema-graph\">{\"@context\":\"https:\\\/\\\/schema.org\",\"@graph\":[{\"@type\":\"WebPage\",\"@id\":\"https:\\\/\\\/abc-latina.com\\\/personnalites\\\/ernesto_guevara\\\/\",\"url\":\"https:\\\/\\\/abc-latina.com\\\/personnalites\\\/ernesto_guevara\\\/\",\"name\":\"ERNESTO CHE GUEVARA - Abc-latina\",\"isPartOf\":{\"@id\":\"https:\\\/\\\/abc-latina.com\\\/#website\"},\"primaryImageOfPage\":{\"@id\":\"https:\\\/\\\/abc-latina.com\\\/personnalites\\\/ernesto_guevara\\\/#primaryimage\"},\"image\":{\"@id\":\"https:\\\/\\\/abc-latina.com\\\/personnalites\\\/ernesto_guevara\\\/#primaryimage\"},\"thumbnailUrl\":\"https:\\\/\\\/abc-latina.com\\\/wp-content\\\/uploads\\\/2010\\\/11\\\/che_guevara.jpg\",\"datePublished\":\"2010-11-15T00:50:19+00:00\",\"dateModified\":\"2026-04-30T16:25:21+00:00\",\"description\":\"Che Guevara, un destin hors du commun. Le Che.\",\"breadcrumb\":{\"@id\":\"https:\\\/\\\/abc-latina.com\\\/personnalites\\\/ernesto_guevara\\\/#breadcrumb\"},\"inLanguage\":\"fr-FR\",\"potentialAction\":[{\"@type\":\"ReadAction\",\"target\":[\"https:\\\/\\\/abc-latina.com\\\/personnalites\\\/ernesto_guevara\\\/\"]}]},{\"@type\":\"ImageObject\",\"inLanguage\":\"fr-FR\",\"@id\":\"https:\\\/\\\/abc-latina.com\\\/personnalites\\\/ernesto_guevara\\\/#primaryimage\",\"url\":\"https:\\\/\\\/abc-latina.com\\\/wp-content\\\/uploads\\\/2010\\\/11\\\/che_guevara.jpg\",\"contentUrl\":\"https:\\\/\\\/abc-latina.com\\\/wp-content\\\/uploads\\\/2010\\\/11\\\/che_guevara.jpg\",\"width\":200,\"height\":258,\"caption\":\"ERNESTO CHE GUEVARA\"},{\"@type\":\"BreadcrumbList\",\"@id\":\"https:\\\/\\\/abc-latina.com\\\/personnalites\\\/ernesto_guevara\\\/#breadcrumb\",\"itemListElement\":[{\"@type\":\"ListItem\",\"position\":1,\"name\":\"Accueil\",\"item\":\"https:\\\/\\\/abc-latina.com\\\/\"},{\"@type\":\"ListItem\",\"position\":2,\"name\":\"ERNESTO CHE GUEVARA\"}]},{\"@type\":\"WebSite\",\"@id\":\"https:\\\/\\\/abc-latina.com\\\/#website\",\"url\":\"https:\\\/\\\/abc-latina.com\\\/\",\"name\":\"Abc-latina\",\"description\":\"\",\"publisher\":{\"@id\":\"https:\\\/\\\/abc-latina.com\\\/#organization\"},\"potentialAction\":[{\"@type\":\"SearchAction\",\"target\":{\"@type\":\"EntryPoint\",\"urlTemplate\":\"https:\\\/\\\/abc-latina.com\\\/?s={search_term_string}\"},\"query-input\":{\"@type\":\"PropertyValueSpecification\",\"valueRequired\":true,\"valueName\":\"search_term_string\"}}],\"inLanguage\":\"fr-FR\"},{\"@type\":\"Organization\",\"@id\":\"https:\\\/\\\/abc-latina.com\\\/#organization\",\"name\":\"Abc-latina\",\"url\":\"https:\\\/\\\/abc-latina.com\\\/\",\"logo\":{\"@type\":\"ImageObject\",\"inLanguage\":\"fr-FR\",\"@id\":\"https:\\\/\\\/abc-latina.com\\\/#\\\/schema\\\/logo\\\/image\\\/\",\"url\":\"https:\\\/\\\/abc-latina.com\\\/wp-content\\\/uploads\\\/2026\\\/05\\\/cropped-logo.gif\",\"contentUrl\":\"https:\\\/\\\/abc-latina.com\\\/wp-content\\\/uploads\\\/2026\\\/05\\\/cropped-logo.gif\",\"width\":89,\"height\":84,\"caption\":\"Abc-latina\"},\"image\":{\"@id\":\"https:\\\/\\\/abc-latina.com\\\/#\\\/schema\\\/logo\\\/image\\\/\"}}]}<\/script>\n<!-- \/ Yoast SEO plugin. -->","yoast_head_json":{"title":"ERNESTO CHE GUEVARA - Abc-latina","description":"Che Guevara, un destin hors du commun. Le Che.","robots":{"index":"index","follow":"follow","max-snippet":"max-snippet:-1","max-image-preview":"max-image-preview:large","max-video-preview":"max-video-preview:-1"},"canonical":"https:\/\/abc-latina.com\/personnalites\/ernesto_guevara\/","og_locale":"fr_FR","og_type":"article","og_title":"ERNESTO CHE GUEVARA - Abc-latina","og_description":"Che Guevara, un destin hors du commun. Le Che.","og_url":"https:\/\/abc-latina.com\/personnalites\/ernesto_guevara\/","og_site_name":"Abc-latina","article_modified_time":"2026-04-30T16:25:21+00:00","og_image":[{"width":200,"height":258,"url":"https:\/\/abc-latina.com\/wp-content\/uploads\/2010\/11\/che_guevara.jpg","type":"image\/jpeg"}],"twitter_card":"summary_large_image","twitter_misc":{"Dur\u00e9e de lecture estim\u00e9e":"1 minute"},"schema":{"@context":"https:\/\/schema.org","@graph":[{"@type":"WebPage","@id":"https:\/\/abc-latina.com\/personnalites\/ernesto_guevara\/","url":"https:\/\/abc-latina.com\/personnalites\/ernesto_guevara\/","name":"ERNESTO CHE GUEVARA - Abc-latina","isPartOf":{"@id":"https:\/\/abc-latina.com\/#website"},"primaryImageOfPage":{"@id":"https:\/\/abc-latina.com\/personnalites\/ernesto_guevara\/#primaryimage"},"image":{"@id":"https:\/\/abc-latina.com\/personnalites\/ernesto_guevara\/#primaryimage"},"thumbnailUrl":"https:\/\/abc-latina.com\/wp-content\/uploads\/2010\/11\/che_guevara.jpg","datePublished":"2010-11-15T00:50:19+00:00","dateModified":"2026-04-30T16:25:21+00:00","description":"Che Guevara, un destin hors du commun. Le Che.","breadcrumb":{"@id":"https:\/\/abc-latina.com\/personnalites\/ernesto_guevara\/#breadcrumb"},"inLanguage":"fr-FR","potentialAction":[{"@type":"ReadAction","target":["https:\/\/abc-latina.com\/personnalites\/ernesto_guevara\/"]}]},{"@type":"ImageObject","inLanguage":"fr-FR","@id":"https:\/\/abc-latina.com\/personnalites\/ernesto_guevara\/#primaryimage","url":"https:\/\/abc-latina.com\/wp-content\/uploads\/2010\/11\/che_guevara.jpg","contentUrl":"https:\/\/abc-latina.com\/wp-content\/uploads\/2010\/11\/che_guevara.jpg","width":200,"height":258,"caption":"ERNESTO CHE GUEVARA"},{"@type":"BreadcrumbList","@id":"https:\/\/abc-latina.com\/personnalites\/ernesto_guevara\/#breadcrumb","itemListElement":[{"@type":"ListItem","position":1,"name":"Accueil","item":"https:\/\/abc-latina.com\/"},{"@type":"ListItem","position":2,"name":"ERNESTO CHE GUEVARA"}]},{"@type":"WebSite","@id":"https:\/\/abc-latina.com\/#website","url":"https:\/\/abc-latina.com\/","name":"Abc-latina","description":"","publisher":{"@id":"https:\/\/abc-latina.com\/#organization"},"potentialAction":[{"@type":"SearchAction","target":{"@type":"EntryPoint","urlTemplate":"https:\/\/abc-latina.com\/?s={search_term_string}"},"query-input":{"@type":"PropertyValueSpecification","valueRequired":true,"valueName":"search_term_string"}}],"inLanguage":"fr-FR"},{"@type":"Organization","@id":"https:\/\/abc-latina.com\/#organization","name":"Abc-latina","url":"https:\/\/abc-latina.com\/","logo":{"@type":"ImageObject","inLanguage":"fr-FR","@id":"https:\/\/abc-latina.com\/#\/schema\/logo\/image\/","url":"https:\/\/abc-latina.com\/wp-content\/uploads\/2026\/05\/cropped-logo.gif","contentUrl":"https:\/\/abc-latina.com\/wp-content\/uploads\/2026\/05\/cropped-logo.gif","width":89,"height":84,"caption":"Abc-latina"},"image":{"@id":"https:\/\/abc-latina.com\/#\/schema\/logo\/image\/"}}]}},"_links":{"self":[{"href":"https:\/\/abc-latina.com\/wp-json\/wp\/v2\/pages\/2536","targetHints":{"allow":["GET"]}}],"collection":[{"href":"https:\/\/abc-latina.com\/wp-json\/wp\/v2\/pages"}],"about":[{"href":"https:\/\/abc-latina.com\/wp-json\/wp\/v2\/types\/page"}],"author":[{"embeddable":true,"href":"https:\/\/abc-latina.com\/wp-json\/wp\/v2\/users\/3"}],"replies":[{"embeddable":true,"href":"https:\/\/abc-latina.com\/wp-json\/wp\/v2\/comments?post=2536"}],"version-history":[{"count":1,"href":"https:\/\/abc-latina.com\/wp-json\/wp\/v2\/pages\/2536\/revisions"}],"predecessor-version":[{"id":3818,"href":"https:\/\/abc-latina.com\/wp-json\/wp\/v2\/pages\/2536\/revisions\/3818"}],"up":[{"embeddable":true,"href":"https:\/\/abc-latina.com\/wp-json\/wp\/v2\/pages\/2633"}],"wp:featuredmedia":[{"embeddable":true,"href":"https:\/\/abc-latina.com\/wp-json\/wp\/v2\/media\/2535"}],"wp:attachment":[{"href":"https:\/\/abc-latina.com\/wp-json\/wp\/v2\/media?parent=2536"}],"curies":[{"name":"wp","href":"https:\/\/api.w.org\/{rel}","templated":true}]}}