{"id":2542,"date":"2010-11-15T02:06:37","date_gmt":"2010-11-15T01:06:37","guid":{"rendered":"http:\/\/abc-latina.com\/fernando_botero-htm\/"},"modified":"2026-04-30T18:25:21","modified_gmt":"2026-04-30T16:25:21","slug":"fernando_botero","status":"publish","type":"page","link":"https:\/\/abc-latina.com\/personnalites\/fernando_botero\/","title":{"rendered":"FERNANDO BOTERO"},"content":{"rendered":"<div><span style=\"color: rgb(255, 102, 0); \"><strong><img loading=\"lazy\" decoding=\"async\" class=\" alignright size-full wp-image-2541\" src=\"http:\/\/abc-latina.com\/wp-content\/uploads\/2010\/11\/botero.jpg\" title=\"FERNANDO BOTERO\" alt=\"\" width=\"220\" vspace=\"9\" hspace=\"15\" height=\"220\" align=\"right\" srcset=\"https:\/\/abc-latina.com\/wp-content\/uploads\/2010\/11\/botero.jpg 220w, https:\/\/abc-latina.com\/wp-content\/uploads\/2010\/11\/botero-150x150.jpg 150w\" sizes=\"auto, (max-width: 220px) 100vw, 220px\" \/><\/strong><\/span><span style=\"color: rgb(255, 102, 0); \"><strong>Fernando Botero<\/strong><\/span> est n\u00e9 de 19 avril 1932 en <a target=\"_blank\" href=\"https:\/\/www.abc-latina.com\/colombie\/\">Colombie<\/a> \u00e0 <a target=\"_blank\" href=\"https:\/\/www.abc-latina.com\/colombie\/medellin\">Medellin<\/a>, ville qui fut la source de son inspiration pour plusieurs de ses cr\u00e9ations. D\u00e8s 1948, il pr\u00e9sente deux aquarelles exposition de Pintores Antioquenos \u00e0 Santafe de Bogot\u00e1. Install\u00e9 dans cette ville en 1951, il participe \u00e0 deux expositions cons\u00e9cutives \u00e0 la galerie L\u00e9o Matis, il obtient un prix au Salon des artistes colombiens, et entreprend alors un long voyage qui le m\u00e8ne, entre autres pays, en Espagne (1952), en France (1953,1969, 1971,1973), en Italie (1953,1967), au <a target=\"_blank\" href=\"https:\/\/www.abc-latina.com\/colombie\/\">Mexique<\/a> (1956), aux Etats-Unis 1957, 1960,1972), au <a target=\"_blank\" href=\"https:\/\/www.abc-latina.com\/bresil\/\">Br\u00e9sil<\/a> (1959), en Allemagne (1966,1967).<\/p>\n<div>&nbsp;<\/div>\n<div>En 1974, alors que le monde entier commence \u00e0 reconna\u00eetre en lui l&rsquo;un des grands ma\u00eetres de la peinture de la seconde moiti\u00e9 du si\u00e8cle, son fils Pedro, alors \u00e2g\u00e9 de quatre ans, perd la vie dans un accident de la route en Espagne dans lequel lui-m\u00eame subi des blessures. D\u00e8s cette date, sans qu&rsquo;il apporte de grand changement \u00e0 son style, les critiques remarques une plus grande profondeur dans ces oeuvres, empreintes du souvenir de son enfant.<\/div>\n<div>&nbsp;<\/div>\n<div>En 1977 il fait don de 16 toiles au Museo de Antioquia, qui lui consacre d\u00e9sormais en permanence une salle d&rsquo;exposition, La salle Pedrito Botero. De 1978 \u00e0 nos jours, des expositions de ses oeuvres sont organis\u00e9es dans les plus grandes galeries et les plus importants mus\u00e9es d&rsquo;art au monde, alors qu&rsquo;il partage son temps entre New York, Paris et la Toscane, o\u00f9 il conserve toujours un atelier \u00e0 Pietrasanta. En 1984, il fait encore don au Mus\u00e9e d&rsquo;Antioquia d&rsquo;une s\u00e9rie de sculptures, que le mus\u00e9e explose dans une seconde salle d&rsquo;exposition permanente.<\/div>\n<div>&nbsp;<\/div>\n<div>&nbsp;<\/div>\n<\/div>\n","protected":false},"excerpt":{"rendered":"<p>Fernando Botero est n\u00e9 de 19 avril 1932 en Colombie \u00e0 Medellin, ville qui fut la source de son inspiration [&hellip;]<\/p>\n","protected":false},"author":3,"featured_media":2541,"parent":2633,"menu_order":0,"comment_status":"closed","ping_status":"closed","template":"","meta":{"site-sidebar-layout":"default","site-content-layout":"","ast-site-content-layout":"default","site-content-style":"default","site-sidebar-style":"default","ast-global-header-display":"","ast-banner-title-visibility":"","ast-main-header-display":"","ast-hfb-above-header-display":"","ast-hfb-below-header-display":"","ast-hfb-mobile-header-display":"","site-post-title":"","ast-breadcrumbs-content":"","ast-featured-img":"","footer-sml-layout":"","ast-disable-related-posts":"","theme-transparent-header-meta":"","adv-header-id-meta":"","stick-header-meta":"","header-above-stick-meta":"","header-main-stick-meta":"","header-below-stick-meta":"","astra-migrate-meta-layouts":"default","ast-page-background-enabled":"default","ast-page-background-meta":{"desktop":{"background-color":"var(--ast-global-color-5)","background-image":"","background-repeat":"repeat","background-position":"center center","background-size":"auto","background-attachment":"scroll","background-type":"","background-media":"","overlay-type":"","overlay-color":"","overlay-opacity":"","overlay-gradient":""},"tablet":{"background-color":"","background-image":"","background-repeat":"repeat","background-position":"center center","background-size":"auto","background-attachment":"scroll","background-type":"","background-media":"","overlay-type":"","overlay-color":"","overlay-opacity":"","overlay-gradient":""},"mobile":{"background-color":"","background-image":"","background-repeat":"repeat","background-position":"center center","background-size":"auto","background-attachment":"scroll","background-type":"","background-media":"","overlay-type":"","overlay-color":"","overlay-opacity":"","overlay-gradient":""}},"ast-content-background-meta":{"desktop":{"background-color":"var(--ast-global-color-4)","background-image":"","background-repeat":"repeat","background-position":"center center","background-size":"auto","background-attachment":"scroll","background-type":"","background-media":"","overlay-type":"","overlay-color":"","overlay-opacity":"","overlay-gradient":""},"tablet":{"background-color":"var(--ast-global-color-4)","background-image":"","background-repeat":"repeat","background-position":"center center","background-size":"auto","background-attachment":"scroll","background-type":"","background-media":"","overlay-type":"","overlay-color":"","overlay-opacity":"","overlay-gradient":""},"mobile":{"background-color":"var(--ast-global-color-4)","background-image":"","background-repeat":"repeat","background-position":"center center","background-size":"auto","background-attachment":"scroll","background-type":"","background-media":"","overlay-type":"","overlay-color":"","overlay-opacity":"","overlay-gradient":""}},"footnotes":""},"class_list":["post-2542","page","type-page","status-publish","has-post-thumbnail","hentry"],"yoast_head":"<!-- This site is optimized with the Yoast SEO plugin v27.5 - https:\/\/yoast.com\/product\/yoast-seo-wordpress\/ -->\n<title>FERNANDO BOTERO - Abc-latina<\/title>\n<meta name=\"description\" content=\"Le sculpteur colombien, Fernando Botero.\" \/>\n<meta name=\"robots\" content=\"index, follow, max-snippet:-1, max-image-preview:large, max-video-preview:-1\" \/>\n<link rel=\"canonical\" href=\"https:\/\/abc-latina.com\/personnalites\/fernando_botero\/\" \/>\n<meta property=\"og:locale\" content=\"fr_FR\" \/>\n<meta property=\"og:type\" content=\"article\" \/>\n<meta property=\"og:title\" content=\"FERNANDO BOTERO - Abc-latina\" \/>\n<meta property=\"og:description\" content=\"Le sculpteur colombien, Fernando Botero.\" \/>\n<meta property=\"og:url\" content=\"https:\/\/abc-latina.com\/personnalites\/fernando_botero\/\" \/>\n<meta property=\"og:site_name\" content=\"Abc-latina\" \/>\n<meta property=\"article:modified_time\" content=\"2026-04-30T16:25:21+00:00\" \/>\n<meta property=\"og:image\" content=\"https:\/\/abc-latina.com\/wp-content\/uploads\/2010\/11\/botero.jpg\" \/>\n\t<meta property=\"og:image:width\" content=\"220\" \/>\n\t<meta property=\"og:image:height\" content=\"220\" \/>\n\t<meta property=\"og:image:type\" content=\"image\/jpeg\" \/>\n<meta name=\"twitter:card\" content=\"summary_large_image\" \/>\n<meta name=\"twitter:label1\" content=\"Dur\u00e9e de lecture estim\u00e9e\" \/>\n\t<meta name=\"twitter:data1\" content=\"1 minute\" \/>\n<script type=\"application\/ld+json\" class=\"yoast-schema-graph\">{\"@context\":\"https:\\\/\\\/schema.org\",\"@graph\":[{\"@type\":\"WebPage\",\"@id\":\"https:\\\/\\\/abc-latina.com\\\/personnalites\\\/fernando_botero\\\/\",\"url\":\"https:\\\/\\\/abc-latina.com\\\/personnalites\\\/fernando_botero\\\/\",\"name\":\"FERNANDO BOTERO - Abc-latina\",\"isPartOf\":{\"@id\":\"https:\\\/\\\/abc-latina.com\\\/#website\"},\"primaryImageOfPage\":{\"@id\":\"https:\\\/\\\/abc-latina.com\\\/personnalites\\\/fernando_botero\\\/#primaryimage\"},\"image\":{\"@id\":\"https:\\\/\\\/abc-latina.com\\\/personnalites\\\/fernando_botero\\\/#primaryimage\"},\"thumbnailUrl\":\"https:\\\/\\\/abc-latina.com\\\/wp-content\\\/uploads\\\/2010\\\/11\\\/botero.jpg\",\"datePublished\":\"2010-11-15T01:06:37+00:00\",\"dateModified\":\"2026-04-30T16:25:21+00:00\",\"description\":\"Le sculpteur colombien, Fernando Botero.\",\"breadcrumb\":{\"@id\":\"https:\\\/\\\/abc-latina.com\\\/personnalites\\\/fernando_botero\\\/#breadcrumb\"},\"inLanguage\":\"fr-FR\",\"potentialAction\":[{\"@type\":\"ReadAction\",\"target\":[\"https:\\\/\\\/abc-latina.com\\\/personnalites\\\/fernando_botero\\\/\"]}]},{\"@type\":\"ImageObject\",\"inLanguage\":\"fr-FR\",\"@id\":\"https:\\\/\\\/abc-latina.com\\\/personnalites\\\/fernando_botero\\\/#primaryimage\",\"url\":\"https:\\\/\\\/abc-latina.com\\\/wp-content\\\/uploads\\\/2010\\\/11\\\/botero.jpg\",\"contentUrl\":\"https:\\\/\\\/abc-latina.com\\\/wp-content\\\/uploads\\\/2010\\\/11\\\/botero.jpg\",\"width\":220,\"height\":220,\"caption\":\"FERNANDO BOTERO\"},{\"@type\":\"BreadcrumbList\",\"@id\":\"https:\\\/\\\/abc-latina.com\\\/personnalites\\\/fernando_botero\\\/#breadcrumb\",\"itemListElement\":[{\"@type\":\"ListItem\",\"position\":1,\"name\":\"Accueil\",\"item\":\"https:\\\/\\\/abc-latina.com\\\/\"},{\"@type\":\"ListItem\",\"position\":2,\"name\":\"FERNANDO BOTERO\"}]},{\"@type\":\"WebSite\",\"@id\":\"https:\\\/\\\/abc-latina.com\\\/#website\",\"url\":\"https:\\\/\\\/abc-latina.com\\\/\",\"name\":\"Abc-latina\",\"description\":\"\",\"publisher\":{\"@id\":\"https:\\\/\\\/abc-latina.com\\\/#organization\"},\"potentialAction\":[{\"@type\":\"SearchAction\",\"target\":{\"@type\":\"EntryPoint\",\"urlTemplate\":\"https:\\\/\\\/abc-latina.com\\\/?s={search_term_string}\"},\"query-input\":{\"@type\":\"PropertyValueSpecification\",\"valueRequired\":true,\"valueName\":\"search_term_string\"}}],\"inLanguage\":\"fr-FR\"},{\"@type\":\"Organization\",\"@id\":\"https:\\\/\\\/abc-latina.com\\\/#organization\",\"name\":\"Abc-latina\",\"url\":\"https:\\\/\\\/abc-latina.com\\\/\",\"logo\":{\"@type\":\"ImageObject\",\"inLanguage\":\"fr-FR\",\"@id\":\"https:\\\/\\\/abc-latina.com\\\/#\\\/schema\\\/logo\\\/image\\\/\",\"url\":\"https:\\\/\\\/abc-latina.com\\\/wp-content\\\/uploads\\\/2026\\\/05\\\/cropped-logo.gif\",\"contentUrl\":\"https:\\\/\\\/abc-latina.com\\\/wp-content\\\/uploads\\\/2026\\\/05\\\/cropped-logo.gif\",\"width\":89,\"height\":84,\"caption\":\"Abc-latina\"},\"image\":{\"@id\":\"https:\\\/\\\/abc-latina.com\\\/#\\\/schema\\\/logo\\\/image\\\/\"}}]}<\/script>\n<!-- \/ Yoast SEO plugin. -->","yoast_head_json":{"title":"FERNANDO BOTERO - Abc-latina","description":"Le sculpteur colombien, Fernando Botero.","robots":{"index":"index","follow":"follow","max-snippet":"max-snippet:-1","max-image-preview":"max-image-preview:large","max-video-preview":"max-video-preview:-1"},"canonical":"https:\/\/abc-latina.com\/personnalites\/fernando_botero\/","og_locale":"fr_FR","og_type":"article","og_title":"FERNANDO BOTERO - Abc-latina","og_description":"Le sculpteur colombien, Fernando Botero.","og_url":"https:\/\/abc-latina.com\/personnalites\/fernando_botero\/","og_site_name":"Abc-latina","article_modified_time":"2026-04-30T16:25:21+00:00","og_image":[{"width":220,"height":220,"url":"https:\/\/abc-latina.com\/wp-content\/uploads\/2010\/11\/botero.jpg","type":"image\/jpeg"}],"twitter_card":"summary_large_image","twitter_misc":{"Dur\u00e9e de lecture estim\u00e9e":"1 minute"},"schema":{"@context":"https:\/\/schema.org","@graph":[{"@type":"WebPage","@id":"https:\/\/abc-latina.com\/personnalites\/fernando_botero\/","url":"https:\/\/abc-latina.com\/personnalites\/fernando_botero\/","name":"FERNANDO BOTERO - Abc-latina","isPartOf":{"@id":"https:\/\/abc-latina.com\/#website"},"primaryImageOfPage":{"@id":"https:\/\/abc-latina.com\/personnalites\/fernando_botero\/#primaryimage"},"image":{"@id":"https:\/\/abc-latina.com\/personnalites\/fernando_botero\/#primaryimage"},"thumbnailUrl":"https:\/\/abc-latina.com\/wp-content\/uploads\/2010\/11\/botero.jpg","datePublished":"2010-11-15T01:06:37+00:00","dateModified":"2026-04-30T16:25:21+00:00","description":"Le sculpteur colombien, Fernando Botero.","breadcrumb":{"@id":"https:\/\/abc-latina.com\/personnalites\/fernando_botero\/#breadcrumb"},"inLanguage":"fr-FR","potentialAction":[{"@type":"ReadAction","target":["https:\/\/abc-latina.com\/personnalites\/fernando_botero\/"]}]},{"@type":"ImageObject","inLanguage":"fr-FR","@id":"https:\/\/abc-latina.com\/personnalites\/fernando_botero\/#primaryimage","url":"https:\/\/abc-latina.com\/wp-content\/uploads\/2010\/11\/botero.jpg","contentUrl":"https:\/\/abc-latina.com\/wp-content\/uploads\/2010\/11\/botero.jpg","width":220,"height":220,"caption":"FERNANDO BOTERO"},{"@type":"BreadcrumbList","@id":"https:\/\/abc-latina.com\/personnalites\/fernando_botero\/#breadcrumb","itemListElement":[{"@type":"ListItem","position":1,"name":"Accueil","item":"https:\/\/abc-latina.com\/"},{"@type":"ListItem","position":2,"name":"FERNANDO BOTERO"}]},{"@type":"WebSite","@id":"https:\/\/abc-latina.com\/#website","url":"https:\/\/abc-latina.com\/","name":"Abc-latina","description":"","publisher":{"@id":"https:\/\/abc-latina.com\/#organization"},"potentialAction":[{"@type":"SearchAction","target":{"@type":"EntryPoint","urlTemplate":"https:\/\/abc-latina.com\/?s={search_term_string}"},"query-input":{"@type":"PropertyValueSpecification","valueRequired":true,"valueName":"search_term_string"}}],"inLanguage":"fr-FR"},{"@type":"Organization","@id":"https:\/\/abc-latina.com\/#organization","name":"Abc-latina","url":"https:\/\/abc-latina.com\/","logo":{"@type":"ImageObject","inLanguage":"fr-FR","@id":"https:\/\/abc-latina.com\/#\/schema\/logo\/image\/","url":"https:\/\/abc-latina.com\/wp-content\/uploads\/2026\/05\/cropped-logo.gif","contentUrl":"https:\/\/abc-latina.com\/wp-content\/uploads\/2026\/05\/cropped-logo.gif","width":89,"height":84,"caption":"Abc-latina"},"image":{"@id":"https:\/\/abc-latina.com\/#\/schema\/logo\/image\/"}}]}},"_links":{"self":[{"href":"https:\/\/abc-latina.com\/wp-json\/wp\/v2\/pages\/2542","targetHints":{"allow":["GET"]}}],"collection":[{"href":"https:\/\/abc-latina.com\/wp-json\/wp\/v2\/pages"}],"about":[{"href":"https:\/\/abc-latina.com\/wp-json\/wp\/v2\/types\/page"}],"author":[{"embeddable":true,"href":"https:\/\/abc-latina.com\/wp-json\/wp\/v2\/users\/3"}],"replies":[{"embeddable":true,"href":"https:\/\/abc-latina.com\/wp-json\/wp\/v2\/comments?post=2542"}],"version-history":[{"count":1,"href":"https:\/\/abc-latina.com\/wp-json\/wp\/v2\/pages\/2542\/revisions"}],"predecessor-version":[{"id":3822,"href":"https:\/\/abc-latina.com\/wp-json\/wp\/v2\/pages\/2542\/revisions\/3822"}],"up":[{"embeddable":true,"href":"https:\/\/abc-latina.com\/wp-json\/wp\/v2\/pages\/2633"}],"wp:featuredmedia":[{"embeddable":true,"href":"https:\/\/abc-latina.com\/wp-json\/wp\/v2\/media\/2541"}],"wp:attachment":[{"href":"https:\/\/abc-latina.com\/wp-json\/wp\/v2\/media?parent=2542"}],"curies":[{"name":"wp","href":"https:\/\/api.w.org\/{rel}","templated":true}]}}