{"id":2564,"date":"2010-11-27T04:43:10","date_gmt":"2010-11-27T03:43:10","guid":{"rendered":"http:\/\/abc-latina.com\/musique\/"},"modified":"2018-07-01T01:06:50","modified_gmt":"2018-06-30T23:06:50","slug":"musique","status":"publish","type":"page","link":"https:\/\/abc-latina.com\/musique\/","title":{"rendered":"La MUSIQUE LATINO-AMERICAINE"},"content":{"rendered":"<div><span class=\"tourisme-chapitre\">SALSA<\/span><br \/>La salsa (&laquo;sauce&raquo;, en espagnol) d\u00e9signe une musique populaire latino-am\u00e9ricaine m\u00e9lange de jazz afro-cubain et de musique portoricaine parfois piment\u00e9 d&#8217;emprunts au rock.&nbsp;[<a href=\"https:\/\/www.abc-latina.com\/musique\/salsa\">savoir plus<\/a>]<\/div>\n<div>&nbsp;<\/div>\n<div><span class=\"tourisme-chapitre\">TANGO<\/span>&nbsp;<\/div>\n<div>C&rsquo;est l&rsquo;\u00e2me de l&rsquo;Argentine ..une pens\u00e9e triste qui se danse.&nbsp;[<a href=\"https:\/\/www.abc-latina.com\/musique\/tango\">savoir plus<\/a>]<\/div>\n<div>&nbsp;<\/div>\n<div><span class=\"tourisme-chapitre\"><span class=\"tourisme-chapitre\">CHACHA<\/span><span style=\"font-size: 1em;\">&nbsp;<\/span><\/span><\/div>\n<div>Le Cha cha cha est le seul rythme qui fut impos\u00e9 aux musiciens par les danseurs. Il est directement d\u00e9riv\u00e9 du mambo.&nbsp;[<a href=\"https:\/\/www.abc-latina.com\/musique\/cha_cha\">savoir plus<\/a>]<\/div>\n<div>&nbsp;<\/div>\n<div><span class=\"tourisme-chapitre\">MERENGUE<\/span>&nbsp;<\/div>\n<div>Danse nationale de la r\u00e9publique dominicaine, le merengue est l&rsquo;une des musiques les plus rapides et une danse simple. C&rsquo;est l&rsquo;une des plus pratiqu\u00e9e dans les soir\u00e9es latines.&nbsp;[<a href=\"https:\/\/www.abc-latina.com\/musique\/merengue\">savoir plus<\/a>]<\/div>\n<div>&nbsp;<\/div>\n<div><span class=\"tourisme-chapitre\">BOSSA NOVA<\/span>&nbsp;<\/div>\n<div>La bossa nova est un style musical invent\u00e9 par Jo\u00e3o Gilberto \u00e0 la fin des ann\u00e9es 1950 \u00e0 Rio de Janeiro&nbsp;[<a href=\"https:\/\/www.abc-latina.com\/musique\/bossa-nova.php\">savoir plus<\/a>]<\/div>\n<div>&nbsp;<\/div>\n<div><span class=\"tourisme-chapitre\">SAMBA<\/span>&nbsp;<\/div>\n<div>La samba est un genre musical et une danse tr\u00e8s populaire au Br\u00e9sil.&nbsp;[<a href=\"https:\/\/www.abc-latina.com\/musique\/samba.php\">savoir plus<\/a>]<\/div>\n<div>&nbsp;<\/div>\n<div><span class=\"tourisme-chapitre\">CUMBIA<\/span>&nbsp;<\/div>\n<div>Genre musical et une danse n\u00e9 au 17esi\u00e8cle en Colombie, particuli\u00e8rement pr\u00e9sente en Argentine ou au P\u00e9rou.&nbsp;[<a href=\"https:\/\/www.abc-latina.com\/musique\/cumbia.php\">savoir plus<\/a>]<\/div>\n<div>&nbsp;<\/div>\n<div>\n<div><img loading=\"lazy\" decoding=\"async\" class=\" alignright size-full wp-image-91\" title=\"La MUSIQUE en AMERIQUE LATINE\" src=\"http:\/\/abc-latina.com\/wp-content\/uploads\/2010\/06\/musique.jpg\" alt=\"\" width=\"220\" vspace=\"9\" hspace=\"15\" height=\"220\" align=\"right\" srcset=\"https:\/\/abc-latina.com\/wp-content\/uploads\/2010\/06\/musique.jpg 220w, https:\/\/abc-latina.com\/wp-content\/uploads\/2010\/06\/musique-150x150.jpg 150w\" sizes=\"auto, (max-width: 220px) 100vw, 220px\" \/><\/div>\n<p><span class=\"tourisme-chapitre\">REGGAETON<\/span>&nbsp;<\/div>\n<div>&#8230;&nbsp;[<a href=\"https:\/\/www.abc-latina.com\/musique\/reggaeton.php\">savoir plus<\/a>]<\/div>\n<div>&nbsp;<\/div>\n<div><span class=\"tourisme-chapitre\">MALAMBO<\/span>&nbsp;<\/div>\n<div>&#8230;&nbsp;[<a href=\"https:\/\/www.abc-latina.com\/musique\/malambo.php\">savoir plus<\/a>]<\/div>\n<p>&nbsp;<\/p>\n<p>&nbsp;<\/p>\n<p>&nbsp;<\/p>\n<p>&nbsp;<\/p>\n<p>&nbsp;<\/p>\n<p><strong>Festivals de musiques latino-am\u00e9ricaines:<\/strong><br \/><a href=\"http:\/\/www.tempo-latino.com\/\" target=\"_blank\">www.tempo-latino.com\/<\/a>&nbsp;<br \/><a href=\"http:\/\/www.festivalbossanova.com\/\" target=\"_blank\">www.festivalbossanova.com\/<\/a>&nbsp;<br \/><a href=\"http:\/\/www.facebook.com\/latinossegor\" target=\"_blank\">www.latinossegor\/<\/a><\/p>\n<p><a href=\"http:\/\/www.bocamexa.com\/fr\/musique\/bocasound\" target=\"_blank\">MUSICSOUND la musique latine<\/a><\/p>\n","protected":false},"excerpt":{"rendered":"<p>SALSALa salsa (&laquo;sauce&raquo;, en espagnol) d\u00e9signe une musique populaire latino-am\u00e9ricaine m\u00e9lange de jazz afro-cubain et de musique portoricaine parfois piment\u00e9 [&hellip;]<\/p>\n","protected":false},"author":4,"featured_media":91,"parent":0,"menu_order":0,"comment_status":"closed","ping_status":"closed","template":"","meta":{"site-sidebar-layout":"default","site-content-layout":"","ast-site-content-layout":"default","site-content-style":"default","site-sidebar-style":"default","ast-global-header-display":"","ast-banner-title-visibility":"","ast-main-header-display":"","ast-hfb-above-header-display":"","ast-hfb-below-header-display":"","ast-hfb-mobile-header-display":"","site-post-title":"","ast-breadcrumbs-content":"","ast-featured-img":"","footer-sml-layout":"","ast-disable-related-posts":"","theme-transparent-header-meta":"","adv-header-id-meta":"","stick-header-meta":"","header-above-stick-meta":"","header-main-stick-meta":"","header-below-stick-meta":"","astra-migrate-meta-layouts":"default","ast-page-background-enabled":"default","ast-page-background-meta":{"desktop":{"background-color":"var(--ast-global-color-5)","background-image":"","background-repeat":"repeat","background-position":"center center","background-size":"auto","background-attachment":"scroll","background-type":"","background-media":"","overlay-type":"","overlay-color":"","overlay-opacity":"","overlay-gradient":""},"tablet":{"background-color":"","background-image":"","background-repeat":"repeat","background-position":"center center","background-size":"auto","background-attachment":"scroll","background-type":"","background-media":"","overlay-type":"","overlay-color":"","overlay-opacity":"","overlay-gradient":""},"mobile":{"background-color":"","background-image":"","background-repeat":"repeat","background-position":"center center","background-size":"auto","background-attachment":"scroll","background-type":"","background-media":"","overlay-type":"","overlay-color":"","overlay-opacity":"","overlay-gradient":""}},"ast-content-background-meta":{"desktop":{"background-color":"var(--ast-global-color-4)","background-image":"","background-repeat":"repeat","background-position":"center center","background-size":"auto","background-attachment":"scroll","background-type":"","background-media":"","overlay-type":"","overlay-color":"","overlay-opacity":"","overlay-gradient":""},"tablet":{"background-color":"var(--ast-global-color-4)","background-image":"","background-repeat":"repeat","background-position":"center center","background-size":"auto","background-attachment":"scroll","background-type":"","background-media":"","overlay-type":"","overlay-color":"","overlay-opacity":"","overlay-gradient":""},"mobile":{"background-color":"var(--ast-global-color-4)","background-image":"","background-repeat":"repeat","background-position":"center center","background-size":"auto","background-attachment":"scroll","background-type":"","background-media":"","overlay-type":"","overlay-color":"","overlay-opacity":"","overlay-gradient":""}},"footnotes":""},"class_list":["post-2564","page","type-page","status-publish","has-post-thumbnail","hentry"],"yoast_head":"<!-- This site is optimized with the Yoast SEO plugin v27.5 - https:\/\/yoast.com\/product\/yoast-seo-wordpress\/ -->\n<title>La MUSIQUE LATINO-AMERICAINE - Abc-latina<\/title>\n<meta name=\"description\" content=\"La musique et les artistes d&#039;Am\u00e9rique latine, d\u00e9couvrez la musique latino-am\u00e9ricaine.\" \/>\n<meta name=\"robots\" content=\"index, follow, max-snippet:-1, max-image-preview:large, max-video-preview:-1\" \/>\n<link rel=\"canonical\" href=\"https:\/\/abc-latina.com\/musique\/\" \/>\n<meta property=\"og:locale\" content=\"fr_FR\" \/>\n<meta property=\"og:type\" content=\"article\" \/>\n<meta property=\"og:title\" content=\"La MUSIQUE LATINO-AMERICAINE - Abc-latina\" \/>\n<meta property=\"og:description\" content=\"La musique et les artistes d&#039;Am\u00e9rique latine, d\u00e9couvrez la musique latino-am\u00e9ricaine.\" \/>\n<meta property=\"og:url\" content=\"https:\/\/abc-latina.com\/musique\/\" \/>\n<meta property=\"og:site_name\" content=\"Abc-latina\" \/>\n<meta property=\"article:modified_time\" content=\"2018-06-30T23:06:50+00:00\" \/>\n<meta property=\"og:image\" content=\"https:\/\/abc-latina.com\/wp-content\/uploads\/2010\/06\/musique.jpg\" \/>\n\t<meta property=\"og:image:width\" content=\"220\" \/>\n\t<meta property=\"og:image:height\" content=\"220\" \/>\n\t<meta property=\"og:image:type\" content=\"image\/jpeg\" \/>\n<meta name=\"twitter:card\" content=\"summary_large_image\" \/>\n<meta name=\"twitter:label1\" content=\"Dur\u00e9e de lecture estim\u00e9e\" \/>\n\t<meta name=\"twitter:data1\" content=\"1 minute\" \/>\n<script type=\"application\/ld+json\" class=\"yoast-schema-graph\">{\"@context\":\"https:\\\/\\\/schema.org\",\"@graph\":[{\"@type\":\"WebPage\",\"@id\":\"https:\\\/\\\/abc-latina.com\\\/musique\\\/\",\"url\":\"https:\\\/\\\/abc-latina.com\\\/musique\\\/\",\"name\":\"La MUSIQUE LATINO-AMERICAINE - Abc-latina\",\"isPartOf\":{\"@id\":\"https:\\\/\\\/abc-latina.com\\\/#website\"},\"primaryImageOfPage\":{\"@id\":\"https:\\\/\\\/abc-latina.com\\\/musique\\\/#primaryimage\"},\"image\":{\"@id\":\"https:\\\/\\\/abc-latina.com\\\/musique\\\/#primaryimage\"},\"thumbnailUrl\":\"https:\\\/\\\/abc-latina.com\\\/wp-content\\\/uploads\\\/2010\\\/06\\\/musique.jpg\",\"datePublished\":\"2010-11-27T03:43:10+00:00\",\"dateModified\":\"2018-06-30T23:06:50+00:00\",\"description\":\"La musique et les artistes d'Am\u00e9rique latine, d\u00e9couvrez la musique latino-am\u00e9ricaine.\",\"breadcrumb\":{\"@id\":\"https:\\\/\\\/abc-latina.com\\\/musique\\\/#breadcrumb\"},\"inLanguage\":\"fr-FR\",\"potentialAction\":[{\"@type\":\"ReadAction\",\"target\":[\"https:\\\/\\\/abc-latina.com\\\/musique\\\/\"]}]},{\"@type\":\"ImageObject\",\"inLanguage\":\"fr-FR\",\"@id\":\"https:\\\/\\\/abc-latina.com\\\/musique\\\/#primaryimage\",\"url\":\"https:\\\/\\\/abc-latina.com\\\/wp-content\\\/uploads\\\/2010\\\/06\\\/musique.jpg\",\"contentUrl\":\"https:\\\/\\\/abc-latina.com\\\/wp-content\\\/uploads\\\/2010\\\/06\\\/musique.jpg\",\"width\":220,\"height\":220},{\"@type\":\"BreadcrumbList\",\"@id\":\"https:\\\/\\\/abc-latina.com\\\/musique\\\/#breadcrumb\",\"itemListElement\":[{\"@type\":\"ListItem\",\"position\":1,\"name\":\"Accueil\",\"item\":\"https:\\\/\\\/abc-latina.com\\\/\"},{\"@type\":\"ListItem\",\"position\":2,\"name\":\"La MUSIQUE LATINO-AMERICAINE\"}]},{\"@type\":\"WebSite\",\"@id\":\"https:\\\/\\\/abc-latina.com\\\/#website\",\"url\":\"https:\\\/\\\/abc-latina.com\\\/\",\"name\":\"Abc-latina\",\"description\":\"\",\"publisher\":{\"@id\":\"https:\\\/\\\/abc-latina.com\\\/#organization\"},\"potentialAction\":[{\"@type\":\"SearchAction\",\"target\":{\"@type\":\"EntryPoint\",\"urlTemplate\":\"https:\\\/\\\/abc-latina.com\\\/?s={search_term_string}\"},\"query-input\":{\"@type\":\"PropertyValueSpecification\",\"valueRequired\":true,\"valueName\":\"search_term_string\"}}],\"inLanguage\":\"fr-FR\"},{\"@type\":\"Organization\",\"@id\":\"https:\\\/\\\/abc-latina.com\\\/#organization\",\"name\":\"Abc-latina\",\"url\":\"https:\\\/\\\/abc-latina.com\\\/\",\"logo\":{\"@type\":\"ImageObject\",\"inLanguage\":\"fr-FR\",\"@id\":\"https:\\\/\\\/abc-latina.com\\\/#\\\/schema\\\/logo\\\/image\\\/\",\"url\":\"https:\\\/\\\/abc-latina.com\\\/wp-content\\\/uploads\\\/2026\\\/05\\\/cropped-logo.gif\",\"contentUrl\":\"https:\\\/\\\/abc-latina.com\\\/wp-content\\\/uploads\\\/2026\\\/05\\\/cropped-logo.gif\",\"width\":89,\"height\":84,\"caption\":\"Abc-latina\"},\"image\":{\"@id\":\"https:\\\/\\\/abc-latina.com\\\/#\\\/schema\\\/logo\\\/image\\\/\"}}]}<\/script>\n<!-- \/ Yoast SEO plugin. -->","yoast_head_json":{"title":"La MUSIQUE LATINO-AMERICAINE - Abc-latina","description":"La musique et les artistes d'Am\u00e9rique latine, d\u00e9couvrez la musique latino-am\u00e9ricaine.","robots":{"index":"index","follow":"follow","max-snippet":"max-snippet:-1","max-image-preview":"max-image-preview:large","max-video-preview":"max-video-preview:-1"},"canonical":"https:\/\/abc-latina.com\/musique\/","og_locale":"fr_FR","og_type":"article","og_title":"La MUSIQUE LATINO-AMERICAINE - Abc-latina","og_description":"La musique et les artistes d'Am\u00e9rique latine, d\u00e9couvrez la musique latino-am\u00e9ricaine.","og_url":"https:\/\/abc-latina.com\/musique\/","og_site_name":"Abc-latina","article_modified_time":"2018-06-30T23:06:50+00:00","og_image":[{"width":220,"height":220,"url":"https:\/\/abc-latina.com\/wp-content\/uploads\/2010\/06\/musique.jpg","type":"image\/jpeg"}],"twitter_card":"summary_large_image","twitter_misc":{"Dur\u00e9e de lecture estim\u00e9e":"1 minute"},"schema":{"@context":"https:\/\/schema.org","@graph":[{"@type":"WebPage","@id":"https:\/\/abc-latina.com\/musique\/","url":"https:\/\/abc-latina.com\/musique\/","name":"La MUSIQUE LATINO-AMERICAINE - Abc-latina","isPartOf":{"@id":"https:\/\/abc-latina.com\/#website"},"primaryImageOfPage":{"@id":"https:\/\/abc-latina.com\/musique\/#primaryimage"},"image":{"@id":"https:\/\/abc-latina.com\/musique\/#primaryimage"},"thumbnailUrl":"https:\/\/abc-latina.com\/wp-content\/uploads\/2010\/06\/musique.jpg","datePublished":"2010-11-27T03:43:10+00:00","dateModified":"2018-06-30T23:06:50+00:00","description":"La musique et les artistes d'Am\u00e9rique latine, d\u00e9couvrez la musique latino-am\u00e9ricaine.","breadcrumb":{"@id":"https:\/\/abc-latina.com\/musique\/#breadcrumb"},"inLanguage":"fr-FR","potentialAction":[{"@type":"ReadAction","target":["https:\/\/abc-latina.com\/musique\/"]}]},{"@type":"ImageObject","inLanguage":"fr-FR","@id":"https:\/\/abc-latina.com\/musique\/#primaryimage","url":"https:\/\/abc-latina.com\/wp-content\/uploads\/2010\/06\/musique.jpg","contentUrl":"https:\/\/abc-latina.com\/wp-content\/uploads\/2010\/06\/musique.jpg","width":220,"height":220},{"@type":"BreadcrumbList","@id":"https:\/\/abc-latina.com\/musique\/#breadcrumb","itemListElement":[{"@type":"ListItem","position":1,"name":"Accueil","item":"https:\/\/abc-latina.com\/"},{"@type":"ListItem","position":2,"name":"La MUSIQUE LATINO-AMERICAINE"}]},{"@type":"WebSite","@id":"https:\/\/abc-latina.com\/#website","url":"https:\/\/abc-latina.com\/","name":"Abc-latina","description":"","publisher":{"@id":"https:\/\/abc-latina.com\/#organization"},"potentialAction":[{"@type":"SearchAction","target":{"@type":"EntryPoint","urlTemplate":"https:\/\/abc-latina.com\/?s={search_term_string}"},"query-input":{"@type":"PropertyValueSpecification","valueRequired":true,"valueName":"search_term_string"}}],"inLanguage":"fr-FR"},{"@type":"Organization","@id":"https:\/\/abc-latina.com\/#organization","name":"Abc-latina","url":"https:\/\/abc-latina.com\/","logo":{"@type":"ImageObject","inLanguage":"fr-FR","@id":"https:\/\/abc-latina.com\/#\/schema\/logo\/image\/","url":"https:\/\/abc-latina.com\/wp-content\/uploads\/2026\/05\/cropped-logo.gif","contentUrl":"https:\/\/abc-latina.com\/wp-content\/uploads\/2026\/05\/cropped-logo.gif","width":89,"height":84,"caption":"Abc-latina"},"image":{"@id":"https:\/\/abc-latina.com\/#\/schema\/logo\/image\/"}}]}},"_links":{"self":[{"href":"https:\/\/abc-latina.com\/wp-json\/wp\/v2\/pages\/2564","targetHints":{"allow":["GET"]}}],"collection":[{"href":"https:\/\/abc-latina.com\/wp-json\/wp\/v2\/pages"}],"about":[{"href":"https:\/\/abc-latina.com\/wp-json\/wp\/v2\/types\/page"}],"author":[{"embeddable":true,"href":"https:\/\/abc-latina.com\/wp-json\/wp\/v2\/users\/4"}],"replies":[{"embeddable":true,"href":"https:\/\/abc-latina.com\/wp-json\/wp\/v2\/comments?post=2564"}],"version-history":[{"count":0,"href":"https:\/\/abc-latina.com\/wp-json\/wp\/v2\/pages\/2564\/revisions"}],"wp:featuredmedia":[{"embeddable":true,"href":"https:\/\/abc-latina.com\/wp-json\/wp\/v2\/media\/91"}],"wp:attachment":[{"href":"https:\/\/abc-latina.com\/wp-json\/wp\/v2\/media?parent=2564"}],"curies":[{"name":"wp","href":"https:\/\/api.w.org\/{rel}","templated":true}]}}