{"id":2568,"date":"2010-11-27T17:46:16","date_gmt":"2010-11-27T16:46:16","guid":{"rendered":"http:\/\/abc-latina.com\/cajon-php\/"},"modified":"2026-04-30T18:25:09","modified_gmt":"2026-04-30T16:25:09","slug":"cajon","status":"publish","type":"page","link":"https:\/\/abc-latina.com\/index\/cajon\/","title":{"rendered":"Le CAJON"},"content":{"rendered":"<div><a href=\"http:\/\/www.abc-latina.com\/musique\/photos-instruments-musique\/photos-cajon\"><img loading=\"lazy\" decoding=\"async\" class=\" alignright size-full wp-image-2567\" style=\"margin: 5px 22px; float: right;\" src=\"http:\/\/abc-latina.com\/wp-content\/uploads\/2010\/11\/cajon-3p.jpg\" alt=\"\" width=\"166\" height=\"200\" \/><\/a>Ce sont les esclaves noirs durant la conqu\u00eate des Espagnols, qui du fond de leur cale se manifestaient en produisant des rythmes qu&rsquo;ils faisaient r\u00e9sonner sur les caisses de marchandises qui les accompagnaient.<\/div>\n<div>\n<div>Jusque dans les ann\u00e9es 50 le cajon s&rsquo;est vu transform\u00e9, perfectionn\u00e9 jusqu&rsquo;\u00e0 trouver la forme qu&rsquo;on lui conna\u00eet actuellement&#8230;<\/div>\n<div>Le caj\u00f3n est une caisse de r\u00e9sonance parall\u00e9l\u00e9pip\u00e8de, de 50cm x 30cm x 30cm (hauteur\/largeur\/profondeur) en moyenne. La plaque de frappe (devant) est plus fine que les autres c\u00f4t\u00e9s, ce qui permet une \u00e9lasticit\u00e9 et une r\u00e9sonance propre au caj\u00f3n. Au dos, un trou d&rsquo;environ 10cm de diam\u00e8tre permet la sortie du son (m\u00eame effet qu&rsquo;un event de d\u00e9compression d&rsquo;une enceinte de sono). Un timbre situ\u00e9 sous la plaque sup\u00e9rieure vibre lors de la frappe de l&rsquo;instrument. Il permet de diff\u00e9rencier les cajones, tout en donnant au son cette ressemblance \u00e0 la caisse claire de la batterie.&nbsp;<\/div>\n<div>On joue du caj\u00f3n en \u00e9tant assis dessus, mais certaines personnes l&rsquo;utilisent bloqu\u00e9 \u00e0 plat entre les jambes (comme un djemb\u00e9) ou encore pos\u00e9 sur un socle devant soi.<\/div>\n<div>Diff\u00e9rents sons se situent sur diverses parties de l&rsquo;instrument, en allant du haut vers le centre on obtient des sons du plus aig\u00fc au plus grave.<\/div>\n<div>Le caj\u00f3n peut se jouer avec les mains mais aussi les talons (des pieds). Une technique consiste \u00e0 poser le pied sur la table de frappe de haut en bas pour modifier le son pendant que l&rsquo;on joue avec les mains.<\/div>\n<div>D&rsquo;apparence rudimentaire, il offre de multiples combinaisons sonores s&rsquo;adaptant \u00e0 tous les genres musicaux m\u00eame s&rsquo;il reste l&rsquo;instrument phare des musiques latines<\/div>\n<div>Le cajon et la cajita ne sont pas des instruments musicaux communs et si, paradoxalement, les conquistadores n&rsquo;avaient pas interdit les tambours aux esclaves, la musique afro-p\u00e9ruvienne n&rsquo;aurait pas connu l&rsquo;ampleur des rythmes et la singularit\u00e9 des sons qu&rsquo;on lui conna\u00eet aujourd&rsquo;hui.<\/div>\n<div>&nbsp;<\/div>\n<div><a href=\"https:\/\/www.abc-latina.com\/musique\/photos-instruments-musique\/photos-cajon\">Photos du cajon<\/a><\/div>\n<\/div>\n","protected":false},"excerpt":{"rendered":"<p>Ce sont les esclaves noirs durant la conqu\u00eate des Espagnols, qui du fond de leur cale se manifestaient en produisant [&hellip;]<\/p>\n","protected":false},"author":3,"featured_media":2567,"parent":2566,"menu_order":0,"comment_status":"closed","ping_status":"closed","template":"","meta":{"site-sidebar-layout":"default","site-content-layout":"","ast-site-content-layout":"default","site-content-style":"default","site-sidebar-style":"default","ast-global-header-display":"","ast-banner-title-visibility":"","ast-main-header-display":"","ast-hfb-above-header-display":"","ast-hfb-below-header-display":"","ast-hfb-mobile-header-display":"","site-post-title":"","ast-breadcrumbs-content":"","ast-featured-img":"","footer-sml-layout":"","ast-disable-related-posts":"","theme-transparent-header-meta":"","adv-header-id-meta":"","stick-header-meta":"","header-above-stick-meta":"","header-main-stick-meta":"","header-below-stick-meta":"","astra-migrate-meta-layouts":"default","ast-page-background-enabled":"default","ast-page-background-meta":{"desktop":{"background-color":"var(--ast-global-color-5)","background-image":"","background-repeat":"repeat","background-position":"center center","background-size":"auto","background-attachment":"scroll","background-type":"","background-media":"","overlay-type":"","overlay-color":"","overlay-opacity":"","overlay-gradient":""},"tablet":{"background-color":"","background-image":"","background-repeat":"repeat","background-position":"center center","background-size":"auto","background-attachment":"scroll","background-type":"","background-media":"","overlay-type":"","overlay-color":"","overlay-opacity":"","overlay-gradient":""},"mobile":{"background-color":"","background-image":"","background-repeat":"repeat","background-position":"center center","background-size":"auto","background-attachment":"scroll","background-type":"","background-media":"","overlay-type":"","overlay-color":"","overlay-opacity":"","overlay-gradient":""}},"ast-content-background-meta":{"desktop":{"background-color":"var(--ast-global-color-4)","background-image":"","background-repeat":"repeat","background-position":"center center","background-size":"auto","background-attachment":"scroll","background-type":"","background-media":"","overlay-type":"","overlay-color":"","overlay-opacity":"","overlay-gradient":""},"tablet":{"background-color":"var(--ast-global-color-4)","background-image":"","background-repeat":"repeat","background-position":"center center","background-size":"auto","background-attachment":"scroll","background-type":"","background-media":"","overlay-type":"","overlay-color":"","overlay-opacity":"","overlay-gradient":""},"mobile":{"background-color":"var(--ast-global-color-4)","background-image":"","background-repeat":"repeat","background-position":"center center","background-size":"auto","background-attachment":"scroll","background-type":"","background-media":"","overlay-type":"","overlay-color":"","overlay-opacity":"","overlay-gradient":""}},"footnotes":""},"class_list":["post-2568","page","type-page","status-publish","has-post-thumbnail","hentry"],"yoast_head":"<!-- This site is optimized with the Yoast SEO plugin v27.5 - https:\/\/yoast.com\/product\/yoast-seo-wordpress\/ -->\n<title>Le CAJON - Abc-latina<\/title>\n<meta name=\"description\" content=\"Les instruments de musiques traditionnelles d&#039;Am\u00e9rique latine: le cajon.\" \/>\n<meta name=\"robots\" content=\"index, follow, max-snippet:-1, max-image-preview:large, max-video-preview:-1\" \/>\n<link rel=\"canonical\" href=\"https:\/\/abc-latina.com\/index\/cajon\/\" \/>\n<meta property=\"og:locale\" content=\"fr_FR\" \/>\n<meta property=\"og:type\" content=\"article\" \/>\n<meta property=\"og:title\" content=\"Le CAJON - Abc-latina\" \/>\n<meta property=\"og:description\" content=\"Les instruments de musiques traditionnelles d&#039;Am\u00e9rique latine: le cajon.\" \/>\n<meta property=\"og:url\" content=\"https:\/\/abc-latina.com\/index\/cajon\/\" \/>\n<meta property=\"og:site_name\" content=\"Abc-latina\" \/>\n<meta property=\"article:modified_time\" content=\"2026-04-30T16:25:09+00:00\" \/>\n<meta property=\"og:image\" content=\"https:\/\/abc-latina.com\/wp-content\/uploads\/2010\/11\/cajon-3p.jpg\" \/>\n\t<meta property=\"og:image:width\" content=\"166\" \/>\n\t<meta property=\"og:image:height\" content=\"200\" \/>\n\t<meta property=\"og:image:type\" content=\"image\/jpeg\" \/>\n<meta name=\"twitter:card\" content=\"summary_large_image\" \/>\n<meta name=\"twitter:label1\" content=\"Dur\u00e9e de lecture estim\u00e9e\" \/>\n\t<meta name=\"twitter:data1\" content=\"2 minutes\" \/>\n<script type=\"application\/ld+json\" class=\"yoast-schema-graph\">{\"@context\":\"https:\\\/\\\/schema.org\",\"@graph\":[{\"@type\":\"WebPage\",\"@id\":\"https:\\\/\\\/abc-latina.com\\\/index\\\/cajon\\\/\",\"url\":\"https:\\\/\\\/abc-latina.com\\\/index\\\/cajon\\\/\",\"name\":\"Le CAJON - Abc-latina\",\"isPartOf\":{\"@id\":\"https:\\\/\\\/abc-latina.com\\\/#website\"},\"primaryImageOfPage\":{\"@id\":\"https:\\\/\\\/abc-latina.com\\\/index\\\/cajon\\\/#primaryimage\"},\"image\":{\"@id\":\"https:\\\/\\\/abc-latina.com\\\/index\\\/cajon\\\/#primaryimage\"},\"thumbnailUrl\":\"https:\\\/\\\/abc-latina.com\\\/wp-content\\\/uploads\\\/2010\\\/11\\\/cajon-3p.jpg\",\"datePublished\":\"2010-11-27T16:46:16+00:00\",\"dateModified\":\"2026-04-30T16:25:09+00:00\",\"description\":\"Les instruments de musiques traditionnelles d'Am\u00e9rique latine: le cajon.\",\"breadcrumb\":{\"@id\":\"https:\\\/\\\/abc-latina.com\\\/index\\\/cajon\\\/#breadcrumb\"},\"inLanguage\":\"fr-FR\",\"potentialAction\":[{\"@type\":\"ReadAction\",\"target\":[\"https:\\\/\\\/abc-latina.com\\\/index\\\/cajon\\\/\"]}]},{\"@type\":\"ImageObject\",\"inLanguage\":\"fr-FR\",\"@id\":\"https:\\\/\\\/abc-latina.com\\\/index\\\/cajon\\\/#primaryimage\",\"url\":\"https:\\\/\\\/abc-latina.com\\\/wp-content\\\/uploads\\\/2010\\\/11\\\/cajon-3p.jpg\",\"contentUrl\":\"https:\\\/\\\/abc-latina.com\\\/wp-content\\\/uploads\\\/2010\\\/11\\\/cajon-3p.jpg\",\"width\":166,\"height\":200},{\"@type\":\"BreadcrumbList\",\"@id\":\"https:\\\/\\\/abc-latina.com\\\/index\\\/cajon\\\/#breadcrumb\",\"itemListElement\":[{\"@type\":\"ListItem\",\"position\":1,\"name\":\"Accueil\",\"item\":\"https:\\\/\\\/abc-latina.com\\\/\"},{\"@type\":\"ListItem\",\"position\":2,\"name\":\"Le CAJON\"}]},{\"@type\":\"WebSite\",\"@id\":\"https:\\\/\\\/abc-latina.com\\\/#website\",\"url\":\"https:\\\/\\\/abc-latina.com\\\/\",\"name\":\"Abc-latina\",\"description\":\"\",\"publisher\":{\"@id\":\"https:\\\/\\\/abc-latina.com\\\/#organization\"},\"potentialAction\":[{\"@type\":\"SearchAction\",\"target\":{\"@type\":\"EntryPoint\",\"urlTemplate\":\"https:\\\/\\\/abc-latina.com\\\/?s={search_term_string}\"},\"query-input\":{\"@type\":\"PropertyValueSpecification\",\"valueRequired\":true,\"valueName\":\"search_term_string\"}}],\"inLanguage\":\"fr-FR\"},{\"@type\":\"Organization\",\"@id\":\"https:\\\/\\\/abc-latina.com\\\/#organization\",\"name\":\"Abc-latina\",\"url\":\"https:\\\/\\\/abc-latina.com\\\/\",\"logo\":{\"@type\":\"ImageObject\",\"inLanguage\":\"fr-FR\",\"@id\":\"https:\\\/\\\/abc-latina.com\\\/#\\\/schema\\\/logo\\\/image\\\/\",\"url\":\"https:\\\/\\\/abc-latina.com\\\/wp-content\\\/uploads\\\/2026\\\/05\\\/cropped-logo.gif\",\"contentUrl\":\"https:\\\/\\\/abc-latina.com\\\/wp-content\\\/uploads\\\/2026\\\/05\\\/cropped-logo.gif\",\"width\":89,\"height\":84,\"caption\":\"Abc-latina\"},\"image\":{\"@id\":\"https:\\\/\\\/abc-latina.com\\\/#\\\/schema\\\/logo\\\/image\\\/\"}}]}<\/script>\n<!-- \/ Yoast SEO plugin. -->","yoast_head_json":{"title":"Le CAJON - Abc-latina","description":"Les instruments de musiques traditionnelles d'Am\u00e9rique latine: le cajon.","robots":{"index":"index","follow":"follow","max-snippet":"max-snippet:-1","max-image-preview":"max-image-preview:large","max-video-preview":"max-video-preview:-1"},"canonical":"https:\/\/abc-latina.com\/index\/cajon\/","og_locale":"fr_FR","og_type":"article","og_title":"Le CAJON - Abc-latina","og_description":"Les instruments de musiques traditionnelles d'Am\u00e9rique latine: le cajon.","og_url":"https:\/\/abc-latina.com\/index\/cajon\/","og_site_name":"Abc-latina","article_modified_time":"2026-04-30T16:25:09+00:00","og_image":[{"width":166,"height":200,"url":"https:\/\/abc-latina.com\/wp-content\/uploads\/2010\/11\/cajon-3p.jpg","type":"image\/jpeg"}],"twitter_card":"summary_large_image","twitter_misc":{"Dur\u00e9e de lecture estim\u00e9e":"2 minutes"},"schema":{"@context":"https:\/\/schema.org","@graph":[{"@type":"WebPage","@id":"https:\/\/abc-latina.com\/index\/cajon\/","url":"https:\/\/abc-latina.com\/index\/cajon\/","name":"Le CAJON - Abc-latina","isPartOf":{"@id":"https:\/\/abc-latina.com\/#website"},"primaryImageOfPage":{"@id":"https:\/\/abc-latina.com\/index\/cajon\/#primaryimage"},"image":{"@id":"https:\/\/abc-latina.com\/index\/cajon\/#primaryimage"},"thumbnailUrl":"https:\/\/abc-latina.com\/wp-content\/uploads\/2010\/11\/cajon-3p.jpg","datePublished":"2010-11-27T16:46:16+00:00","dateModified":"2026-04-30T16:25:09+00:00","description":"Les instruments de musiques traditionnelles d'Am\u00e9rique latine: le cajon.","breadcrumb":{"@id":"https:\/\/abc-latina.com\/index\/cajon\/#breadcrumb"},"inLanguage":"fr-FR","potentialAction":[{"@type":"ReadAction","target":["https:\/\/abc-latina.com\/index\/cajon\/"]}]},{"@type":"ImageObject","inLanguage":"fr-FR","@id":"https:\/\/abc-latina.com\/index\/cajon\/#primaryimage","url":"https:\/\/abc-latina.com\/wp-content\/uploads\/2010\/11\/cajon-3p.jpg","contentUrl":"https:\/\/abc-latina.com\/wp-content\/uploads\/2010\/11\/cajon-3p.jpg","width":166,"height":200},{"@type":"BreadcrumbList","@id":"https:\/\/abc-latina.com\/index\/cajon\/#breadcrumb","itemListElement":[{"@type":"ListItem","position":1,"name":"Accueil","item":"https:\/\/abc-latina.com\/"},{"@type":"ListItem","position":2,"name":"Le CAJON"}]},{"@type":"WebSite","@id":"https:\/\/abc-latina.com\/#website","url":"https:\/\/abc-latina.com\/","name":"Abc-latina","description":"","publisher":{"@id":"https:\/\/abc-latina.com\/#organization"},"potentialAction":[{"@type":"SearchAction","target":{"@type":"EntryPoint","urlTemplate":"https:\/\/abc-latina.com\/?s={search_term_string}"},"query-input":{"@type":"PropertyValueSpecification","valueRequired":true,"valueName":"search_term_string"}}],"inLanguage":"fr-FR"},{"@type":"Organization","@id":"https:\/\/abc-latina.com\/#organization","name":"Abc-latina","url":"https:\/\/abc-latina.com\/","logo":{"@type":"ImageObject","inLanguage":"fr-FR","@id":"https:\/\/abc-latina.com\/#\/schema\/logo\/image\/","url":"https:\/\/abc-latina.com\/wp-content\/uploads\/2026\/05\/cropped-logo.gif","contentUrl":"https:\/\/abc-latina.com\/wp-content\/uploads\/2026\/05\/cropped-logo.gif","width":89,"height":84,"caption":"Abc-latina"},"image":{"@id":"https:\/\/abc-latina.com\/#\/schema\/logo\/image\/"}}]}},"_links":{"self":[{"href":"https:\/\/abc-latina.com\/wp-json\/wp\/v2\/pages\/2568","targetHints":{"allow":["GET"]}}],"collection":[{"href":"https:\/\/abc-latina.com\/wp-json\/wp\/v2\/pages"}],"about":[{"href":"https:\/\/abc-latina.com\/wp-json\/wp\/v2\/types\/page"}],"author":[{"embeddable":true,"href":"https:\/\/abc-latina.com\/wp-json\/wp\/v2\/users\/3"}],"replies":[{"embeddable":true,"href":"https:\/\/abc-latina.com\/wp-json\/wp\/v2\/comments?post=2568"}],"version-history":[{"count":1,"href":"https:\/\/abc-latina.com\/wp-json\/wp\/v2\/pages\/2568\/revisions"}],"predecessor-version":[{"id":3570,"href":"https:\/\/abc-latina.com\/wp-json\/wp\/v2\/pages\/2568\/revisions\/3570"}],"up":[{"embeddable":true,"href":"https:\/\/abc-latina.com\/wp-json\/wp\/v2\/pages\/2566"}],"wp:featuredmedia":[{"embeddable":true,"href":"https:\/\/abc-latina.com\/wp-json\/wp\/v2\/media\/2567"}],"wp:attachment":[{"href":"https:\/\/abc-latina.com\/wp-json\/wp\/v2\/media?parent=2568"}],"curies":[{"name":"wp","href":"https:\/\/api.w.org\/{rel}","templated":true}]}}