{"id":258,"date":"2010-06-04T03:43:14","date_gmt":"2010-06-04T01:43:14","guid":{"rendered":"http:\/\/abc-latina.com\/san_jose-htm\/"},"modified":"2018-06-12T11:33:23","modified_gmt":"2018-06-12T09:33:23","slug":"san_jose","status":"publish","type":"page","link":"https:\/\/abc-latina.com\/costarica\/san_jose\/","title":{"rendered":"SAN JOSE"},"content":{"rendered":"<div><span class=\"tourisme-chapitre\">San Jos\u00e9<\/span> est situ\u00e9 sur un petit plateau entour\u00e9 de deux cha\u00eenes de montagnes pittoresques. Il n&rsquo;y a pas de maisons de l&rsquo;\u00e9poque coloniale \u00e0 San Jos\u00e9. Cela est moins d\u00fb aux s\u00e9ismes qui secouent cette ville de temps \u00e0 autre qu&rsquo;\u00e0 sa fondation tardive, en 1737.<\/div>\n<div>A cette \u00e9poque, San Jos\u00e9 n&rsquo;\u00e9tait pas la capitale, elle ne le devint qu&rsquo;en 1823.<\/div>\n<div>Ses habitants, les Josefinos, sont extr\u00eamement aimables et serviables. Leurs teints clair surprend le visiteur, de m\u00eame que les cheveux blonds et les yeux bleus de nombreuses marchandes.&nbsp;<\/div>\n<div>&nbsp;<\/div>\n<div><span class=\"tourisme-chapitre\">Attraits culturels :<\/span><\/div>\n<div>Quelques mus\u00e9es de San Jos\u00e9<\/div>\n<div>&#8211; Le mus\u00e9e de l&rsquo;Or<\/div>\n<div>Il constitue certainement l&rsquo;un des plus beaux joyaux de l&rsquo;Am\u00e9rique latine avec ceux de Bogota en Colombie et de Lima au P\u00e9rou.&nbsp;<\/div>\n<div>&#8211; Le mus\u00e9e de Jade<\/div>\n<div>Il constitue la plus grande collection de jade pr\u00e9colombienne du continent am\u00e9ricain.<\/div>\n<div>Le mus\u00e9e national. On y trouve, une salle consacr\u00e9e \u00e0 la civilisation costaricienne qui raconte l&rsquo;histoire du pays. Une salle qui rend hommage au Prix Nobel de la Paix re\u00e7u par le Pr\u00e9sident Oscar Arias Sanchez en 1987. Le mus\u00e9e contient aussi de nombreuses pi\u00e8ces d&rsquo;art sacr\u00e9, des objets pr\u00e9colombiens, il est la m\u00e9moire du pays.<\/div>\n<div>&nbsp;<\/div>\n<div><span class=\"tourisme-chapitre\"><a href=\"..\/tour_operateur\" target=\"_blank\"><img loading=\"lazy\" decoding=\"async\" class=\" size-full wp-image-41\" alt=\"\" class=\"touroperateur\" src=\"http:\/\/abc-latina.com\/wp-content\/uploads\/2010\/04\/timbre_to.gif\" width=\"125\" height=\"90\" \/><\/a>Attraits touristiques :<\/span><\/div>\n<div>La Esmeralda \u00e0 San Jos\u00e9, est le lieu o\u00f9 les hommes viennent chercher les trios ou les mariachis pour donner la s\u00e9r\u00e9nade \u00e0 leur femme ou fianc\u00e9e. A partir de 23 heures vous pouvez profiter de la musique jou\u00e9e par les trios qui attendent les clients. L&rsquo;ambiance est chaleureuse et l&rsquo;alcool coule \u00e0 flot jusqu&rsquo;au petit matin.<\/div>\n<div>Le Th\u00e9\u00e2tre national est probablement l&rsquo;\u00e9difice dont les Costariciens sont le plus fiers et cette salle, la plus grande du pays, voit s&rsquo;y passer tous les plus importants \u00e9v\u00e9nements de la nation. Il fut inaugur\u00e9 en 1897, parce que 7 ann\u00e9es plus t\u00f4t une grande et c\u00e9l\u00e8bre cantatrice d\u00fb renoncer \u00e0 donner une repr\u00e9sentation faute d&rsquo;un lieu appropri\u00e9. Restaur\u00e9 apr\u00e8s le terrible tremblement de terre de 1992, il est aujourd&rsquo;hui aussi beau qu&rsquo;en 1897.&nbsp;<\/div>\n<div>&nbsp;<\/div>\n<div><span class=\"tourisme-chapitre\">Autres lieux :&nbsp;<\/span><\/div>\n<div>Parmi les quartiers de San Jos\u00e9, Barrio Amon est l&rsquo;un des plus anciens. Barrio Otoya est aussi l&rsquo;un des plus anciens, on peut voir dans le parc zoologique Simon Bolivar de magnifiques arbres centenaires.<\/div>\n<div>Le Mercado Central et le Mercado Borbon, \u00e0 c\u00f4t\u00e9 d&rsquo;une infinit\u00e9 de fruits et l\u00e9gumes, on trouve \u00e9galement des objets en cuir et des statuettes en bois.<\/div>\n<div>&nbsp;<\/div>\n<h3>Pr\u00e9parez votre voyage \u00e0 San Jos\u00e9:<\/h3>\n<div><a href=\"https:\/\/www.abc-latina.com\/costarica\/agence_de_voyages\">Agences de voyage g\u00e9n\u00e9ralistes et discounteurs<\/a><\/div>\n<div><a href=\"https:\/\/www.abc-latina.com\/costarica\/tour_operateur\">Tours Op\u00e9rateurs sp\u00e9cialistes du Costa Rica<\/a><\/div>\n<div><a href=\"https:\/\/www.abc-latina.com\/to\/reservation_billet_avion\" target=\"_blank\">R\u00e9servez votre billet d&rsquo;avion<\/a><\/div>\n<div><a href=\"https:\/\/www.abc-latina.com\/costarica\/hotels\">R\u00e9servez votre h\u00f4tel \u00e0 San Jos\u00e9<\/a>&nbsp;<\/div>\n<div><a href=\"https:\/\/www.abc-latina.com\/to\/location_de_voiture_costa_rica\" target=\"_blank\">Location de voiture<\/a><\/div>\n","protected":false},"excerpt":{"rendered":"<p>San Jos\u00e9 est situ\u00e9 sur un petit plateau entour\u00e9 de deux cha\u00eenes de montagnes pittoresques. Il n&rsquo;y a pas de [&hellip;]<\/p>\n","protected":false},"author":3,"featured_media":41,"parent":2300,"menu_order":0,"comment_status":"closed","ping_status":"closed","template":"","meta":{"site-sidebar-layout":"default","site-content-layout":"","ast-site-content-layout":"default","site-content-style":"default","site-sidebar-style":"default","ast-global-header-display":"","ast-banner-title-visibility":"","ast-main-header-display":"","ast-hfb-above-header-display":"","ast-hfb-below-header-display":"","ast-hfb-mobile-header-display":"","site-post-title":"","ast-breadcrumbs-content":"","ast-featured-img":"","footer-sml-layout":"","ast-disable-related-posts":"","theme-transparent-header-meta":"","adv-header-id-meta":"","stick-header-meta":"","header-above-stick-meta":"","header-main-stick-meta":"","header-below-stick-meta":"","astra-migrate-meta-layouts":"default","ast-page-background-enabled":"default","ast-page-background-meta":{"desktop":{"background-color":"var(--ast-global-color-5)","background-image":"","background-repeat":"repeat","background-position":"center center","background-size":"auto","background-attachment":"scroll","background-type":"","background-media":"","overlay-type":"","overlay-color":"","overlay-opacity":"","overlay-gradient":""},"tablet":{"background-color":"","background-image":"","background-repeat":"repeat","background-position":"center center","background-size":"auto","background-attachment":"scroll","background-type":"","background-media":"","overlay-type":"","overlay-color":"","overlay-opacity":"","overlay-gradient":""},"mobile":{"background-color":"","background-image":"","background-repeat":"repeat","background-position":"center center","background-size":"auto","background-attachment":"scroll","background-type":"","background-media":"","overlay-type":"","overlay-color":"","overlay-opacity":"","overlay-gradient":""}},"ast-content-background-meta":{"desktop":{"background-color":"var(--ast-global-color-4)","background-image":"","background-repeat":"repeat","background-position":"center center","background-size":"auto","background-attachment":"scroll","background-type":"","background-media":"","overlay-type":"","overlay-color":"","overlay-opacity":"","overlay-gradient":""},"tablet":{"background-color":"var(--ast-global-color-4)","background-image":"","background-repeat":"repeat","background-position":"center center","background-size":"auto","background-attachment":"scroll","background-type":"","background-media":"","overlay-type":"","overlay-color":"","overlay-opacity":"","overlay-gradient":""},"mobile":{"background-color":"var(--ast-global-color-4)","background-image":"","background-repeat":"repeat","background-position":"center center","background-size":"auto","background-attachment":"scroll","background-type":"","background-media":"","overlay-type":"","overlay-color":"","overlay-opacity":"","overlay-gradient":""}},"footnotes":""},"class_list":["post-258","page","type-page","status-publish","has-post-thumbnail","hentry"],"yoast_head":"<!-- This site is optimized with the Yoast SEO plugin v27.5 - https:\/\/yoast.com\/product\/yoast-seo-wordpress\/ -->\n<title>SAN JOSE - Abc-latina<\/title>\n<meta name=\"description\" content=\"San Jos\u00e9 est situ\u00e9 sur un petit plateau entour\u00e9 de deux cha\u00eenes de montagnes pittoresques. Parmi les quartiers de San Jos\u00e9, Barrio Amon est l&#039;un des plus anciens.\" \/>\n<meta name=\"robots\" content=\"index, follow, max-snippet:-1, max-image-preview:large, max-video-preview:-1\" \/>\n<link rel=\"canonical\" href=\"https:\/\/abc-latina.com\/costarica\/san_jose\/\" \/>\n<meta property=\"og:locale\" content=\"fr_FR\" \/>\n<meta property=\"og:type\" content=\"article\" \/>\n<meta property=\"og:title\" content=\"SAN JOSE - Abc-latina\" \/>\n<meta property=\"og:description\" content=\"San Jos\u00e9 est situ\u00e9 sur un petit plateau entour\u00e9 de deux cha\u00eenes de montagnes pittoresques. Parmi les quartiers de San Jos\u00e9, Barrio Amon est l&#039;un des plus anciens.\" \/>\n<meta property=\"og:url\" content=\"https:\/\/abc-latina.com\/costarica\/san_jose\/\" \/>\n<meta property=\"og:site_name\" content=\"Abc-latina\" \/>\n<meta property=\"article:modified_time\" content=\"2018-06-12T09:33:23+00:00\" \/>\n<meta property=\"og:image\" content=\"https:\/\/abc-latina.com\/wp-content\/uploads\/2010\/04\/timbre_to.gif\" \/>\n\t<meta property=\"og:image:width\" content=\"125\" \/>\n\t<meta property=\"og:image:height\" content=\"90\" \/>\n\t<meta property=\"og:image:type\" content=\"image\/gif\" \/>\n<meta name=\"twitter:card\" content=\"summary_large_image\" \/>\n<meta name=\"twitter:label1\" content=\"Dur\u00e9e de lecture estim\u00e9e\" \/>\n\t<meta name=\"twitter:data1\" content=\"2 minutes\" \/>\n<script type=\"application\/ld+json\" class=\"yoast-schema-graph\">{\"@context\":\"https:\\\/\\\/schema.org\",\"@graph\":[{\"@type\":\"WebPage\",\"@id\":\"https:\\\/\\\/abc-latina.com\\\/costarica\\\/san_jose\\\/\",\"url\":\"https:\\\/\\\/abc-latina.com\\\/costarica\\\/san_jose\\\/\",\"name\":\"SAN JOSE - Abc-latina\",\"isPartOf\":{\"@id\":\"https:\\\/\\\/abc-latina.com\\\/#website\"},\"primaryImageOfPage\":{\"@id\":\"https:\\\/\\\/abc-latina.com\\\/costarica\\\/san_jose\\\/#primaryimage\"},\"image\":{\"@id\":\"https:\\\/\\\/abc-latina.com\\\/costarica\\\/san_jose\\\/#primaryimage\"},\"thumbnailUrl\":\"https:\\\/\\\/abc-latina.com\\\/wp-content\\\/uploads\\\/2010\\\/04\\\/timbre_to.gif\",\"datePublished\":\"2010-06-04T01:43:14+00:00\",\"dateModified\":\"2018-06-12T09:33:23+00:00\",\"description\":\"San Jos\u00e9 est situ\u00e9 sur un petit plateau entour\u00e9 de deux cha\u00eenes de montagnes pittoresques. Parmi les quartiers de San Jos\u00e9, Barrio Amon est l'un des plus anciens.\",\"breadcrumb\":{\"@id\":\"https:\\\/\\\/abc-latina.com\\\/costarica\\\/san_jose\\\/#breadcrumb\"},\"inLanguage\":\"fr-FR\",\"potentialAction\":[{\"@type\":\"ReadAction\",\"target\":[\"https:\\\/\\\/abc-latina.com\\\/costarica\\\/san_jose\\\/\"]}]},{\"@type\":\"ImageObject\",\"inLanguage\":\"fr-FR\",\"@id\":\"https:\\\/\\\/abc-latina.com\\\/costarica\\\/san_jose\\\/#primaryimage\",\"url\":\"https:\\\/\\\/abc-latina.com\\\/wp-content\\\/uploads\\\/2010\\\/04\\\/timbre_to.gif\",\"contentUrl\":\"https:\\\/\\\/abc-latina.com\\\/wp-content\\\/uploads\\\/2010\\\/04\\\/timbre_to.gif\",\"width\":125,\"height\":90},{\"@type\":\"BreadcrumbList\",\"@id\":\"https:\\\/\\\/abc-latina.com\\\/costarica\\\/san_jose\\\/#breadcrumb\",\"itemListElement\":[{\"@type\":\"ListItem\",\"position\":1,\"name\":\"Accueil\",\"item\":\"https:\\\/\\\/abc-latina.com\\\/\"},{\"@type\":\"ListItem\",\"position\":2,\"name\":\"SAN JOSE\"}]},{\"@type\":\"WebSite\",\"@id\":\"https:\\\/\\\/abc-latina.com\\\/#website\",\"url\":\"https:\\\/\\\/abc-latina.com\\\/\",\"name\":\"Abc-latina\",\"description\":\"\",\"publisher\":{\"@id\":\"https:\\\/\\\/abc-latina.com\\\/#organization\"},\"potentialAction\":[{\"@type\":\"SearchAction\",\"target\":{\"@type\":\"EntryPoint\",\"urlTemplate\":\"https:\\\/\\\/abc-latina.com\\\/?s={search_term_string}\"},\"query-input\":{\"@type\":\"PropertyValueSpecification\",\"valueRequired\":true,\"valueName\":\"search_term_string\"}}],\"inLanguage\":\"fr-FR\"},{\"@type\":\"Organization\",\"@id\":\"https:\\\/\\\/abc-latina.com\\\/#organization\",\"name\":\"Abc-latina\",\"url\":\"https:\\\/\\\/abc-latina.com\\\/\",\"logo\":{\"@type\":\"ImageObject\",\"inLanguage\":\"fr-FR\",\"@id\":\"https:\\\/\\\/abc-latina.com\\\/#\\\/schema\\\/logo\\\/image\\\/\",\"url\":\"https:\\\/\\\/abc-latina.com\\\/wp-content\\\/uploads\\\/2026\\\/05\\\/cropped-logo.gif\",\"contentUrl\":\"https:\\\/\\\/abc-latina.com\\\/wp-content\\\/uploads\\\/2026\\\/05\\\/cropped-logo.gif\",\"width\":89,\"height\":84,\"caption\":\"Abc-latina\"},\"image\":{\"@id\":\"https:\\\/\\\/abc-latina.com\\\/#\\\/schema\\\/logo\\\/image\\\/\"}}]}<\/script>\n<!-- \/ Yoast SEO plugin. -->","yoast_head_json":{"title":"SAN JOSE - Abc-latina","description":"San Jos\u00e9 est situ\u00e9 sur un petit plateau entour\u00e9 de deux cha\u00eenes de montagnes pittoresques. Parmi les quartiers de San Jos\u00e9, Barrio Amon est l'un des plus anciens.","robots":{"index":"index","follow":"follow","max-snippet":"max-snippet:-1","max-image-preview":"max-image-preview:large","max-video-preview":"max-video-preview:-1"},"canonical":"https:\/\/abc-latina.com\/costarica\/san_jose\/","og_locale":"fr_FR","og_type":"article","og_title":"SAN JOSE - Abc-latina","og_description":"San Jos\u00e9 est situ\u00e9 sur un petit plateau entour\u00e9 de deux cha\u00eenes de montagnes pittoresques. Parmi les quartiers de San Jos\u00e9, Barrio Amon est l'un des plus anciens.","og_url":"https:\/\/abc-latina.com\/costarica\/san_jose\/","og_site_name":"Abc-latina","article_modified_time":"2018-06-12T09:33:23+00:00","og_image":[{"width":125,"height":90,"url":"https:\/\/abc-latina.com\/wp-content\/uploads\/2010\/04\/timbre_to.gif","type":"image\/gif"}],"twitter_card":"summary_large_image","twitter_misc":{"Dur\u00e9e de lecture estim\u00e9e":"2 minutes"},"schema":{"@context":"https:\/\/schema.org","@graph":[{"@type":"WebPage","@id":"https:\/\/abc-latina.com\/costarica\/san_jose\/","url":"https:\/\/abc-latina.com\/costarica\/san_jose\/","name":"SAN JOSE - Abc-latina","isPartOf":{"@id":"https:\/\/abc-latina.com\/#website"},"primaryImageOfPage":{"@id":"https:\/\/abc-latina.com\/costarica\/san_jose\/#primaryimage"},"image":{"@id":"https:\/\/abc-latina.com\/costarica\/san_jose\/#primaryimage"},"thumbnailUrl":"https:\/\/abc-latina.com\/wp-content\/uploads\/2010\/04\/timbre_to.gif","datePublished":"2010-06-04T01:43:14+00:00","dateModified":"2018-06-12T09:33:23+00:00","description":"San Jos\u00e9 est situ\u00e9 sur un petit plateau entour\u00e9 de deux cha\u00eenes de montagnes pittoresques. Parmi les quartiers de San Jos\u00e9, Barrio Amon est l'un des plus anciens.","breadcrumb":{"@id":"https:\/\/abc-latina.com\/costarica\/san_jose\/#breadcrumb"},"inLanguage":"fr-FR","potentialAction":[{"@type":"ReadAction","target":["https:\/\/abc-latina.com\/costarica\/san_jose\/"]}]},{"@type":"ImageObject","inLanguage":"fr-FR","@id":"https:\/\/abc-latina.com\/costarica\/san_jose\/#primaryimage","url":"https:\/\/abc-latina.com\/wp-content\/uploads\/2010\/04\/timbre_to.gif","contentUrl":"https:\/\/abc-latina.com\/wp-content\/uploads\/2010\/04\/timbre_to.gif","width":125,"height":90},{"@type":"BreadcrumbList","@id":"https:\/\/abc-latina.com\/costarica\/san_jose\/#breadcrumb","itemListElement":[{"@type":"ListItem","position":1,"name":"Accueil","item":"https:\/\/abc-latina.com\/"},{"@type":"ListItem","position":2,"name":"SAN JOSE"}]},{"@type":"WebSite","@id":"https:\/\/abc-latina.com\/#website","url":"https:\/\/abc-latina.com\/","name":"Abc-latina","description":"","publisher":{"@id":"https:\/\/abc-latina.com\/#organization"},"potentialAction":[{"@type":"SearchAction","target":{"@type":"EntryPoint","urlTemplate":"https:\/\/abc-latina.com\/?s={search_term_string}"},"query-input":{"@type":"PropertyValueSpecification","valueRequired":true,"valueName":"search_term_string"}}],"inLanguage":"fr-FR"},{"@type":"Organization","@id":"https:\/\/abc-latina.com\/#organization","name":"Abc-latina","url":"https:\/\/abc-latina.com\/","logo":{"@type":"ImageObject","inLanguage":"fr-FR","@id":"https:\/\/abc-latina.com\/#\/schema\/logo\/image\/","url":"https:\/\/abc-latina.com\/wp-content\/uploads\/2026\/05\/cropped-logo.gif","contentUrl":"https:\/\/abc-latina.com\/wp-content\/uploads\/2026\/05\/cropped-logo.gif","width":89,"height":84,"caption":"Abc-latina"},"image":{"@id":"https:\/\/abc-latina.com\/#\/schema\/logo\/image\/"}}]}},"_links":{"self":[{"href":"https:\/\/abc-latina.com\/wp-json\/wp\/v2\/pages\/258","targetHints":{"allow":["GET"]}}],"collection":[{"href":"https:\/\/abc-latina.com\/wp-json\/wp\/v2\/pages"}],"about":[{"href":"https:\/\/abc-latina.com\/wp-json\/wp\/v2\/types\/page"}],"author":[{"embeddable":true,"href":"https:\/\/abc-latina.com\/wp-json\/wp\/v2\/users\/3"}],"replies":[{"embeddable":true,"href":"https:\/\/abc-latina.com\/wp-json\/wp\/v2\/comments?post=258"}],"version-history":[{"count":0,"href":"https:\/\/abc-latina.com\/wp-json\/wp\/v2\/pages\/258\/revisions"}],"up":[{"embeddable":true,"href":"https:\/\/abc-latina.com\/wp-json\/wp\/v2\/pages\/2300"}],"wp:featuredmedia":[{"embeddable":true,"href":"https:\/\/abc-latina.com\/wp-json\/wp\/v2\/media\/41"}],"wp:attachment":[{"href":"https:\/\/abc-latina.com\/wp-json\/wp\/v2\/media?parent=258"}],"curies":[{"name":"wp","href":"https:\/\/api.w.org\/{rel}","templated":true}]}}