{"id":2602,"date":"2010-12-08T03:42:52","date_gmt":"2010-12-08T02:42:52","guid":{"rendered":"http:\/\/abc-latina.com\/maria_reiche-htm\/"},"modified":"2026-04-30T18:25:22","modified_gmt":"2026-04-30T16:25:22","slug":"maria_reiche","status":"publish","type":"page","link":"https:\/\/abc-latina.com\/personnalites\/maria_reiche\/","title":{"rendered":"MARIA REICHE"},"content":{"rendered":"<div><span class=\"person\"><img loading=\"lazy\" decoding=\"async\" class=\" alignright size-full wp-image-2601\" style=\"margin: 5px 22px; float: right;\" src=\"http:\/\/abc-latina.com\/wp-content\/uploads\/2010\/12\/maria_reiche.jpg\" title=\"MARIA REICHE\" alt=\"\" width=\"170\" height=\"261\" \/><\/span><span class=\"person\">Maria Reiche<\/span> est un nom indissociable des <a target=\"_blank\" href=\"https:\/\/www.abc-latina.com\/perou\/tourisme\/lignes_nazca\">lignes de Nazca<\/a>. Cette math\u00e9maticienne allemande n\u00e9e \u00e0 Dresde en 1903 arriva au <a target=\"_blank\" href=\"https:\/\/www.abc-latina.com\/perou\/\">P\u00e9rou<\/a> en 1932, travailla pour le consulat allemand \u00e0 <a target=\"_blank\" href=\"https:\/\/www.abc-latina.com\/perou\/cuzco\">Cuzco<\/a> et devint sept ans plus tard l&rsquo;assistante de Paul Kosok. Reiche fut vite passionn\u00e9e par ces lignes et d\u00e9cida de s&rsquo;y consacrer corps et \u00e2me. Elle desdia en effet une trentaine d&rsquo;ann\u00e9es de sa vie \u00e0 aussi bien faire conna\u00eetre qu&rsquo;\u00e9tudier et tenter de sauver ce riche h\u00e9ritage du pass\u00e9. Au d\u00e9but, les gens croyaient qu&rsquo;elle \u00e9tait tout simplement folle. Ils observaient cette dame \u00e9trange s&rsquo;aventurer seule dans le d\u00e9sert avec un petit balai pour nettoyer les lignes et compiler des donn\u00e9es d\u00e8s l&rsquo;aube jusqu&rsquo;\u00e0 la lumi\u00e8re du cr\u00e9puscule. Elle tenta d&rsquo;expliquer que ces lignes sont en corr\u00e9lation avec la position de certaines \u00e9toiles et qu&rsquo;elles repr\u00e9sentent une sorte de calendrier astrologique. Elle continua inlassablement ses recherches et donna des conf\u00e9rences \u00e0 l&rsquo;h\u00f4tel Nazca Lines, o\u00f9 elle logea avant d&rsquo;aller vivre \u00e0 <a target=\"_blank\" href=\"https:\/\/www.abc-latina.com\/perou\/lima\">Lima<\/a> en raison de son \u00e2ge avanc\u00e9.&nbsp;<\/p>\n<div>L&rsquo;ann\u00e9e 1989 fut terrible pour Reiche : l&rsquo;atroce maladie de Parkinson la frappa sauvagement. Peu de temps apr\u00e8s, un glaucome lui enleva la vue.<\/div>\n<div>Elle mourut le 8 juin 1998, \u00e0 l&rsquo;\u00e2ge de 95 ans.<\/div>\n<div>&nbsp;<\/div>\n<div><span class=\"person\">REPERES<\/span><\/div>\n<div><span class=\"person-date\">1903<\/span> &#8211; Maria Reiche nait en Allemagne<\/div>\n<div><span class=\"person-date\">1932<\/span> &#8211; Elle arrive au P\u00e9rou<\/div>\n<div><span class=\"person-date\">1998<\/span> &#8211; Elle d\u00e9c\u00e9de \u00e0 95 ans<\/div>\n<\/div>\n","protected":false},"excerpt":{"rendered":"<p>Maria Reiche est un nom indissociable des lignes de Nazca. Cette math\u00e9maticienne allemande n\u00e9e \u00e0 Dresde en 1903 arriva au [&hellip;]<\/p>\n","protected":false},"author":3,"featured_media":2601,"parent":2633,"menu_order":0,"comment_status":"closed","ping_status":"closed","template":"","meta":{"site-sidebar-layout":"default","site-content-layout":"","ast-site-content-layout":"default","site-content-style":"default","site-sidebar-style":"default","ast-global-header-display":"","ast-banner-title-visibility":"","ast-main-header-display":"","ast-hfb-above-header-display":"","ast-hfb-below-header-display":"","ast-hfb-mobile-header-display":"","site-post-title":"","ast-breadcrumbs-content":"","ast-featured-img":"","footer-sml-layout":"","ast-disable-related-posts":"","theme-transparent-header-meta":"","adv-header-id-meta":"","stick-header-meta":"","header-above-stick-meta":"","header-main-stick-meta":"","header-below-stick-meta":"","astra-migrate-meta-layouts":"default","ast-page-background-enabled":"default","ast-page-background-meta":{"desktop":{"background-color":"var(--ast-global-color-5)","background-image":"","background-repeat":"repeat","background-position":"center center","background-size":"auto","background-attachment":"scroll","background-type":"","background-media":"","overlay-type":"","overlay-color":"","overlay-opacity":"","overlay-gradient":""},"tablet":{"background-color":"","background-image":"","background-repeat":"repeat","background-position":"center center","background-size":"auto","background-attachment":"scroll","background-type":"","background-media":"","overlay-type":"","overlay-color":"","overlay-opacity":"","overlay-gradient":""},"mobile":{"background-color":"","background-image":"","background-repeat":"repeat","background-position":"center center","background-size":"auto","background-attachment":"scroll","background-type":"","background-media":"","overlay-type":"","overlay-color":"","overlay-opacity":"","overlay-gradient":""}},"ast-content-background-meta":{"desktop":{"background-color":"var(--ast-global-color-4)","background-image":"","background-repeat":"repeat","background-position":"center center","background-size":"auto","background-attachment":"scroll","background-type":"","background-media":"","overlay-type":"","overlay-color":"","overlay-opacity":"","overlay-gradient":""},"tablet":{"background-color":"var(--ast-global-color-4)","background-image":"","background-repeat":"repeat","background-position":"center center","background-size":"auto","background-attachment":"scroll","background-type":"","background-media":"","overlay-type":"","overlay-color":"","overlay-opacity":"","overlay-gradient":""},"mobile":{"background-color":"var(--ast-global-color-4)","background-image":"","background-repeat":"repeat","background-position":"center center","background-size":"auto","background-attachment":"scroll","background-type":"","background-media":"","overlay-type":"","overlay-color":"","overlay-opacity":"","overlay-gradient":""}},"footnotes":""},"class_list":["post-2602","page","type-page","status-publish","has-post-thumbnail","hentry"],"yoast_head":"<!-- This site is optimized with the Yoast SEO plugin v27.5 - https:\/\/yoast.com\/product\/yoast-seo-wordpress\/ -->\n<title>MARIA REICHE - Abc-latina<\/title>\n<meta name=\"description\" content=\"Maria Reiche, et les lignes de Nazca.\" \/>\n<meta name=\"robots\" content=\"index, follow, max-snippet:-1, max-image-preview:large, max-video-preview:-1\" \/>\n<link rel=\"canonical\" href=\"https:\/\/abc-latina.com\/personnalites\/maria_reiche\/\" \/>\n<meta property=\"og:locale\" content=\"fr_FR\" \/>\n<meta property=\"og:type\" content=\"article\" \/>\n<meta property=\"og:title\" content=\"MARIA REICHE - Abc-latina\" \/>\n<meta property=\"og:description\" content=\"Maria Reiche, et les lignes de Nazca.\" \/>\n<meta property=\"og:url\" content=\"https:\/\/abc-latina.com\/personnalites\/maria_reiche\/\" \/>\n<meta property=\"og:site_name\" content=\"Abc-latina\" \/>\n<meta property=\"article:modified_time\" content=\"2026-04-30T16:25:22+00:00\" \/>\n<meta property=\"og:image\" content=\"https:\/\/abc-latina.com\/wp-content\/uploads\/2010\/12\/maria_reiche.jpg\" \/>\n\t<meta property=\"og:image:width\" content=\"170\" \/>\n\t<meta property=\"og:image:height\" content=\"261\" \/>\n\t<meta property=\"og:image:type\" content=\"image\/jpeg\" \/>\n<meta name=\"twitter:card\" content=\"summary_large_image\" \/>\n<meta name=\"twitter:label1\" content=\"Dur\u00e9e de lecture estim\u00e9e\" \/>\n\t<meta name=\"twitter:data1\" content=\"1 minute\" \/>\n<script type=\"application\/ld+json\" class=\"yoast-schema-graph\">{\"@context\":\"https:\\\/\\\/schema.org\",\"@graph\":[{\"@type\":\"WebPage\",\"@id\":\"https:\\\/\\\/abc-latina.com\\\/personnalites\\\/maria_reiche\\\/\",\"url\":\"https:\\\/\\\/abc-latina.com\\\/personnalites\\\/maria_reiche\\\/\",\"name\":\"MARIA REICHE - Abc-latina\",\"isPartOf\":{\"@id\":\"https:\\\/\\\/abc-latina.com\\\/#website\"},\"primaryImageOfPage\":{\"@id\":\"https:\\\/\\\/abc-latina.com\\\/personnalites\\\/maria_reiche\\\/#primaryimage\"},\"image\":{\"@id\":\"https:\\\/\\\/abc-latina.com\\\/personnalites\\\/maria_reiche\\\/#primaryimage\"},\"thumbnailUrl\":\"https:\\\/\\\/abc-latina.com\\\/wp-content\\\/uploads\\\/2010\\\/12\\\/maria_reiche.jpg\",\"datePublished\":\"2010-12-08T02:42:52+00:00\",\"dateModified\":\"2026-04-30T16:25:22+00:00\",\"description\":\"Maria Reiche, et les lignes de Nazca.\",\"breadcrumb\":{\"@id\":\"https:\\\/\\\/abc-latina.com\\\/personnalites\\\/maria_reiche\\\/#breadcrumb\"},\"inLanguage\":\"fr-FR\",\"potentialAction\":[{\"@type\":\"ReadAction\",\"target\":[\"https:\\\/\\\/abc-latina.com\\\/personnalites\\\/maria_reiche\\\/\"]}]},{\"@type\":\"ImageObject\",\"inLanguage\":\"fr-FR\",\"@id\":\"https:\\\/\\\/abc-latina.com\\\/personnalites\\\/maria_reiche\\\/#primaryimage\",\"url\":\"https:\\\/\\\/abc-latina.com\\\/wp-content\\\/uploads\\\/2010\\\/12\\\/maria_reiche.jpg\",\"contentUrl\":\"https:\\\/\\\/abc-latina.com\\\/wp-content\\\/uploads\\\/2010\\\/12\\\/maria_reiche.jpg\",\"width\":170,\"height\":261,\"caption\":\"MARIA REICHE\"},{\"@type\":\"BreadcrumbList\",\"@id\":\"https:\\\/\\\/abc-latina.com\\\/personnalites\\\/maria_reiche\\\/#breadcrumb\",\"itemListElement\":[{\"@type\":\"ListItem\",\"position\":1,\"name\":\"Accueil\",\"item\":\"https:\\\/\\\/abc-latina.com\\\/\"},{\"@type\":\"ListItem\",\"position\":2,\"name\":\"MARIA REICHE\"}]},{\"@type\":\"WebSite\",\"@id\":\"https:\\\/\\\/abc-latina.com\\\/#website\",\"url\":\"https:\\\/\\\/abc-latina.com\\\/\",\"name\":\"Abc-latina\",\"description\":\"\",\"publisher\":{\"@id\":\"https:\\\/\\\/abc-latina.com\\\/#organization\"},\"potentialAction\":[{\"@type\":\"SearchAction\",\"target\":{\"@type\":\"EntryPoint\",\"urlTemplate\":\"https:\\\/\\\/abc-latina.com\\\/?s={search_term_string}\"},\"query-input\":{\"@type\":\"PropertyValueSpecification\",\"valueRequired\":true,\"valueName\":\"search_term_string\"}}],\"inLanguage\":\"fr-FR\"},{\"@type\":\"Organization\",\"@id\":\"https:\\\/\\\/abc-latina.com\\\/#organization\",\"name\":\"Abc-latina\",\"url\":\"https:\\\/\\\/abc-latina.com\\\/\",\"logo\":{\"@type\":\"ImageObject\",\"inLanguage\":\"fr-FR\",\"@id\":\"https:\\\/\\\/abc-latina.com\\\/#\\\/schema\\\/logo\\\/image\\\/\",\"url\":\"https:\\\/\\\/abc-latina.com\\\/wp-content\\\/uploads\\\/2026\\\/05\\\/cropped-logo.gif\",\"contentUrl\":\"https:\\\/\\\/abc-latina.com\\\/wp-content\\\/uploads\\\/2026\\\/05\\\/cropped-logo.gif\",\"width\":89,\"height\":84,\"caption\":\"Abc-latina\"},\"image\":{\"@id\":\"https:\\\/\\\/abc-latina.com\\\/#\\\/schema\\\/logo\\\/image\\\/\"}}]}<\/script>\n<!-- \/ Yoast SEO plugin. -->","yoast_head_json":{"title":"MARIA REICHE - Abc-latina","description":"Maria Reiche, et les lignes de Nazca.","robots":{"index":"index","follow":"follow","max-snippet":"max-snippet:-1","max-image-preview":"max-image-preview:large","max-video-preview":"max-video-preview:-1"},"canonical":"https:\/\/abc-latina.com\/personnalites\/maria_reiche\/","og_locale":"fr_FR","og_type":"article","og_title":"MARIA REICHE - Abc-latina","og_description":"Maria Reiche, et les lignes de Nazca.","og_url":"https:\/\/abc-latina.com\/personnalites\/maria_reiche\/","og_site_name":"Abc-latina","article_modified_time":"2026-04-30T16:25:22+00:00","og_image":[{"width":170,"height":261,"url":"https:\/\/abc-latina.com\/wp-content\/uploads\/2010\/12\/maria_reiche.jpg","type":"image\/jpeg"}],"twitter_card":"summary_large_image","twitter_misc":{"Dur\u00e9e de lecture estim\u00e9e":"1 minute"},"schema":{"@context":"https:\/\/schema.org","@graph":[{"@type":"WebPage","@id":"https:\/\/abc-latina.com\/personnalites\/maria_reiche\/","url":"https:\/\/abc-latina.com\/personnalites\/maria_reiche\/","name":"MARIA REICHE - Abc-latina","isPartOf":{"@id":"https:\/\/abc-latina.com\/#website"},"primaryImageOfPage":{"@id":"https:\/\/abc-latina.com\/personnalites\/maria_reiche\/#primaryimage"},"image":{"@id":"https:\/\/abc-latina.com\/personnalites\/maria_reiche\/#primaryimage"},"thumbnailUrl":"https:\/\/abc-latina.com\/wp-content\/uploads\/2010\/12\/maria_reiche.jpg","datePublished":"2010-12-08T02:42:52+00:00","dateModified":"2026-04-30T16:25:22+00:00","description":"Maria Reiche, et les lignes de Nazca.","breadcrumb":{"@id":"https:\/\/abc-latina.com\/personnalites\/maria_reiche\/#breadcrumb"},"inLanguage":"fr-FR","potentialAction":[{"@type":"ReadAction","target":["https:\/\/abc-latina.com\/personnalites\/maria_reiche\/"]}]},{"@type":"ImageObject","inLanguage":"fr-FR","@id":"https:\/\/abc-latina.com\/personnalites\/maria_reiche\/#primaryimage","url":"https:\/\/abc-latina.com\/wp-content\/uploads\/2010\/12\/maria_reiche.jpg","contentUrl":"https:\/\/abc-latina.com\/wp-content\/uploads\/2010\/12\/maria_reiche.jpg","width":170,"height":261,"caption":"MARIA REICHE"},{"@type":"BreadcrumbList","@id":"https:\/\/abc-latina.com\/personnalites\/maria_reiche\/#breadcrumb","itemListElement":[{"@type":"ListItem","position":1,"name":"Accueil","item":"https:\/\/abc-latina.com\/"},{"@type":"ListItem","position":2,"name":"MARIA REICHE"}]},{"@type":"WebSite","@id":"https:\/\/abc-latina.com\/#website","url":"https:\/\/abc-latina.com\/","name":"Abc-latina","description":"","publisher":{"@id":"https:\/\/abc-latina.com\/#organization"},"potentialAction":[{"@type":"SearchAction","target":{"@type":"EntryPoint","urlTemplate":"https:\/\/abc-latina.com\/?s={search_term_string}"},"query-input":{"@type":"PropertyValueSpecification","valueRequired":true,"valueName":"search_term_string"}}],"inLanguage":"fr-FR"},{"@type":"Organization","@id":"https:\/\/abc-latina.com\/#organization","name":"Abc-latina","url":"https:\/\/abc-latina.com\/","logo":{"@type":"ImageObject","inLanguage":"fr-FR","@id":"https:\/\/abc-latina.com\/#\/schema\/logo\/image\/","url":"https:\/\/abc-latina.com\/wp-content\/uploads\/2026\/05\/cropped-logo.gif","contentUrl":"https:\/\/abc-latina.com\/wp-content\/uploads\/2026\/05\/cropped-logo.gif","width":89,"height":84,"caption":"Abc-latina"},"image":{"@id":"https:\/\/abc-latina.com\/#\/schema\/logo\/image\/"}}]}},"_links":{"self":[{"href":"https:\/\/abc-latina.com\/wp-json\/wp\/v2\/pages\/2602","targetHints":{"allow":["GET"]}}],"collection":[{"href":"https:\/\/abc-latina.com\/wp-json\/wp\/v2\/pages"}],"about":[{"href":"https:\/\/abc-latina.com\/wp-json\/wp\/v2\/types\/page"}],"author":[{"embeddable":true,"href":"https:\/\/abc-latina.com\/wp-json\/wp\/v2\/users\/3"}],"replies":[{"embeddable":true,"href":"https:\/\/abc-latina.com\/wp-json\/wp\/v2\/comments?post=2602"}],"version-history":[{"count":1,"href":"https:\/\/abc-latina.com\/wp-json\/wp\/v2\/pages\/2602\/revisions"}],"predecessor-version":[{"id":3849,"href":"https:\/\/abc-latina.com\/wp-json\/wp\/v2\/pages\/2602\/revisions\/3849"}],"up":[{"embeddable":true,"href":"https:\/\/abc-latina.com\/wp-json\/wp\/v2\/pages\/2633"}],"wp:featuredmedia":[{"embeddable":true,"href":"https:\/\/abc-latina.com\/wp-json\/wp\/v2\/media\/2601"}],"wp:attachment":[{"href":"https:\/\/abc-latina.com\/wp-json\/wp\/v2\/media?parent=2602"}],"curies":[{"name":"wp","href":"https:\/\/api.w.org\/{rel}","templated":true}]}}