{"id":2608,"date":"2010-12-08T04:19:39","date_gmt":"2010-12-08T03:19:39","guid":{"rendered":"http:\/\/abc-latina.com\/nestor_kirchner-htm\/"},"modified":"2026-04-30T18:25:22","modified_gmt":"2026-04-30T16:25:22","slug":"nestor_kirchner","status":"publish","type":"page","link":"https:\/\/abc-latina.com\/personnalites\/nestor_kirchner\/","title":{"rendered":"NESTOR KIRCHNER"},"content":{"rendered":"<div><img loading=\"lazy\" decoding=\"async\" class=\" alignright size-full wp-image-2607\" src=\"http:\/\/abc-latina.com\/wp-content\/uploads\/2010\/12\/nestor-kirchner.jpg\" title=\"NESTOR KIRCHNER\" alt=\"\" width=\"220\" vspace=\"9\" hspace=\"15\" height=\"220\" align=\"right\" srcset=\"https:\/\/abc-latina.com\/wp-content\/uploads\/2010\/12\/nestor-kirchner.jpg 220w, https:\/\/abc-latina.com\/wp-content\/uploads\/2010\/12\/nestor-kirchner-150x150.jpg 150w\" sizes=\"auto, (max-width: 220px) 100vw, 220px\" \/>Ancien pr\u00e9sident de l&rsquo;<a target=\"_blank\" href=\"https:\/\/www.abc-latina.com\/argentine\/\"><strong>Argentine<\/strong><\/a>, <span style=\"color: rgb(255, 102, 0); \"><strong>N\u00e9stor Kirchner<\/strong><\/span> est n\u00e9 en 1950 \u00e0 Rio Gallagos, dans la province de Santa Cruz en Patagonie. Apr\u00e8s des \u00e9tudes de droit \u00e0 l&rsquo;Universit\u00e9 de Buenos Aires, il ouvre un cabinet de juristes \u00e0 Santa Cruz avec son \u00e9pouse <a href=\"cristina_kirchner\">Cristina Fernandez<\/a>. Entr\u00e9 en politique dans le Parti Justicialiste (P\u00e9roniste), il est \u00e9lu intendant (maire) de Rio Gallagos, puis gouverneur de la province de Santa Cruz. Il y redresse les finances publiques en faillite, gr\u00e2ce \u00e0 une gestion associant de forts investissements dans les infrastructures, le logement, l&rsquo;\u00e9ducation, la sant\u00e9, \u00e0 une vraie rigueur budg\u00e9taire. Tr\u00e8s populaire gr\u00e2ce \u00e0 son int\u00e9grit\u00e9, il se confronte aux pr\u00e9sidentielles de 2003 \u00e0 Carlos Menem, son adversaire de toujours au sein du m\u00eame parti. Celui-ci abandonne au deuxi\u00e8me tour (les sondages le donnant comme largement perdant), lui permettant ainsi d&rsquo;acc\u00e9der automatiquement \u00e0 la pr\u00e9sidence, o\u00f9 il succ\u00e8de \u00e0 Eduardo Duhalde. Il ne se repr\u00e9sentera pas pour un second mandat et c&rsquo;est son \u00e9pouse <a href=\"cristina_kirchner\">Cristina Fernandez de Kirchner<\/a> qui deviendra le 28 octobre 2007 pr\u00e9sidente de la R\u00e9publique d&rsquo;Argentine.<\/p>\n<div>Il meurt le 27 octobre 2010 des suites d&rsquo;une crise cardiaque.<span class=\"tsource\"><br \/><\/span><\/div>\n<div>&nbsp;<\/div>\n<div><span class=\"person\">Rep\u00e8res<\/span><\/div>\n<div><span class=\"person-date\">1950<\/span> &#8211; Naissance de Nestor Kirchner<\/div>\n<div><span class=\"person-date\">1987<\/span> &#8211; Elu maire de Rio Gallegos<\/div>\n<div><span class=\"person-date\">1991<\/span> &#8211; Elu gouverneur de Santa Cruz<\/div>\n<div><span class=\"person-date\">2003<\/span> &#8211; Il est \u00e9lu \u00e0 la pr\u00e9sidence de l&rsquo;Argentine<\/div>\n<div><span class=\"person-date\">2010<\/span> &#8211; Il d\u00e9c\u00e9de d&rsquo;une crise cardiaque<\/div>\n<div>&nbsp;<\/div>\n<div><span class=\"tourisme-chapitre\">Personnalit\u00e9s argentines<\/span><\/div>\n<div><a href=\"bernardino_rivadavia\">Bernardino Rivadavia<\/a><\/div>\n<div><a href=\"ernesto_guevara\">Che Guevara<\/a><\/div>\n<div><a href=\"cristina_kirchner\">Cristina Kirchner<\/a><\/div>\n<div><a href=\"evita_peron\">Evita Peron<\/a><\/div>\n<div><a href=\"jorge_rafael_videla\">Jorge Rafael Videla<\/a><\/div>\n<div><a href=\"juan_peron\">Juan Peron<\/a><\/div>\n<div><a href=\"nestor_kirchner\">Nestor Kirchner<\/a><\/div>\n<div><a href=\"personnalites-argentines\">Tous les argentins<\/a><\/div>\n<\/div>\n","protected":false},"excerpt":{"rendered":"<p>Ancien pr\u00e9sident de l&rsquo;Argentine, N\u00e9stor Kirchner est n\u00e9 en 1950 \u00e0 Rio Gallagos, dans la province de Santa Cruz en [&hellip;]<\/p>\n","protected":false},"author":3,"featured_media":2607,"parent":2633,"menu_order":0,"comment_status":"closed","ping_status":"closed","template":"","meta":{"site-sidebar-layout":"default","site-content-layout":"","ast-site-content-layout":"default","site-content-style":"default","site-sidebar-style":"default","ast-global-header-display":"","ast-banner-title-visibility":"","ast-main-header-display":"","ast-hfb-above-header-display":"","ast-hfb-below-header-display":"","ast-hfb-mobile-header-display":"","site-post-title":"","ast-breadcrumbs-content":"","ast-featured-img":"","footer-sml-layout":"","ast-disable-related-posts":"","theme-transparent-header-meta":"","adv-header-id-meta":"","stick-header-meta":"","header-above-stick-meta":"","header-main-stick-meta":"","header-below-stick-meta":"","astra-migrate-meta-layouts":"default","ast-page-background-enabled":"default","ast-page-background-meta":{"desktop":{"background-color":"var(--ast-global-color-5)","background-image":"","background-repeat":"repeat","background-position":"center center","background-size":"auto","background-attachment":"scroll","background-type":"","background-media":"","overlay-type":"","overlay-color":"","overlay-opacity":"","overlay-gradient":""},"tablet":{"background-color":"","background-image":"","background-repeat":"repeat","background-position":"center center","background-size":"auto","background-attachment":"scroll","background-type":"","background-media":"","overlay-type":"","overlay-color":"","overlay-opacity":"","overlay-gradient":""},"mobile":{"background-color":"","background-image":"","background-repeat":"repeat","background-position":"center center","background-size":"auto","background-attachment":"scroll","background-type":"","background-media":"","overlay-type":"","overlay-color":"","overlay-opacity":"","overlay-gradient":""}},"ast-content-background-meta":{"desktop":{"background-color":"var(--ast-global-color-4)","background-image":"","background-repeat":"repeat","background-position":"center center","background-size":"auto","background-attachment":"scroll","background-type":"","background-media":"","overlay-type":"","overlay-color":"","overlay-opacity":"","overlay-gradient":""},"tablet":{"background-color":"var(--ast-global-color-4)","background-image":"","background-repeat":"repeat","background-position":"center center","background-size":"auto","background-attachment":"scroll","background-type":"","background-media":"","overlay-type":"","overlay-color":"","overlay-opacity":"","overlay-gradient":""},"mobile":{"background-color":"var(--ast-global-color-4)","background-image":"","background-repeat":"repeat","background-position":"center center","background-size":"auto","background-attachment":"scroll","background-type":"","background-media":"","overlay-type":"","overlay-color":"","overlay-opacity":"","overlay-gradient":""}},"footnotes":""},"class_list":["post-2608","page","type-page","status-publish","has-post-thumbnail","hentry"],"yoast_head":"<!-- This site is optimized with the Yoast SEO plugin v27.5 - https:\/\/yoast.com\/product\/yoast-seo-wordpress\/ -->\n<title>NESTOR KIRCHNER - Abc-latina<\/title>\n<meta name=\"description\" content=\"Nestor Kirchner, ancien pr\u00e9sident argentin.\" \/>\n<meta name=\"robots\" content=\"index, follow, max-snippet:-1, max-image-preview:large, max-video-preview:-1\" \/>\n<link rel=\"canonical\" href=\"https:\/\/abc-latina.com\/personnalites\/nestor_kirchner\/\" \/>\n<meta property=\"og:locale\" content=\"fr_FR\" \/>\n<meta property=\"og:type\" content=\"article\" \/>\n<meta property=\"og:title\" content=\"NESTOR KIRCHNER - Abc-latina\" \/>\n<meta property=\"og:description\" content=\"Nestor Kirchner, ancien pr\u00e9sident argentin.\" \/>\n<meta property=\"og:url\" content=\"https:\/\/abc-latina.com\/personnalites\/nestor_kirchner\/\" \/>\n<meta property=\"og:site_name\" content=\"Abc-latina\" \/>\n<meta property=\"article:modified_time\" content=\"2026-04-30T16:25:22+00:00\" \/>\n<meta property=\"og:image\" content=\"https:\/\/abc-latina.com\/wp-content\/uploads\/2010\/12\/nestor-kirchner.jpg\" \/>\n\t<meta property=\"og:image:width\" content=\"220\" \/>\n\t<meta property=\"og:image:height\" content=\"220\" \/>\n\t<meta property=\"og:image:type\" content=\"image\/jpeg\" \/>\n<meta name=\"twitter:card\" content=\"summary_large_image\" \/>\n<meta name=\"twitter:label1\" content=\"Dur\u00e9e de lecture estim\u00e9e\" \/>\n\t<meta name=\"twitter:data1\" content=\"1 minute\" \/>\n<script type=\"application\/ld+json\" class=\"yoast-schema-graph\">{\"@context\":\"https:\\\/\\\/schema.org\",\"@graph\":[{\"@type\":\"WebPage\",\"@id\":\"https:\\\/\\\/abc-latina.com\\\/personnalites\\\/nestor_kirchner\\\/\",\"url\":\"https:\\\/\\\/abc-latina.com\\\/personnalites\\\/nestor_kirchner\\\/\",\"name\":\"NESTOR KIRCHNER - Abc-latina\",\"isPartOf\":{\"@id\":\"https:\\\/\\\/abc-latina.com\\\/#website\"},\"primaryImageOfPage\":{\"@id\":\"https:\\\/\\\/abc-latina.com\\\/personnalites\\\/nestor_kirchner\\\/#primaryimage\"},\"image\":{\"@id\":\"https:\\\/\\\/abc-latina.com\\\/personnalites\\\/nestor_kirchner\\\/#primaryimage\"},\"thumbnailUrl\":\"https:\\\/\\\/abc-latina.com\\\/wp-content\\\/uploads\\\/2010\\\/12\\\/nestor-kirchner.jpg\",\"datePublished\":\"2010-12-08T03:19:39+00:00\",\"dateModified\":\"2026-04-30T16:25:22+00:00\",\"description\":\"Nestor Kirchner, ancien pr\u00e9sident argentin.\",\"breadcrumb\":{\"@id\":\"https:\\\/\\\/abc-latina.com\\\/personnalites\\\/nestor_kirchner\\\/#breadcrumb\"},\"inLanguage\":\"fr-FR\",\"potentialAction\":[{\"@type\":\"ReadAction\",\"target\":[\"https:\\\/\\\/abc-latina.com\\\/personnalites\\\/nestor_kirchner\\\/\"]}]},{\"@type\":\"ImageObject\",\"inLanguage\":\"fr-FR\",\"@id\":\"https:\\\/\\\/abc-latina.com\\\/personnalites\\\/nestor_kirchner\\\/#primaryimage\",\"url\":\"https:\\\/\\\/abc-latina.com\\\/wp-content\\\/uploads\\\/2010\\\/12\\\/nestor-kirchner.jpg\",\"contentUrl\":\"https:\\\/\\\/abc-latina.com\\\/wp-content\\\/uploads\\\/2010\\\/12\\\/nestor-kirchner.jpg\",\"width\":220,\"height\":220,\"caption\":\"NESTOR KIRCHNER\"},{\"@type\":\"BreadcrumbList\",\"@id\":\"https:\\\/\\\/abc-latina.com\\\/personnalites\\\/nestor_kirchner\\\/#breadcrumb\",\"itemListElement\":[{\"@type\":\"ListItem\",\"position\":1,\"name\":\"Accueil\",\"item\":\"https:\\\/\\\/abc-latina.com\\\/\"},{\"@type\":\"ListItem\",\"position\":2,\"name\":\"NESTOR KIRCHNER\"}]},{\"@type\":\"WebSite\",\"@id\":\"https:\\\/\\\/abc-latina.com\\\/#website\",\"url\":\"https:\\\/\\\/abc-latina.com\\\/\",\"name\":\"Abc-latina\",\"description\":\"\",\"publisher\":{\"@id\":\"https:\\\/\\\/abc-latina.com\\\/#organization\"},\"potentialAction\":[{\"@type\":\"SearchAction\",\"target\":{\"@type\":\"EntryPoint\",\"urlTemplate\":\"https:\\\/\\\/abc-latina.com\\\/?s={search_term_string}\"},\"query-input\":{\"@type\":\"PropertyValueSpecification\",\"valueRequired\":true,\"valueName\":\"search_term_string\"}}],\"inLanguage\":\"fr-FR\"},{\"@type\":\"Organization\",\"@id\":\"https:\\\/\\\/abc-latina.com\\\/#organization\",\"name\":\"Abc-latina\",\"url\":\"https:\\\/\\\/abc-latina.com\\\/\",\"logo\":{\"@type\":\"ImageObject\",\"inLanguage\":\"fr-FR\",\"@id\":\"https:\\\/\\\/abc-latina.com\\\/#\\\/schema\\\/logo\\\/image\\\/\",\"url\":\"https:\\\/\\\/abc-latina.com\\\/wp-content\\\/uploads\\\/2026\\\/05\\\/cropped-logo.gif\",\"contentUrl\":\"https:\\\/\\\/abc-latina.com\\\/wp-content\\\/uploads\\\/2026\\\/05\\\/cropped-logo.gif\",\"width\":89,\"height\":84,\"caption\":\"Abc-latina\"},\"image\":{\"@id\":\"https:\\\/\\\/abc-latina.com\\\/#\\\/schema\\\/logo\\\/image\\\/\"}}]}<\/script>\n<!-- \/ Yoast SEO plugin. -->","yoast_head_json":{"title":"NESTOR KIRCHNER - Abc-latina","description":"Nestor Kirchner, ancien pr\u00e9sident argentin.","robots":{"index":"index","follow":"follow","max-snippet":"max-snippet:-1","max-image-preview":"max-image-preview:large","max-video-preview":"max-video-preview:-1"},"canonical":"https:\/\/abc-latina.com\/personnalites\/nestor_kirchner\/","og_locale":"fr_FR","og_type":"article","og_title":"NESTOR KIRCHNER - Abc-latina","og_description":"Nestor Kirchner, ancien pr\u00e9sident argentin.","og_url":"https:\/\/abc-latina.com\/personnalites\/nestor_kirchner\/","og_site_name":"Abc-latina","article_modified_time":"2026-04-30T16:25:22+00:00","og_image":[{"width":220,"height":220,"url":"https:\/\/abc-latina.com\/wp-content\/uploads\/2010\/12\/nestor-kirchner.jpg","type":"image\/jpeg"}],"twitter_card":"summary_large_image","twitter_misc":{"Dur\u00e9e de lecture estim\u00e9e":"1 minute"},"schema":{"@context":"https:\/\/schema.org","@graph":[{"@type":"WebPage","@id":"https:\/\/abc-latina.com\/personnalites\/nestor_kirchner\/","url":"https:\/\/abc-latina.com\/personnalites\/nestor_kirchner\/","name":"NESTOR KIRCHNER - Abc-latina","isPartOf":{"@id":"https:\/\/abc-latina.com\/#website"},"primaryImageOfPage":{"@id":"https:\/\/abc-latina.com\/personnalites\/nestor_kirchner\/#primaryimage"},"image":{"@id":"https:\/\/abc-latina.com\/personnalites\/nestor_kirchner\/#primaryimage"},"thumbnailUrl":"https:\/\/abc-latina.com\/wp-content\/uploads\/2010\/12\/nestor-kirchner.jpg","datePublished":"2010-12-08T03:19:39+00:00","dateModified":"2026-04-30T16:25:22+00:00","description":"Nestor Kirchner, ancien pr\u00e9sident argentin.","breadcrumb":{"@id":"https:\/\/abc-latina.com\/personnalites\/nestor_kirchner\/#breadcrumb"},"inLanguage":"fr-FR","potentialAction":[{"@type":"ReadAction","target":["https:\/\/abc-latina.com\/personnalites\/nestor_kirchner\/"]}]},{"@type":"ImageObject","inLanguage":"fr-FR","@id":"https:\/\/abc-latina.com\/personnalites\/nestor_kirchner\/#primaryimage","url":"https:\/\/abc-latina.com\/wp-content\/uploads\/2010\/12\/nestor-kirchner.jpg","contentUrl":"https:\/\/abc-latina.com\/wp-content\/uploads\/2010\/12\/nestor-kirchner.jpg","width":220,"height":220,"caption":"NESTOR KIRCHNER"},{"@type":"BreadcrumbList","@id":"https:\/\/abc-latina.com\/personnalites\/nestor_kirchner\/#breadcrumb","itemListElement":[{"@type":"ListItem","position":1,"name":"Accueil","item":"https:\/\/abc-latina.com\/"},{"@type":"ListItem","position":2,"name":"NESTOR KIRCHNER"}]},{"@type":"WebSite","@id":"https:\/\/abc-latina.com\/#website","url":"https:\/\/abc-latina.com\/","name":"Abc-latina","description":"","publisher":{"@id":"https:\/\/abc-latina.com\/#organization"},"potentialAction":[{"@type":"SearchAction","target":{"@type":"EntryPoint","urlTemplate":"https:\/\/abc-latina.com\/?s={search_term_string}"},"query-input":{"@type":"PropertyValueSpecification","valueRequired":true,"valueName":"search_term_string"}}],"inLanguage":"fr-FR"},{"@type":"Organization","@id":"https:\/\/abc-latina.com\/#organization","name":"Abc-latina","url":"https:\/\/abc-latina.com\/","logo":{"@type":"ImageObject","inLanguage":"fr-FR","@id":"https:\/\/abc-latina.com\/#\/schema\/logo\/image\/","url":"https:\/\/abc-latina.com\/wp-content\/uploads\/2026\/05\/cropped-logo.gif","contentUrl":"https:\/\/abc-latina.com\/wp-content\/uploads\/2026\/05\/cropped-logo.gif","width":89,"height":84,"caption":"Abc-latina"},"image":{"@id":"https:\/\/abc-latina.com\/#\/schema\/logo\/image\/"}}]}},"_links":{"self":[{"href":"https:\/\/abc-latina.com\/wp-json\/wp\/v2\/pages\/2608","targetHints":{"allow":["GET"]}}],"collection":[{"href":"https:\/\/abc-latina.com\/wp-json\/wp\/v2\/pages"}],"about":[{"href":"https:\/\/abc-latina.com\/wp-json\/wp\/v2\/types\/page"}],"author":[{"embeddable":true,"href":"https:\/\/abc-latina.com\/wp-json\/wp\/v2\/users\/3"}],"replies":[{"embeddable":true,"href":"https:\/\/abc-latina.com\/wp-json\/wp\/v2\/comments?post=2608"}],"version-history":[{"count":1,"href":"https:\/\/abc-latina.com\/wp-json\/wp\/v2\/pages\/2608\/revisions"}],"predecessor-version":[{"id":3852,"href":"https:\/\/abc-latina.com\/wp-json\/wp\/v2\/pages\/2608\/revisions\/3852"}],"up":[{"embeddable":true,"href":"https:\/\/abc-latina.com\/wp-json\/wp\/v2\/pages\/2633"}],"wp:featuredmedia":[{"embeddable":true,"href":"https:\/\/abc-latina.com\/wp-json\/wp\/v2\/media\/2607"}],"wp:attachment":[{"href":"https:\/\/abc-latina.com\/wp-json\/wp\/v2\/media?parent=2608"}],"curies":[{"name":"wp","href":"https:\/\/api.w.org\/{rel}","templated":true}]}}