{"id":2609,"date":"2010-12-08T04:23:22","date_gmt":"2010-12-08T03:23:22","guid":{"rendered":"http:\/\/abc-latina.com\/oscar_arias_sanchez-htm\/"},"modified":"2026-04-30T18:25:22","modified_gmt":"2026-04-30T16:25:22","slug":"oscar_arias_sanchez","status":"publish","type":"page","link":"https:\/\/abc-latina.com\/personnalites\/oscar_arias_sanchez\/","title":{"rendered":"OSCAR ARIAS SANCHEZ"},"content":{"rendered":"<div><span style=\"color: rgb(255, 102, 0); \"><strong>Oscar Arias<\/strong><\/span> est n\u00e9 \u00e0 Heredia au <a target=\"_blank\" href=\"https:\/\/www.abc-latina.com\/costarica\/\"><strong>Costa Rica<\/strong><\/a> et fait des \u00e9tudes aux Etats-Unis, au Costa Rica et en Angleterre. Etudiant, il s&rsquo;engage dans le Parti de lib\u00e9ration nationale (PLN). En 1969, il devient professeur de sciences politiques \u00e0 l&rsquo;Universit\u00e9 de Costa Rica et se lance dans la politique un an plus tard. Sous les pr\u00e9sidences de Figueres et Oduber, dans les ann\u00e9es 70, il devient Ministre du planning national et de l&rsquo;\u00e9conomie politique, puis Secr\u00e9taire-g\u00e9n\u00e9ral du parti. Il sera \u00e9lu pr\u00e9sident \u00e0 son tour en 1986. Pendant sa pr\u00e9sidence, il se consacre \u00e0 la poursuite d&rsquo;un accord de paix en Am\u00e9rique Centrale en relan\u00e7ant le processus de paix de Contadora, qui \u00e9tait en suspens. Pour mener \u00e0 bien ce processus, il soumet son propre Tra\u00eet\u00e9 de paix aux participants, et ceux-ci l&rsquo;acceptent et le signent le 7 ao\u00fbt 1987.<\/p>\n<div><a target=\"_blank\" href=\"https:\/\/www.abc-latina.com\/amerique_latine\/prix_nobel\">Prix Nobel<\/a> de la Paix en 1987.<\/div>\n<div>&nbsp;<\/div>\n<div><span class=\"person\">REPERES<\/span><\/div>\n<div><span class=\"person-date\">1940<\/span> &#8211; Naissance d&rsquo;Oscar Arias<\/div>\n<div><span class=\"person-date\">1986<\/span> &#8211; Elu \u00e0 la pr\u00e9sidence<\/div>\n<div><span class=\"person-date\">1987<\/span> &#8211; Il re\u00e7oit le prix Nobel de la Paix<\/div>\n<\/div>\n","protected":false},"excerpt":{"rendered":"<p>Oscar Arias est n\u00e9 \u00e0 Heredia au Costa Rica et fait des \u00e9tudes aux Etats-Unis, au Costa Rica et en [&hellip;]<\/p>\n","protected":false},"author":3,"featured_media":0,"parent":2633,"menu_order":0,"comment_status":"closed","ping_status":"closed","template":"","meta":{"site-sidebar-layout":"default","site-content-layout":"","ast-site-content-layout":"default","site-content-style":"default","site-sidebar-style":"default","ast-global-header-display":"","ast-banner-title-visibility":"","ast-main-header-display":"","ast-hfb-above-header-display":"","ast-hfb-below-header-display":"","ast-hfb-mobile-header-display":"","site-post-title":"","ast-breadcrumbs-content":"","ast-featured-img":"","footer-sml-layout":"","ast-disable-related-posts":"","theme-transparent-header-meta":"","adv-header-id-meta":"","stick-header-meta":"","header-above-stick-meta":"","header-main-stick-meta":"","header-below-stick-meta":"","astra-migrate-meta-layouts":"default","ast-page-background-enabled":"default","ast-page-background-meta":{"desktop":{"background-color":"var(--ast-global-color-5)","background-image":"","background-repeat":"repeat","background-position":"center center","background-size":"auto","background-attachment":"scroll","background-type":"","background-media":"","overlay-type":"","overlay-color":"","overlay-opacity":"","overlay-gradient":""},"tablet":{"background-color":"","background-image":"","background-repeat":"repeat","background-position":"center center","background-size":"auto","background-attachment":"scroll","background-type":"","background-media":"","overlay-type":"","overlay-color":"","overlay-opacity":"","overlay-gradient":""},"mobile":{"background-color":"","background-image":"","background-repeat":"repeat","background-position":"center center","background-size":"auto","background-attachment":"scroll","background-type":"","background-media":"","overlay-type":"","overlay-color":"","overlay-opacity":"","overlay-gradient":""}},"ast-content-background-meta":{"desktop":{"background-color":"var(--ast-global-color-4)","background-image":"","background-repeat":"repeat","background-position":"center center","background-size":"auto","background-attachment":"scroll","background-type":"","background-media":"","overlay-type":"","overlay-color":"","overlay-opacity":"","overlay-gradient":""},"tablet":{"background-color":"var(--ast-global-color-4)","background-image":"","background-repeat":"repeat","background-position":"center center","background-size":"auto","background-attachment":"scroll","background-type":"","background-media":"","overlay-type":"","overlay-color":"","overlay-opacity":"","overlay-gradient":""},"mobile":{"background-color":"var(--ast-global-color-4)","background-image":"","background-repeat":"repeat","background-position":"center center","background-size":"auto","background-attachment":"scroll","background-type":"","background-media":"","overlay-type":"","overlay-color":"","overlay-opacity":"","overlay-gradient":""}},"footnotes":""},"class_list":["post-2609","page","type-page","status-publish","hentry"],"yoast_head":"<!-- This site is optimized with the Yoast SEO plugin v27.5 - https:\/\/yoast.com\/product\/yoast-seo-wordpress\/ -->\n<title>OSCAR ARIAS SANCHEZ - Abc-latina<\/title>\n<meta name=\"description\" content=\"Oscar Arias Sanchez, Elu pr\u00e9sident du Costa Rica en 1986.\" \/>\n<meta name=\"robots\" content=\"index, follow, max-snippet:-1, max-image-preview:large, max-video-preview:-1\" \/>\n<link rel=\"canonical\" href=\"https:\/\/abc-latina.com\/personnalites\/oscar_arias_sanchez\/\" \/>\n<meta property=\"og:locale\" content=\"fr_FR\" \/>\n<meta property=\"og:type\" content=\"article\" \/>\n<meta property=\"og:title\" content=\"OSCAR ARIAS SANCHEZ - Abc-latina\" \/>\n<meta property=\"og:description\" content=\"Oscar Arias Sanchez, Elu pr\u00e9sident du Costa Rica en 1986.\" \/>\n<meta property=\"og:url\" content=\"https:\/\/abc-latina.com\/personnalites\/oscar_arias_sanchez\/\" \/>\n<meta property=\"og:site_name\" content=\"Abc-latina\" \/>\n<meta property=\"article:modified_time\" content=\"2026-04-30T16:25:22+00:00\" \/>\n<meta name=\"twitter:card\" content=\"summary_large_image\" \/>\n<meta name=\"twitter:label1\" content=\"Dur\u00e9e de lecture estim\u00e9e\" \/>\n\t<meta name=\"twitter:data1\" content=\"1 minute\" \/>\n<script type=\"application\/ld+json\" class=\"yoast-schema-graph\">{\"@context\":\"https:\\\/\\\/schema.org\",\"@graph\":[{\"@type\":\"WebPage\",\"@id\":\"https:\\\/\\\/abc-latina.com\\\/personnalites\\\/oscar_arias_sanchez\\\/\",\"url\":\"https:\\\/\\\/abc-latina.com\\\/personnalites\\\/oscar_arias_sanchez\\\/\",\"name\":\"OSCAR ARIAS SANCHEZ - Abc-latina\",\"isPartOf\":{\"@id\":\"https:\\\/\\\/abc-latina.com\\\/#website\"},\"datePublished\":\"2010-12-08T03:23:22+00:00\",\"dateModified\":\"2026-04-30T16:25:22+00:00\",\"description\":\"Oscar Arias Sanchez, Elu pr\u00e9sident du Costa Rica en 1986.\",\"breadcrumb\":{\"@id\":\"https:\\\/\\\/abc-latina.com\\\/personnalites\\\/oscar_arias_sanchez\\\/#breadcrumb\"},\"inLanguage\":\"fr-FR\",\"potentialAction\":[{\"@type\":\"ReadAction\",\"target\":[\"https:\\\/\\\/abc-latina.com\\\/personnalites\\\/oscar_arias_sanchez\\\/\"]}]},{\"@type\":\"BreadcrumbList\",\"@id\":\"https:\\\/\\\/abc-latina.com\\\/personnalites\\\/oscar_arias_sanchez\\\/#breadcrumb\",\"itemListElement\":[{\"@type\":\"ListItem\",\"position\":1,\"name\":\"Accueil\",\"item\":\"https:\\\/\\\/abc-latina.com\\\/\"},{\"@type\":\"ListItem\",\"position\":2,\"name\":\"OSCAR ARIAS SANCHEZ\"}]},{\"@type\":\"WebSite\",\"@id\":\"https:\\\/\\\/abc-latina.com\\\/#website\",\"url\":\"https:\\\/\\\/abc-latina.com\\\/\",\"name\":\"Abc-latina\",\"description\":\"\",\"publisher\":{\"@id\":\"https:\\\/\\\/abc-latina.com\\\/#organization\"},\"potentialAction\":[{\"@type\":\"SearchAction\",\"target\":{\"@type\":\"EntryPoint\",\"urlTemplate\":\"https:\\\/\\\/abc-latina.com\\\/?s={search_term_string}\"},\"query-input\":{\"@type\":\"PropertyValueSpecification\",\"valueRequired\":true,\"valueName\":\"search_term_string\"}}],\"inLanguage\":\"fr-FR\"},{\"@type\":\"Organization\",\"@id\":\"https:\\\/\\\/abc-latina.com\\\/#organization\",\"name\":\"Abc-latina\",\"url\":\"https:\\\/\\\/abc-latina.com\\\/\",\"logo\":{\"@type\":\"ImageObject\",\"inLanguage\":\"fr-FR\",\"@id\":\"https:\\\/\\\/abc-latina.com\\\/#\\\/schema\\\/logo\\\/image\\\/\",\"url\":\"https:\\\/\\\/abc-latina.com\\\/wp-content\\\/uploads\\\/2026\\\/05\\\/cropped-logo.gif\",\"contentUrl\":\"https:\\\/\\\/abc-latina.com\\\/wp-content\\\/uploads\\\/2026\\\/05\\\/cropped-logo.gif\",\"width\":89,\"height\":84,\"caption\":\"Abc-latina\"},\"image\":{\"@id\":\"https:\\\/\\\/abc-latina.com\\\/#\\\/schema\\\/logo\\\/image\\\/\"}}]}<\/script>\n<!-- \/ Yoast SEO plugin. -->","yoast_head_json":{"title":"OSCAR ARIAS SANCHEZ - Abc-latina","description":"Oscar Arias Sanchez, Elu pr\u00e9sident du Costa Rica en 1986.","robots":{"index":"index","follow":"follow","max-snippet":"max-snippet:-1","max-image-preview":"max-image-preview:large","max-video-preview":"max-video-preview:-1"},"canonical":"https:\/\/abc-latina.com\/personnalites\/oscar_arias_sanchez\/","og_locale":"fr_FR","og_type":"article","og_title":"OSCAR ARIAS SANCHEZ - Abc-latina","og_description":"Oscar Arias Sanchez, Elu pr\u00e9sident du Costa Rica en 1986.","og_url":"https:\/\/abc-latina.com\/personnalites\/oscar_arias_sanchez\/","og_site_name":"Abc-latina","article_modified_time":"2026-04-30T16:25:22+00:00","twitter_card":"summary_large_image","twitter_misc":{"Dur\u00e9e de lecture estim\u00e9e":"1 minute"},"schema":{"@context":"https:\/\/schema.org","@graph":[{"@type":"WebPage","@id":"https:\/\/abc-latina.com\/personnalites\/oscar_arias_sanchez\/","url":"https:\/\/abc-latina.com\/personnalites\/oscar_arias_sanchez\/","name":"OSCAR ARIAS SANCHEZ - Abc-latina","isPartOf":{"@id":"https:\/\/abc-latina.com\/#website"},"datePublished":"2010-12-08T03:23:22+00:00","dateModified":"2026-04-30T16:25:22+00:00","description":"Oscar Arias Sanchez, Elu pr\u00e9sident du Costa Rica en 1986.","breadcrumb":{"@id":"https:\/\/abc-latina.com\/personnalites\/oscar_arias_sanchez\/#breadcrumb"},"inLanguage":"fr-FR","potentialAction":[{"@type":"ReadAction","target":["https:\/\/abc-latina.com\/personnalites\/oscar_arias_sanchez\/"]}]},{"@type":"BreadcrumbList","@id":"https:\/\/abc-latina.com\/personnalites\/oscar_arias_sanchez\/#breadcrumb","itemListElement":[{"@type":"ListItem","position":1,"name":"Accueil","item":"https:\/\/abc-latina.com\/"},{"@type":"ListItem","position":2,"name":"OSCAR ARIAS SANCHEZ"}]},{"@type":"WebSite","@id":"https:\/\/abc-latina.com\/#website","url":"https:\/\/abc-latina.com\/","name":"Abc-latina","description":"","publisher":{"@id":"https:\/\/abc-latina.com\/#organization"},"potentialAction":[{"@type":"SearchAction","target":{"@type":"EntryPoint","urlTemplate":"https:\/\/abc-latina.com\/?s={search_term_string}"},"query-input":{"@type":"PropertyValueSpecification","valueRequired":true,"valueName":"search_term_string"}}],"inLanguage":"fr-FR"},{"@type":"Organization","@id":"https:\/\/abc-latina.com\/#organization","name":"Abc-latina","url":"https:\/\/abc-latina.com\/","logo":{"@type":"ImageObject","inLanguage":"fr-FR","@id":"https:\/\/abc-latina.com\/#\/schema\/logo\/image\/","url":"https:\/\/abc-latina.com\/wp-content\/uploads\/2026\/05\/cropped-logo.gif","contentUrl":"https:\/\/abc-latina.com\/wp-content\/uploads\/2026\/05\/cropped-logo.gif","width":89,"height":84,"caption":"Abc-latina"},"image":{"@id":"https:\/\/abc-latina.com\/#\/schema\/logo\/image\/"}}]}},"_links":{"self":[{"href":"https:\/\/abc-latina.com\/wp-json\/wp\/v2\/pages\/2609","targetHints":{"allow":["GET"]}}],"collection":[{"href":"https:\/\/abc-latina.com\/wp-json\/wp\/v2\/pages"}],"about":[{"href":"https:\/\/abc-latina.com\/wp-json\/wp\/v2\/types\/page"}],"author":[{"embeddable":true,"href":"https:\/\/abc-latina.com\/wp-json\/wp\/v2\/users\/3"}],"replies":[{"embeddable":true,"href":"https:\/\/abc-latina.com\/wp-json\/wp\/v2\/comments?post=2609"}],"version-history":[{"count":1,"href":"https:\/\/abc-latina.com\/wp-json\/wp\/v2\/pages\/2609\/revisions"}],"predecessor-version":[{"id":3853,"href":"https:\/\/abc-latina.com\/wp-json\/wp\/v2\/pages\/2609\/revisions\/3853"}],"up":[{"embeddable":true,"href":"https:\/\/abc-latina.com\/wp-json\/wp\/v2\/pages\/2633"}],"wp:attachment":[{"href":"https:\/\/abc-latina.com\/wp-json\/wp\/v2\/media?parent=2609"}],"curies":[{"name":"wp","href":"https:\/\/api.w.org\/{rel}","templated":true}]}}