{"id":2645,"date":"2011-09-04T04:48:55","date_gmt":"2011-09-04T02:48:55","guid":{"rendered":"http:\/\/abc-latina.com\/monnaie-htm\/"},"modified":"2026-04-30T18:25:05","modified_gmt":"2026-04-30T16:25:05","slug":"monnaie","status":"publish","type":"page","link":"https:\/\/abc-latina.com\/histoire\/monnaie\/","title":{"rendered":"HISTOIRE des MONNAIES en AMERIQUE LATINE"},"content":{"rendered":"<p>A l&rsquo;origine du monde, les produits naturels \u00e9taient le seul moyen d&rsquo;\u00e9change. Animaux, esclaves, coquillages, graines ont aussi longtemps servis de valeur \u00e9talon au commerce. Le troc fut longtemps utilis\u00e9 lui aussi, et de nos jours on peut encore rencontrer sur quelques march\u00e9s des Andes p\u00e9ruviennes des paysans troquant leurs produits.<\/p>\n<p>La monnaie fit son arriv\u00e9e dans le Nouveau Monde avec les conqu\u00e9rants espagnols et portugais.<\/p>\n<p>Au <a target=\"_blank\" href=\"https:\/\/www.abc-latina.com\/perou\/\">P\u00e9rou<\/a>, \u00e0 l&rsquo;\u00e9poque de la Conqu\u00eate, on utilisait la <a target=\"_blank\" href=\"https:\/\/www.abc-latina.com\/amerique_latine\/flore-faune\/coca.php\">feuille de coca<\/a> dans des bourses ou des paniers, pour le paiement entre les indiens. Apr\u00e8s la Conqu\u00eate, on acceptait comme monnaie les tissus, le coton, l&rsquo;or et l&rsquo;argent.<\/p>\n<p>Au <a target=\"_blank\" href=\"https:\/\/www.abc-latina.com\/mexique\/\">Mexique<\/a>, on utilisait avant l&rsquo;arriv\u00e9e des Espagnols et pendant la Conqu\u00eate, des amandes de cacao. Pour exemple, 300 \u00e0 500 mesures servaient \u00e0 acheter un esclave homme, et de 240 \u00e0 400 s&rsquo;il s&rsquo;agissait d&rsquo;une femme, en fonction de leur \u00e2ge et de leur robustesse. A l&rsquo;\u00e9poque de la Conqu\u00eate, un lapin valait 10 amandes. Le ma\u00efs contenu dans la cavit\u00e9 de deux mains valait deux amandes. Les prostitu\u00e9s percevaient 10 amandes. Le ma\u00efs servait aussi d&rsquo;unit\u00e9 d&rsquo;\u00e9change. Les plumes \u00e9taient aussi utilis\u00e9es.<\/p>\n<p>Au <a target=\"_blank\" href=\"https:\/\/www.abc-latina.com\/paraguay\/\">Paraguay<\/a> on a adopt\u00e9 comme monnaie le tabac, le mat\u00e9, le coton et les poules. En 1640 on a autoris\u00e9 le paiement en bovin, puis par la suite on a utilis\u00e9 le bl\u00e9.<\/p>\n<p>En <a target=\"_blank\" href=\"https:\/\/www.abc-latina.com\/argentine\/\">Argentine<\/a>, tout comme au Paraguay, on employait le bovin, le mat\u00e9, le tabac, le bl\u00e9 et le coton, mais aussi: la laine de brebis, les porcs, ch\u00e8vres et moutons.<\/p>\n<p>En Am\u00e9rique Centrale, les caur\u00eds (petits coquillages) ont \u00e9t\u00e9 tr\u00e8s utilis\u00e9es par les Indiens.&nbsp;<\/p>\n","protected":false},"excerpt":{"rendered":"<p>A l&rsquo;origine du monde, les produits naturels \u00e9taient le seul moyen d&rsquo;\u00e9change. Animaux, esclaves, coquillages, graines ont aussi longtemps servis [&hellip;]<\/p>\n","protected":false},"author":3,"featured_media":0,"parent":2647,"menu_order":0,"comment_status":"closed","ping_status":"closed","template":"","meta":{"site-sidebar-layout":"default","site-content-layout":"","ast-site-content-layout":"default","site-content-style":"default","site-sidebar-style":"default","ast-global-header-display":"","ast-banner-title-visibility":"","ast-main-header-display":"","ast-hfb-above-header-display":"","ast-hfb-below-header-display":"","ast-hfb-mobile-header-display":"","site-post-title":"","ast-breadcrumbs-content":"","ast-featured-img":"","footer-sml-layout":"","ast-disable-related-posts":"","theme-transparent-header-meta":"","adv-header-id-meta":"","stick-header-meta":"","header-above-stick-meta":"","header-main-stick-meta":"","header-below-stick-meta":"","astra-migrate-meta-layouts":"default","ast-page-background-enabled":"default","ast-page-background-meta":{"desktop":{"background-color":"var(--ast-global-color-5)","background-image":"","background-repeat":"repeat","background-position":"center center","background-size":"auto","background-attachment":"scroll","background-type":"","background-media":"","overlay-type":"","overlay-color":"","overlay-opacity":"","overlay-gradient":""},"tablet":{"background-color":"","background-image":"","background-repeat":"repeat","background-position":"center center","background-size":"auto","background-attachment":"scroll","background-type":"","background-media":"","overlay-type":"","overlay-color":"","overlay-opacity":"","overlay-gradient":""},"mobile":{"background-color":"","background-image":"","background-repeat":"repeat","background-position":"center center","background-size":"auto","background-attachment":"scroll","background-type":"","background-media":"","overlay-type":"","overlay-color":"","overlay-opacity":"","overlay-gradient":""}},"ast-content-background-meta":{"desktop":{"background-color":"var(--ast-global-color-4)","background-image":"","background-repeat":"repeat","background-position":"center center","background-size":"auto","background-attachment":"scroll","background-type":"","background-media":"","overlay-type":"","overlay-color":"","overlay-opacity":"","overlay-gradient":""},"tablet":{"background-color":"var(--ast-global-color-4)","background-image":"","background-repeat":"repeat","background-position":"center center","background-size":"auto","background-attachment":"scroll","background-type":"","background-media":"","overlay-type":"","overlay-color":"","overlay-opacity":"","overlay-gradient":""},"mobile":{"background-color":"var(--ast-global-color-4)","background-image":"","background-repeat":"repeat","background-position":"center center","background-size":"auto","background-attachment":"scroll","background-type":"","background-media":"","overlay-type":"","overlay-color":"","overlay-opacity":"","overlay-gradient":""}},"footnotes":""},"class_list":["post-2645","page","type-page","status-publish","hentry"],"yoast_head":"<!-- This site is optimized with the Yoast SEO plugin v27.5 - https:\/\/yoast.com\/product\/yoast-seo-wordpress\/ -->\n<title>HISTOIRE des MONNAIES en AMERIQUE LATINE - Abc-latina<\/title>\n<meta name=\"description\" content=\"En Am\u00e9rique latine, la monnaie fut pr\u00e9sente sous diff\u00e9rentes formes.\" \/>\n<meta name=\"robots\" content=\"index, follow, max-snippet:-1, max-image-preview:large, max-video-preview:-1\" \/>\n<link rel=\"canonical\" href=\"https:\/\/abc-latina.com\/histoire\/monnaie\/\" \/>\n<meta property=\"og:locale\" content=\"fr_FR\" \/>\n<meta property=\"og:type\" content=\"article\" \/>\n<meta property=\"og:title\" content=\"HISTOIRE des MONNAIES en AMERIQUE LATINE - Abc-latina\" \/>\n<meta property=\"og:description\" content=\"En Am\u00e9rique latine, la monnaie fut pr\u00e9sente sous diff\u00e9rentes formes.\" \/>\n<meta property=\"og:url\" content=\"https:\/\/abc-latina.com\/histoire\/monnaie\/\" \/>\n<meta property=\"og:site_name\" content=\"Abc-latina\" \/>\n<meta property=\"article:modified_time\" content=\"2026-04-30T16:25:05+00:00\" \/>\n<meta name=\"twitter:card\" content=\"summary_large_image\" \/>\n<meta name=\"twitter:label1\" content=\"Dur\u00e9e de lecture estim\u00e9e\" \/>\n\t<meta name=\"twitter:data1\" content=\"1 minute\" \/>\n<script type=\"application\/ld+json\" class=\"yoast-schema-graph\">{\"@context\":\"https:\\\/\\\/schema.org\",\"@graph\":[{\"@type\":\"WebPage\",\"@id\":\"https:\\\/\\\/abc-latina.com\\\/histoire\\\/monnaie\\\/\",\"url\":\"https:\\\/\\\/abc-latina.com\\\/histoire\\\/monnaie\\\/\",\"name\":\"HISTOIRE des MONNAIES en AMERIQUE LATINE - Abc-latina\",\"isPartOf\":{\"@id\":\"https:\\\/\\\/abc-latina.com\\\/#website\"},\"datePublished\":\"2011-09-04T02:48:55+00:00\",\"dateModified\":\"2026-04-30T16:25:05+00:00\",\"description\":\"En Am\u00e9rique latine, la monnaie fut pr\u00e9sente sous diff\u00e9rentes formes.\",\"breadcrumb\":{\"@id\":\"https:\\\/\\\/abc-latina.com\\\/histoire\\\/monnaie\\\/#breadcrumb\"},\"inLanguage\":\"fr-FR\",\"potentialAction\":[{\"@type\":\"ReadAction\",\"target\":[\"https:\\\/\\\/abc-latina.com\\\/histoire\\\/monnaie\\\/\"]}]},{\"@type\":\"BreadcrumbList\",\"@id\":\"https:\\\/\\\/abc-latina.com\\\/histoire\\\/monnaie\\\/#breadcrumb\",\"itemListElement\":[{\"@type\":\"ListItem\",\"position\":1,\"name\":\"Accueil\",\"item\":\"https:\\\/\\\/abc-latina.com\\\/\"},{\"@type\":\"ListItem\",\"position\":2,\"name\":\"HISTOIRE des MONNAIES en AMERIQUE LATINE\"}]},{\"@type\":\"WebSite\",\"@id\":\"https:\\\/\\\/abc-latina.com\\\/#website\",\"url\":\"https:\\\/\\\/abc-latina.com\\\/\",\"name\":\"Abc-latina\",\"description\":\"\",\"publisher\":{\"@id\":\"https:\\\/\\\/abc-latina.com\\\/#organization\"},\"potentialAction\":[{\"@type\":\"SearchAction\",\"target\":{\"@type\":\"EntryPoint\",\"urlTemplate\":\"https:\\\/\\\/abc-latina.com\\\/?s={search_term_string}\"},\"query-input\":{\"@type\":\"PropertyValueSpecification\",\"valueRequired\":true,\"valueName\":\"search_term_string\"}}],\"inLanguage\":\"fr-FR\"},{\"@type\":\"Organization\",\"@id\":\"https:\\\/\\\/abc-latina.com\\\/#organization\",\"name\":\"Abc-latina\",\"url\":\"https:\\\/\\\/abc-latina.com\\\/\",\"logo\":{\"@type\":\"ImageObject\",\"inLanguage\":\"fr-FR\",\"@id\":\"https:\\\/\\\/abc-latina.com\\\/#\\\/schema\\\/logo\\\/image\\\/\",\"url\":\"https:\\\/\\\/abc-latina.com\\\/wp-content\\\/uploads\\\/2026\\\/05\\\/cropped-logo.gif\",\"contentUrl\":\"https:\\\/\\\/abc-latina.com\\\/wp-content\\\/uploads\\\/2026\\\/05\\\/cropped-logo.gif\",\"width\":89,\"height\":84,\"caption\":\"Abc-latina\"},\"image\":{\"@id\":\"https:\\\/\\\/abc-latina.com\\\/#\\\/schema\\\/logo\\\/image\\\/\"}}]}<\/script>\n<!-- \/ Yoast SEO plugin. -->","yoast_head_json":{"title":"HISTOIRE des MONNAIES en AMERIQUE LATINE - Abc-latina","description":"En Am\u00e9rique latine, la monnaie fut pr\u00e9sente sous diff\u00e9rentes formes.","robots":{"index":"index","follow":"follow","max-snippet":"max-snippet:-1","max-image-preview":"max-image-preview:large","max-video-preview":"max-video-preview:-1"},"canonical":"https:\/\/abc-latina.com\/histoire\/monnaie\/","og_locale":"fr_FR","og_type":"article","og_title":"HISTOIRE des MONNAIES en AMERIQUE LATINE - Abc-latina","og_description":"En Am\u00e9rique latine, la monnaie fut pr\u00e9sente sous diff\u00e9rentes formes.","og_url":"https:\/\/abc-latina.com\/histoire\/monnaie\/","og_site_name":"Abc-latina","article_modified_time":"2026-04-30T16:25:05+00:00","twitter_card":"summary_large_image","twitter_misc":{"Dur\u00e9e de lecture estim\u00e9e":"1 minute"},"schema":{"@context":"https:\/\/schema.org","@graph":[{"@type":"WebPage","@id":"https:\/\/abc-latina.com\/histoire\/monnaie\/","url":"https:\/\/abc-latina.com\/histoire\/monnaie\/","name":"HISTOIRE des MONNAIES en AMERIQUE LATINE - Abc-latina","isPartOf":{"@id":"https:\/\/abc-latina.com\/#website"},"datePublished":"2011-09-04T02:48:55+00:00","dateModified":"2026-04-30T16:25:05+00:00","description":"En Am\u00e9rique latine, la monnaie fut pr\u00e9sente sous diff\u00e9rentes formes.","breadcrumb":{"@id":"https:\/\/abc-latina.com\/histoire\/monnaie\/#breadcrumb"},"inLanguage":"fr-FR","potentialAction":[{"@type":"ReadAction","target":["https:\/\/abc-latina.com\/histoire\/monnaie\/"]}]},{"@type":"BreadcrumbList","@id":"https:\/\/abc-latina.com\/histoire\/monnaie\/#breadcrumb","itemListElement":[{"@type":"ListItem","position":1,"name":"Accueil","item":"https:\/\/abc-latina.com\/"},{"@type":"ListItem","position":2,"name":"HISTOIRE des MONNAIES en AMERIQUE LATINE"}]},{"@type":"WebSite","@id":"https:\/\/abc-latina.com\/#website","url":"https:\/\/abc-latina.com\/","name":"Abc-latina","description":"","publisher":{"@id":"https:\/\/abc-latina.com\/#organization"},"potentialAction":[{"@type":"SearchAction","target":{"@type":"EntryPoint","urlTemplate":"https:\/\/abc-latina.com\/?s={search_term_string}"},"query-input":{"@type":"PropertyValueSpecification","valueRequired":true,"valueName":"search_term_string"}}],"inLanguage":"fr-FR"},{"@type":"Organization","@id":"https:\/\/abc-latina.com\/#organization","name":"Abc-latina","url":"https:\/\/abc-latina.com\/","logo":{"@type":"ImageObject","inLanguage":"fr-FR","@id":"https:\/\/abc-latina.com\/#\/schema\/logo\/image\/","url":"https:\/\/abc-latina.com\/wp-content\/uploads\/2026\/05\/cropped-logo.gif","contentUrl":"https:\/\/abc-latina.com\/wp-content\/uploads\/2026\/05\/cropped-logo.gif","width":89,"height":84,"caption":"Abc-latina"},"image":{"@id":"https:\/\/abc-latina.com\/#\/schema\/logo\/image\/"}}]}},"_links":{"self":[{"href":"https:\/\/abc-latina.com\/wp-json\/wp\/v2\/pages\/2645","targetHints":{"allow":["GET"]}}],"collection":[{"href":"https:\/\/abc-latina.com\/wp-json\/wp\/v2\/pages"}],"about":[{"href":"https:\/\/abc-latina.com\/wp-json\/wp\/v2\/types\/page"}],"author":[{"embeddable":true,"href":"https:\/\/abc-latina.com\/wp-json\/wp\/v2\/users\/3"}],"replies":[{"embeddable":true,"href":"https:\/\/abc-latina.com\/wp-json\/wp\/v2\/comments?post=2645"}],"version-history":[{"count":1,"href":"https:\/\/abc-latina.com\/wp-json\/wp\/v2\/pages\/2645\/revisions"}],"predecessor-version":[{"id":3493,"href":"https:\/\/abc-latina.com\/wp-json\/wp\/v2\/pages\/2645\/revisions\/3493"}],"up":[{"embeddable":true,"href":"https:\/\/abc-latina.com\/wp-json\/wp\/v2\/pages\/2647"}],"wp:attachment":[{"href":"https:\/\/abc-latina.com\/wp-json\/wp\/v2\/media?parent=2645"}],"curies":[{"name":"wp","href":"https:\/\/api.w.org\/{rel}","templated":true}]}}