{"id":269,"date":"2010-06-04T06:45:17","date_gmt":"2010-06-04T04:45:17","guid":{"rendered":"http:\/\/abc-latina.com\/la_havane-htm\/"},"modified":"2018-06-10T15:23:22","modified_gmt":"2018-06-10T13:23:22","slug":"la_havane","status":"publish","type":"page","link":"https:\/\/abc-latina.com\/cuba\/la_havane\/","title":{"rendered":"La HAVANE"},"content":{"rendered":"<div><span class=\"tourisme-chapitre\"><img loading=\"lazy\" decoding=\"async\" class=\" size-full wp-image-267\" src=\"http:\/\/abc-latina.com\/wp-content\/uploads\/2010\/06\/voiture_3.jpg\" title=\"VOYAGE \u00e0 LA HAVANE\" alt=\"VOYAGE \u00e0 LA HAVANE\" width=\"480\" height=\"320\" srcset=\"https:\/\/abc-latina.com\/wp-content\/uploads\/2010\/06\/voiture_3.jpg 620w, https:\/\/abc-latina.com\/wp-content\/uploads\/2010\/06\/voiture_3-300x200.jpg 300w\" sizes=\"auto, (max-width: 480px) 100vw, 480px\" \/><\/span><\/div>\n<div>&nbsp;<\/div>\n<div><span class=\"tourisme-chapitre\">La Havane<\/span> fut \u00e9lev\u00e9e \u00e0 son emplacement actuel en 1519. Sa situation au fond d&rsquo;une baie lui valut d&rsquo;\u00eatre \u00e0 de multiples reprises attaqu\u00e9e par les pirates et corsaires, pour la prot\u00e9ger, les Espagnols \u00e9difi\u00e8rent plusieurs forts. C&rsquo;est apr\u00e8s la signature du trait\u00e9 de Ryswick et la fin de la piraterie, que La havane commen\u00e7a \u00e0 se parer de belles demeures \u00e9difi\u00e9es par les propri\u00e9taires de plantations de canne \u00e0 sucre et de tabac.<\/div>\n<div>&nbsp;<\/div>\n<p>Reconnue par l&rsquo;Unesco comme faisant partie du Patrimoine mondial de l&rsquo;humanit\u00e9, la Havane est rong\u00e9e par la d\u00e9cr\u00e9pitude et la grande majorit\u00e9 de ces b\u00e2timents n&rsquo;ont pas \u00e9t\u00e9 raval\u00e9s depuis la r\u00e9volution. Les anciens palais aristocratiques, d\u00e9sormais habit\u00e9s par des familles modestes, se d\u00e9gradent lentement en milieu de jardins luxuriants.<br \/>La Havane est une v\u00e9ritable oasis de tranquillit\u00e9 : peu de voitures, donc pas d&#8217;embouteillages, ni de pollution et pas davantage de bruit, juste quelques camions et autobus bond\u00e9s. Le moyen de transport quotidien est la&nbsp;bicyclette, les fameuses grosses am\u00e9ricaines de Cuba restent gar\u00e9es faute de carburant.<\/p>\n<p>&nbsp;<\/p>\n<div>A <a href=\"https:\/\/www.abc-latina.com\/cuba\/photos\/photos_la_havane\"><img loading=\"lazy\" decoding=\"async\" class=\" alignright size-full wp-image-268\" style=\"margin: 5px 22px; float: right;\" src=\"http:\/\/abc-latina.com\/wp-content\/uploads\/2010\/06\/la_havane.jpg\" alt=\"\" width=\"175\" height=\"235\" \/><\/a>visiter<\/div>\n<div>&nbsp;<\/div>\n<div>La Habana Vieja et ses plazas.<\/div>\n<div>&nbsp;<\/div>\n<div>Plaza de Armas<\/div>\n<div>La Plaza de Armas est la plus ancienne et la mieux restaur\u00e9e, elle est entour\u00e9e de palais.<\/div>\n<div>&nbsp;<\/div>\n<div>Plaza de la Catedral<\/div>\n<div>Au nord de la Plaza de Armas, la Plaza de la Catedral est consid\u00e9r\u00e9e comme l&rsquo;ensemble architectural le plus harmonieux de l&rsquo;\u00e9poque coloniale.<\/div>\n<div>&nbsp;<\/div>\n<div>Plaza de San Francisco<\/div>\n<div>&nbsp;<\/div>\n<div>Plaza Vieja<\/div>\n<div>La Plaza Vieja fut la premi\u00e8re place publique car la Plaza de Armas \u00e9tait r\u00e9serv\u00e9e aux militaires.<\/div>\n<div>&nbsp;<\/div>\n<div>Le Centro et le Malec\u00f3n<\/div>\n<div>&nbsp;<\/div>\n<div>Le Vedado et son cimeti\u00e8re<\/div>\n<div>&nbsp;<\/div>\n<div>Les plages de l&rsquo;Est<\/div>\n<div>&nbsp;<\/div>\n<div>Aux alentours de La Havane&nbsp;<\/div>\n<div>La Vig\u00eda, et une quinzaine de kilom\u00e8tres du centre de La Havane, dans le village de San Francisco de Paula.<\/div>\n<div>&nbsp;<\/div>\n<div>Le petit port de Coj\u00edmar, \u00e0 une dizaine de kilom\u00e8tres \u00e0 l&rsquo;Est de La Havane. C&rsquo;est ce port qui d\u00e9crit dans &laquo; le vieil homme et la mer &raquo;, le petit village \u00e0 gard\u00e9 son atmosph\u00e8re typiquement cara\u00efbe, avec ses palmiers et sa promenade en front de mer.<\/div>\n<div>&nbsp;<\/div>\n<p><a style=\"text-decoration: initial;\" target=\"_blank\" href=\"..\/tour_operateur\"><img loading=\"lazy\" decoding=\"async\" class=\" size-full wp-image-41\" src=\"http:\/\/abc-latina.com\/wp-content\/uploads\/2010\/04\/timbre_to.gif\" class=\"touroperateur\" alt=\"\" width=\"125\" height=\"90\" \/><\/a><\/p>\n<div>Les plages de l&rsquo;Est sont \u00e9maill\u00e9es de belles plages particuli\u00e8rement appr\u00e9ci\u00e9es des Havanais, comme celle de Guanabo, une station des ann\u00e9es 20.<\/div>\n<div>&nbsp;<\/div>\n<div>Sanra Mar\u00eda del Mar, poss\u00e8de une longue plage bord\u00e9e de cocotiers. \u00c0 la belle saison, cette station, est tr\u00e8s fr\u00e9quent\u00e9e par les Cubains mais aussi par les touristes \u00e9trangers.<\/div>\n<div>&nbsp;<\/div>\n<div>Bacuranao. Cette petite plage lov\u00e9e au fond d&rsquo;une crique est la plus proche de la capitale.<\/div>\n<div>&nbsp;<\/div>\n<div>Managua, une jolie ville aux maisons traditionnelles en bois, avec leurs patios remplis de plantes autour de Managua, la campagne et parsem\u00e9e de ceibas, ou fromagers, souvent vieux de plusieurs centaines d&rsquo;ann\u00e9es.<\/div>\n<div>\n<div>&nbsp;<\/div>\n<div><a target=\"_blank\" href=\"https:\/\/www.abc-latina.com\/cuba\/plan-de-la-havane\">Plan de la Havane<\/a><\/div>\n<\/div>\n<h3>Pr\u00e9parez votre voyage \u00e0 La Havane:<\/h3>\n<div><a href=\"https:\/\/www.abc-latina.com\/cuba\/agence_de_voyages\">Agences de voyage g\u00e9n\u00e9ralistes et discounteurs<\/a><\/div>\n<div><a href=\"https:\/\/www.abc-latina.com\/cuba\/tour_operateur\">Tours Op\u00e9rateurs sp\u00e9cialistes de Cuba<\/a><\/div>\n<div><a target=\"_blank\" href=\"https:\/\/www.abc-latina.com\/to\/reservation_billet_avion\">R\u00e9servez votre billet d&rsquo;avion<\/a><\/div>\n<div><a href=\"https:\/\/www.abc-latina.com\/cuba\/hotels\">R\u00e9servez votre h\u00f4tel \u00e0 La Havane<\/a>&nbsp;<\/div>\n<div><a target=\"_blank\" href=\"https:\/\/www.abc-latina.com\/to\/location_de_voiture_cuba\">Location de voiture<\/a><\/div>\n<p>&nbsp;<\/p>\n","protected":false},"excerpt":{"rendered":"<p>&nbsp; La Havane fut \u00e9lev\u00e9e \u00e0 son emplacement actuel en 1519. Sa situation au fond d&rsquo;une baie lui valut d&rsquo;\u00eatre [&hellip;]<\/p>\n","protected":false},"author":3,"featured_media":267,"parent":2302,"menu_order":0,"comment_status":"closed","ping_status":"closed","template":"","meta":{"site-sidebar-layout":"default","site-content-layout":"","ast-site-content-layout":"default","site-content-style":"default","site-sidebar-style":"default","ast-global-header-display":"","ast-banner-title-visibility":"","ast-main-header-display":"","ast-hfb-above-header-display":"","ast-hfb-below-header-display":"","ast-hfb-mobile-header-display":"","site-post-title":"","ast-breadcrumbs-content":"","ast-featured-img":"","footer-sml-layout":"","ast-disable-related-posts":"","theme-transparent-header-meta":"","adv-header-id-meta":"","stick-header-meta":"","header-above-stick-meta":"","header-main-stick-meta":"","header-below-stick-meta":"","astra-migrate-meta-layouts":"default","ast-page-background-enabled":"default","ast-page-background-meta":{"desktop":{"background-color":"var(--ast-global-color-5)","background-image":"","background-repeat":"repeat","background-position":"center center","background-size":"auto","background-attachment":"scroll","background-type":"","background-media":"","overlay-type":"","overlay-color":"","overlay-opacity":"","overlay-gradient":""},"tablet":{"background-color":"","background-image":"","background-repeat":"repeat","background-position":"center center","background-size":"auto","background-attachment":"scroll","background-type":"","background-media":"","overlay-type":"","overlay-color":"","overlay-opacity":"","overlay-gradient":""},"mobile":{"background-color":"","background-image":"","background-repeat":"repeat","background-position":"center center","background-size":"auto","background-attachment":"scroll","background-type":"","background-media":"","overlay-type":"","overlay-color":"","overlay-opacity":"","overlay-gradient":""}},"ast-content-background-meta":{"desktop":{"background-color":"var(--ast-global-color-4)","background-image":"","background-repeat":"repeat","background-position":"center center","background-size":"auto","background-attachment":"scroll","background-type":"","background-media":"","overlay-type":"","overlay-color":"","overlay-opacity":"","overlay-gradient":""},"tablet":{"background-color":"var(--ast-global-color-4)","background-image":"","background-repeat":"repeat","background-position":"center center","background-size":"auto","background-attachment":"scroll","background-type":"","background-media":"","overlay-type":"","overlay-color":"","overlay-opacity":"","overlay-gradient":""},"mobile":{"background-color":"var(--ast-global-color-4)","background-image":"","background-repeat":"repeat","background-position":"center center","background-size":"auto","background-attachment":"scroll","background-type":"","background-media":"","overlay-type":"","overlay-color":"","overlay-opacity":"","overlay-gradient":""}},"footnotes":""},"class_list":["post-269","page","type-page","status-publish","has-post-thumbnail","hentry"],"yoast_head":"<!-- This site is optimized with the Yoast SEO plugin v27.5 - https:\/\/yoast.com\/product\/yoast-seo-wordpress\/ -->\n<title>La HAVANE - Abc-latina<\/title>\n<meta name=\"description\" content=\"La Havane est une v\u00e9ritable oasis de tranquillit\u00e9 : peu de voitures, donc pas d&#039;embouteillages, ni de pollution et pas davantage de bruit, juste quelques camions et autobus bond\u00e9s.\" \/>\n<meta name=\"robots\" content=\"index, follow, max-snippet:-1, max-image-preview:large, max-video-preview:-1\" \/>\n<link rel=\"canonical\" href=\"https:\/\/abc-latina.com\/cuba\/la_havane\/\" \/>\n<meta property=\"og:locale\" content=\"fr_FR\" \/>\n<meta property=\"og:type\" content=\"article\" \/>\n<meta property=\"og:title\" content=\"La HAVANE - Abc-latina\" \/>\n<meta property=\"og:description\" content=\"La Havane est une v\u00e9ritable oasis de tranquillit\u00e9 : peu de voitures, donc pas d&#039;embouteillages, ni de pollution et pas davantage de bruit, juste quelques camions et autobus bond\u00e9s.\" \/>\n<meta property=\"og:url\" content=\"https:\/\/abc-latina.com\/cuba\/la_havane\/\" \/>\n<meta property=\"og:site_name\" content=\"Abc-latina\" \/>\n<meta property=\"article:modified_time\" content=\"2018-06-10T13:23:22+00:00\" \/>\n<meta property=\"og:image\" content=\"https:\/\/abc-latina.com\/wp-content\/uploads\/2010\/06\/voiture_3.jpg\" \/>\n\t<meta property=\"og:image:width\" content=\"620\" \/>\n\t<meta property=\"og:image:height\" content=\"413\" \/>\n\t<meta property=\"og:image:type\" content=\"image\/jpeg\" \/>\n<meta name=\"twitter:card\" content=\"summary_large_image\" \/>\n<meta name=\"twitter:label1\" content=\"Dur\u00e9e de lecture estim\u00e9e\" \/>\n\t<meta name=\"twitter:data1\" content=\"3 minutes\" \/>\n<script type=\"application\/ld+json\" class=\"yoast-schema-graph\">{\"@context\":\"https:\\\/\\\/schema.org\",\"@graph\":[{\"@type\":\"WebPage\",\"@id\":\"https:\\\/\\\/abc-latina.com\\\/cuba\\\/la_havane\\\/\",\"url\":\"https:\\\/\\\/abc-latina.com\\\/cuba\\\/la_havane\\\/\",\"name\":\"La HAVANE - Abc-latina\",\"isPartOf\":{\"@id\":\"https:\\\/\\\/abc-latina.com\\\/#website\"},\"primaryImageOfPage\":{\"@id\":\"https:\\\/\\\/abc-latina.com\\\/cuba\\\/la_havane\\\/#primaryimage\"},\"image\":{\"@id\":\"https:\\\/\\\/abc-latina.com\\\/cuba\\\/la_havane\\\/#primaryimage\"},\"thumbnailUrl\":\"https:\\\/\\\/abc-latina.com\\\/wp-content\\\/uploads\\\/2010\\\/06\\\/voiture_3.jpg\",\"datePublished\":\"2010-06-04T04:45:17+00:00\",\"dateModified\":\"2018-06-10T13:23:22+00:00\",\"description\":\"La Havane est une v\u00e9ritable oasis de tranquillit\u00e9 : peu de voitures, donc pas d'embouteillages, ni de pollution et pas davantage de bruit, juste quelques camions et autobus bond\u00e9s.\",\"breadcrumb\":{\"@id\":\"https:\\\/\\\/abc-latina.com\\\/cuba\\\/la_havane\\\/#breadcrumb\"},\"inLanguage\":\"fr-FR\",\"potentialAction\":[{\"@type\":\"ReadAction\",\"target\":[\"https:\\\/\\\/abc-latina.com\\\/cuba\\\/la_havane\\\/\"]}]},{\"@type\":\"ImageObject\",\"inLanguage\":\"fr-FR\",\"@id\":\"https:\\\/\\\/abc-latina.com\\\/cuba\\\/la_havane\\\/#primaryimage\",\"url\":\"https:\\\/\\\/abc-latina.com\\\/wp-content\\\/uploads\\\/2010\\\/06\\\/voiture_3.jpg\",\"contentUrl\":\"https:\\\/\\\/abc-latina.com\\\/wp-content\\\/uploads\\\/2010\\\/06\\\/voiture_3.jpg\",\"width\":620,\"height\":413,\"caption\":\"VOYAGE \u00e0 LA HAVANE\"},{\"@type\":\"BreadcrumbList\",\"@id\":\"https:\\\/\\\/abc-latina.com\\\/cuba\\\/la_havane\\\/#breadcrumb\",\"itemListElement\":[{\"@type\":\"ListItem\",\"position\":1,\"name\":\"Accueil\",\"item\":\"https:\\\/\\\/abc-latina.com\\\/\"},{\"@type\":\"ListItem\",\"position\":2,\"name\":\"La HAVANE\"}]},{\"@type\":\"WebSite\",\"@id\":\"https:\\\/\\\/abc-latina.com\\\/#website\",\"url\":\"https:\\\/\\\/abc-latina.com\\\/\",\"name\":\"Abc-latina\",\"description\":\"\",\"publisher\":{\"@id\":\"https:\\\/\\\/abc-latina.com\\\/#organization\"},\"potentialAction\":[{\"@type\":\"SearchAction\",\"target\":{\"@type\":\"EntryPoint\",\"urlTemplate\":\"https:\\\/\\\/abc-latina.com\\\/?s={search_term_string}\"},\"query-input\":{\"@type\":\"PropertyValueSpecification\",\"valueRequired\":true,\"valueName\":\"search_term_string\"}}],\"inLanguage\":\"fr-FR\"},{\"@type\":\"Organization\",\"@id\":\"https:\\\/\\\/abc-latina.com\\\/#organization\",\"name\":\"Abc-latina\",\"url\":\"https:\\\/\\\/abc-latina.com\\\/\",\"logo\":{\"@type\":\"ImageObject\",\"inLanguage\":\"fr-FR\",\"@id\":\"https:\\\/\\\/abc-latina.com\\\/#\\\/schema\\\/logo\\\/image\\\/\",\"url\":\"https:\\\/\\\/abc-latina.com\\\/wp-content\\\/uploads\\\/2026\\\/05\\\/cropped-logo.gif\",\"contentUrl\":\"https:\\\/\\\/abc-latina.com\\\/wp-content\\\/uploads\\\/2026\\\/05\\\/cropped-logo.gif\",\"width\":89,\"height\":84,\"caption\":\"Abc-latina\"},\"image\":{\"@id\":\"https:\\\/\\\/abc-latina.com\\\/#\\\/schema\\\/logo\\\/image\\\/\"}}]}<\/script>\n<!-- \/ Yoast SEO plugin. -->","yoast_head_json":{"title":"La HAVANE - Abc-latina","description":"La Havane est une v\u00e9ritable oasis de tranquillit\u00e9 : peu de voitures, donc pas d'embouteillages, ni de pollution et pas davantage de bruit, juste quelques camions et autobus bond\u00e9s.","robots":{"index":"index","follow":"follow","max-snippet":"max-snippet:-1","max-image-preview":"max-image-preview:large","max-video-preview":"max-video-preview:-1"},"canonical":"https:\/\/abc-latina.com\/cuba\/la_havane\/","og_locale":"fr_FR","og_type":"article","og_title":"La HAVANE - Abc-latina","og_description":"La Havane est une v\u00e9ritable oasis de tranquillit\u00e9 : peu de voitures, donc pas d'embouteillages, ni de pollution et pas davantage de bruit, juste quelques camions et autobus bond\u00e9s.","og_url":"https:\/\/abc-latina.com\/cuba\/la_havane\/","og_site_name":"Abc-latina","article_modified_time":"2018-06-10T13:23:22+00:00","og_image":[{"width":620,"height":413,"url":"https:\/\/abc-latina.com\/wp-content\/uploads\/2010\/06\/voiture_3.jpg","type":"image\/jpeg"}],"twitter_card":"summary_large_image","twitter_misc":{"Dur\u00e9e de lecture estim\u00e9e":"3 minutes"},"schema":{"@context":"https:\/\/schema.org","@graph":[{"@type":"WebPage","@id":"https:\/\/abc-latina.com\/cuba\/la_havane\/","url":"https:\/\/abc-latina.com\/cuba\/la_havane\/","name":"La HAVANE - Abc-latina","isPartOf":{"@id":"https:\/\/abc-latina.com\/#website"},"primaryImageOfPage":{"@id":"https:\/\/abc-latina.com\/cuba\/la_havane\/#primaryimage"},"image":{"@id":"https:\/\/abc-latina.com\/cuba\/la_havane\/#primaryimage"},"thumbnailUrl":"https:\/\/abc-latina.com\/wp-content\/uploads\/2010\/06\/voiture_3.jpg","datePublished":"2010-06-04T04:45:17+00:00","dateModified":"2018-06-10T13:23:22+00:00","description":"La Havane est une v\u00e9ritable oasis de tranquillit\u00e9 : peu de voitures, donc pas d'embouteillages, ni de pollution et pas davantage de bruit, juste quelques camions et autobus bond\u00e9s.","breadcrumb":{"@id":"https:\/\/abc-latina.com\/cuba\/la_havane\/#breadcrumb"},"inLanguage":"fr-FR","potentialAction":[{"@type":"ReadAction","target":["https:\/\/abc-latina.com\/cuba\/la_havane\/"]}]},{"@type":"ImageObject","inLanguage":"fr-FR","@id":"https:\/\/abc-latina.com\/cuba\/la_havane\/#primaryimage","url":"https:\/\/abc-latina.com\/wp-content\/uploads\/2010\/06\/voiture_3.jpg","contentUrl":"https:\/\/abc-latina.com\/wp-content\/uploads\/2010\/06\/voiture_3.jpg","width":620,"height":413,"caption":"VOYAGE \u00e0 LA HAVANE"},{"@type":"BreadcrumbList","@id":"https:\/\/abc-latina.com\/cuba\/la_havane\/#breadcrumb","itemListElement":[{"@type":"ListItem","position":1,"name":"Accueil","item":"https:\/\/abc-latina.com\/"},{"@type":"ListItem","position":2,"name":"La HAVANE"}]},{"@type":"WebSite","@id":"https:\/\/abc-latina.com\/#website","url":"https:\/\/abc-latina.com\/","name":"Abc-latina","description":"","publisher":{"@id":"https:\/\/abc-latina.com\/#organization"},"potentialAction":[{"@type":"SearchAction","target":{"@type":"EntryPoint","urlTemplate":"https:\/\/abc-latina.com\/?s={search_term_string}"},"query-input":{"@type":"PropertyValueSpecification","valueRequired":true,"valueName":"search_term_string"}}],"inLanguage":"fr-FR"},{"@type":"Organization","@id":"https:\/\/abc-latina.com\/#organization","name":"Abc-latina","url":"https:\/\/abc-latina.com\/","logo":{"@type":"ImageObject","inLanguage":"fr-FR","@id":"https:\/\/abc-latina.com\/#\/schema\/logo\/image\/","url":"https:\/\/abc-latina.com\/wp-content\/uploads\/2026\/05\/cropped-logo.gif","contentUrl":"https:\/\/abc-latina.com\/wp-content\/uploads\/2026\/05\/cropped-logo.gif","width":89,"height":84,"caption":"Abc-latina"},"image":{"@id":"https:\/\/abc-latina.com\/#\/schema\/logo\/image\/"}}]}},"_links":{"self":[{"href":"https:\/\/abc-latina.com\/wp-json\/wp\/v2\/pages\/269","targetHints":{"allow":["GET"]}}],"collection":[{"href":"https:\/\/abc-latina.com\/wp-json\/wp\/v2\/pages"}],"about":[{"href":"https:\/\/abc-latina.com\/wp-json\/wp\/v2\/types\/page"}],"author":[{"embeddable":true,"href":"https:\/\/abc-latina.com\/wp-json\/wp\/v2\/users\/3"}],"replies":[{"embeddable":true,"href":"https:\/\/abc-latina.com\/wp-json\/wp\/v2\/comments?post=269"}],"version-history":[{"count":0,"href":"https:\/\/abc-latina.com\/wp-json\/wp\/v2\/pages\/269\/revisions"}],"up":[{"embeddable":true,"href":"https:\/\/abc-latina.com\/wp-json\/wp\/v2\/pages\/2302"}],"wp:featuredmedia":[{"embeddable":true,"href":"https:\/\/abc-latina.com\/wp-json\/wp\/v2\/media\/267"}],"wp:attachment":[{"href":"https:\/\/abc-latina.com\/wp-json\/wp\/v2\/media?parent=269"}],"curies":[{"name":"wp","href":"https:\/\/api.w.org\/{rel}","templated":true}]}}