{"id":2737,"date":"2011-09-09T04:42:17","date_gmt":"2011-09-09T02:42:17","guid":{"rendered":"http:\/\/abc-latina.com\/geographie-php\/"},"modified":"2026-04-30T18:25:24","modified_gmt":"2026-04-30T16:25:24","slug":"geographie","status":"publish","type":"page","link":"https:\/\/abc-latina.com\/index\/geographie\/","title":{"rendered":"GEOGRAPHIE &#8211; REPUBLIQUE DOMINICAINE"},"content":{"rendered":"<p>&nbsp;La R\u00e9publique Dominicaine se trouve dans l&rsquo;archipel des Cara\u00efbes. Elle se partage l&rsquo;\u00eele d&rsquo;Hispaniola avec Ha\u00efti et elle constitue \u00e0 elle seule les deux tiers \u00e0 l&rsquo;est de l&rsquo;\u00eele. Son paysage se compose \u00e0 la fois de for\u00eats, de montagnes, de vall\u00e9es, de plaines et de plateaux. De belles plages \u00e0 flanc de montagnes se trouvent au nord, au sud-est et \u00e0 l&rsquo;est des c\u00f4tes. Les vieux quartiers de la capitale, Saint Domingue, ont \u00e9t\u00e9 r\u00e9habilit\u00e9s et restaur\u00e9s avec soin afin de conserver leur charme colonial. Les zones modernes comprennent une ville portuaire prosp\u00e8re avec des discoth\u00e8ques et des casinos. Quelques kilom\u00e8tres \u00e0 l&rsquo;est de la ville se trouve un remarquable complexe de grottes, Los Tres Ojos de Agua (Les Trois Yeux de l&rsquo;Eau), contenant trois lagons turquoises, aliment\u00e9s par une rivi\u00e8re souterraine et entour\u00e9s de stalactites, de stalagmites et d&rsquo;une v\u00e9g\u00e9tation luxuriante. La cuisine typique dominicaine allie des influences espagnoles avec les produits locaux. Les plats locaux incluent la bandera (comprenant du riz blanc, des haricots rouges, la viande cuite en rago\u00dbt, de la salade et de la banane plantain frite) et du cassava (yucca frit) La bi\u00e8re est produite localement ainsi que le rhum, ils sont tous deux sont relativement bon march\u00e9. Concernant la vie nocturne, le touriste a vraiment le choix : d&rsquo;une revue du style Las Vegas, en passant par des discoth\u00e8ques et des casinos ou bien encore un caf\u00e9 tranquille au bord de la mer \u00e0 Saint Domingue. La musique nationale, la Merengue, est jou\u00e9e dans plusieurs festivals qui attirent un grand nombre de musiciens nationaux et internationaux.&nbsp;<\/p>\n<div>&nbsp;<\/div>\n","protected":false},"excerpt":{"rendered":"<p>&nbsp;La R\u00e9publique Dominicaine se trouve dans l&rsquo;archipel des Cara\u00efbes. Elle se partage l&rsquo;\u00eele d&rsquo;Hispaniola avec Ha\u00efti et elle constitue \u00e0 [&hellip;]<\/p>\n","protected":false},"author":3,"featured_media":0,"parent":2316,"menu_order":0,"comment_status":"closed","ping_status":"closed","template":"","meta":{"site-sidebar-layout":"default","site-content-layout":"","ast-site-content-layout":"default","site-content-style":"default","site-sidebar-style":"default","ast-global-header-display":"","ast-banner-title-visibility":"","ast-main-header-display":"","ast-hfb-above-header-display":"","ast-hfb-below-header-display":"","ast-hfb-mobile-header-display":"","site-post-title":"","ast-breadcrumbs-content":"","ast-featured-img":"","footer-sml-layout":"","ast-disable-related-posts":"","theme-transparent-header-meta":"","adv-header-id-meta":"","stick-header-meta":"","header-above-stick-meta":"","header-main-stick-meta":"","header-below-stick-meta":"","astra-migrate-meta-layouts":"default","ast-page-background-enabled":"default","ast-page-background-meta":{"desktop":{"background-color":"var(--ast-global-color-5)","background-image":"","background-repeat":"repeat","background-position":"center center","background-size":"auto","background-attachment":"scroll","background-type":"","background-media":"","overlay-type":"","overlay-color":"","overlay-opacity":"","overlay-gradient":""},"tablet":{"background-color":"","background-image":"","background-repeat":"repeat","background-position":"center center","background-size":"auto","background-attachment":"scroll","background-type":"","background-media":"","overlay-type":"","overlay-color":"","overlay-opacity":"","overlay-gradient":""},"mobile":{"background-color":"","background-image":"","background-repeat":"repeat","background-position":"center center","background-size":"auto","background-attachment":"scroll","background-type":"","background-media":"","overlay-type":"","overlay-color":"","overlay-opacity":"","overlay-gradient":""}},"ast-content-background-meta":{"desktop":{"background-color":"var(--ast-global-color-4)","background-image":"","background-repeat":"repeat","background-position":"center center","background-size":"auto","background-attachment":"scroll","background-type":"","background-media":"","overlay-type":"","overlay-color":"","overlay-opacity":"","overlay-gradient":""},"tablet":{"background-color":"var(--ast-global-color-4)","background-image":"","background-repeat":"repeat","background-position":"center center","background-size":"auto","background-attachment":"scroll","background-type":"","background-media":"","overlay-type":"","overlay-color":"","overlay-opacity":"","overlay-gradient":""},"mobile":{"background-color":"var(--ast-global-color-4)","background-image":"","background-repeat":"repeat","background-position":"center center","background-size":"auto","background-attachment":"scroll","background-type":"","background-media":"","overlay-type":"","overlay-color":"","overlay-opacity":"","overlay-gradient":""}},"footnotes":""},"class_list":["post-2737","page","type-page","status-publish","hentry"],"yoast_head":"<!-- This site is optimized with the Yoast SEO plugin v27.5 - https:\/\/yoast.com\/product\/yoast-seo-wordpress\/ -->\n<title>GEOGRAPHIE - REPUBLIQUE DOMINICAINE - Abc-latina<\/title>\n<meta name=\"description\" content=\"La g\u00e9ographie de la r\u00e9publique dominicaine.\" \/>\n<meta name=\"robots\" content=\"index, follow, max-snippet:-1, max-image-preview:large, max-video-preview:-1\" \/>\n<link rel=\"canonical\" href=\"https:\/\/abc-latina.com\/index\/geographie\/\" \/>\n<meta property=\"og:locale\" content=\"fr_FR\" \/>\n<meta property=\"og:type\" content=\"article\" \/>\n<meta property=\"og:title\" content=\"GEOGRAPHIE - REPUBLIQUE DOMINICAINE - Abc-latina\" \/>\n<meta property=\"og:description\" content=\"La g\u00e9ographie de la r\u00e9publique dominicaine.\" \/>\n<meta property=\"og:url\" content=\"https:\/\/abc-latina.com\/index\/geographie\/\" \/>\n<meta property=\"og:site_name\" content=\"Abc-latina\" \/>\n<meta property=\"article:modified_time\" content=\"2026-04-30T16:25:24+00:00\" \/>\n<meta name=\"twitter:card\" content=\"summary_large_image\" \/>\n<meta name=\"twitter:label1\" content=\"Dur\u00e9e de lecture estim\u00e9e\" \/>\n\t<meta name=\"twitter:data1\" content=\"1 minute\" \/>\n<script type=\"application\/ld+json\" class=\"yoast-schema-graph\">{\"@context\":\"https:\\\/\\\/schema.org\",\"@graph\":[{\"@type\":\"WebPage\",\"@id\":\"https:\\\/\\\/abc-latina.com\\\/index\\\/geographie\\\/\",\"url\":\"https:\\\/\\\/abc-latina.com\\\/index\\\/geographie\\\/\",\"name\":\"GEOGRAPHIE - REPUBLIQUE DOMINICAINE - Abc-latina\",\"isPartOf\":{\"@id\":\"https:\\\/\\\/abc-latina.com\\\/#website\"},\"datePublished\":\"2011-09-09T02:42:17+00:00\",\"dateModified\":\"2026-04-30T16:25:24+00:00\",\"description\":\"La g\u00e9ographie de la r\u00e9publique dominicaine.\",\"breadcrumb\":{\"@id\":\"https:\\\/\\\/abc-latina.com\\\/index\\\/geographie\\\/#breadcrumb\"},\"inLanguage\":\"fr-FR\",\"potentialAction\":[{\"@type\":\"ReadAction\",\"target\":[\"https:\\\/\\\/abc-latina.com\\\/index\\\/geographie\\\/\"]}]},{\"@type\":\"BreadcrumbList\",\"@id\":\"https:\\\/\\\/abc-latina.com\\\/index\\\/geographie\\\/#breadcrumb\",\"itemListElement\":[{\"@type\":\"ListItem\",\"position\":1,\"name\":\"Accueil\",\"item\":\"https:\\\/\\\/abc-latina.com\\\/\"},{\"@type\":\"ListItem\",\"position\":2,\"name\":\"GEOGRAPHIE &#8211; REPUBLIQUE DOMINICAINE\"}]},{\"@type\":\"WebSite\",\"@id\":\"https:\\\/\\\/abc-latina.com\\\/#website\",\"url\":\"https:\\\/\\\/abc-latina.com\\\/\",\"name\":\"Abc-latina\",\"description\":\"\",\"publisher\":{\"@id\":\"https:\\\/\\\/abc-latina.com\\\/#organization\"},\"potentialAction\":[{\"@type\":\"SearchAction\",\"target\":{\"@type\":\"EntryPoint\",\"urlTemplate\":\"https:\\\/\\\/abc-latina.com\\\/?s={search_term_string}\"},\"query-input\":{\"@type\":\"PropertyValueSpecification\",\"valueRequired\":true,\"valueName\":\"search_term_string\"}}],\"inLanguage\":\"fr-FR\"},{\"@type\":\"Organization\",\"@id\":\"https:\\\/\\\/abc-latina.com\\\/#organization\",\"name\":\"Abc-latina\",\"url\":\"https:\\\/\\\/abc-latina.com\\\/\",\"logo\":{\"@type\":\"ImageObject\",\"inLanguage\":\"fr-FR\",\"@id\":\"https:\\\/\\\/abc-latina.com\\\/#\\\/schema\\\/logo\\\/image\\\/\",\"url\":\"https:\\\/\\\/abc-latina.com\\\/wp-content\\\/uploads\\\/2026\\\/05\\\/cropped-logo.gif\",\"contentUrl\":\"https:\\\/\\\/abc-latina.com\\\/wp-content\\\/uploads\\\/2026\\\/05\\\/cropped-logo.gif\",\"width\":89,\"height\":84,\"caption\":\"Abc-latina\"},\"image\":{\"@id\":\"https:\\\/\\\/abc-latina.com\\\/#\\\/schema\\\/logo\\\/image\\\/\"}}]}<\/script>\n<!-- \/ Yoast SEO plugin. -->","yoast_head_json":{"title":"GEOGRAPHIE - REPUBLIQUE DOMINICAINE - Abc-latina","description":"La g\u00e9ographie de la r\u00e9publique dominicaine.","robots":{"index":"index","follow":"follow","max-snippet":"max-snippet:-1","max-image-preview":"max-image-preview:large","max-video-preview":"max-video-preview:-1"},"canonical":"https:\/\/abc-latina.com\/index\/geographie\/","og_locale":"fr_FR","og_type":"article","og_title":"GEOGRAPHIE - REPUBLIQUE DOMINICAINE - Abc-latina","og_description":"La g\u00e9ographie de la r\u00e9publique dominicaine.","og_url":"https:\/\/abc-latina.com\/index\/geographie\/","og_site_name":"Abc-latina","article_modified_time":"2026-04-30T16:25:24+00:00","twitter_card":"summary_large_image","twitter_misc":{"Dur\u00e9e de lecture estim\u00e9e":"1 minute"},"schema":{"@context":"https:\/\/schema.org","@graph":[{"@type":"WebPage","@id":"https:\/\/abc-latina.com\/index\/geographie\/","url":"https:\/\/abc-latina.com\/index\/geographie\/","name":"GEOGRAPHIE - REPUBLIQUE DOMINICAINE - Abc-latina","isPartOf":{"@id":"https:\/\/abc-latina.com\/#website"},"datePublished":"2011-09-09T02:42:17+00:00","dateModified":"2026-04-30T16:25:24+00:00","description":"La g\u00e9ographie de la r\u00e9publique dominicaine.","breadcrumb":{"@id":"https:\/\/abc-latina.com\/index\/geographie\/#breadcrumb"},"inLanguage":"fr-FR","potentialAction":[{"@type":"ReadAction","target":["https:\/\/abc-latina.com\/index\/geographie\/"]}]},{"@type":"BreadcrumbList","@id":"https:\/\/abc-latina.com\/index\/geographie\/#breadcrumb","itemListElement":[{"@type":"ListItem","position":1,"name":"Accueil","item":"https:\/\/abc-latina.com\/"},{"@type":"ListItem","position":2,"name":"GEOGRAPHIE &#8211; REPUBLIQUE DOMINICAINE"}]},{"@type":"WebSite","@id":"https:\/\/abc-latina.com\/#website","url":"https:\/\/abc-latina.com\/","name":"Abc-latina","description":"","publisher":{"@id":"https:\/\/abc-latina.com\/#organization"},"potentialAction":[{"@type":"SearchAction","target":{"@type":"EntryPoint","urlTemplate":"https:\/\/abc-latina.com\/?s={search_term_string}"},"query-input":{"@type":"PropertyValueSpecification","valueRequired":true,"valueName":"search_term_string"}}],"inLanguage":"fr-FR"},{"@type":"Organization","@id":"https:\/\/abc-latina.com\/#organization","name":"Abc-latina","url":"https:\/\/abc-latina.com\/","logo":{"@type":"ImageObject","inLanguage":"fr-FR","@id":"https:\/\/abc-latina.com\/#\/schema\/logo\/image\/","url":"https:\/\/abc-latina.com\/wp-content\/uploads\/2026\/05\/cropped-logo.gif","contentUrl":"https:\/\/abc-latina.com\/wp-content\/uploads\/2026\/05\/cropped-logo.gif","width":89,"height":84,"caption":"Abc-latina"},"image":{"@id":"https:\/\/abc-latina.com\/#\/schema\/logo\/image\/"}}]}},"_links":{"self":[{"href":"https:\/\/abc-latina.com\/wp-json\/wp\/v2\/pages\/2737","targetHints":{"allow":["GET"]}}],"collection":[{"href":"https:\/\/abc-latina.com\/wp-json\/wp\/v2\/pages"}],"about":[{"href":"https:\/\/abc-latina.com\/wp-json\/wp\/v2\/types\/page"}],"author":[{"embeddable":true,"href":"https:\/\/abc-latina.com\/wp-json\/wp\/v2\/users\/3"}],"replies":[{"embeddable":true,"href":"https:\/\/abc-latina.com\/wp-json\/wp\/v2\/comments?post=2737"}],"version-history":[{"count":1,"href":"https:\/\/abc-latina.com\/wp-json\/wp\/v2\/pages\/2737\/revisions"}],"predecessor-version":[{"id":3885,"href":"https:\/\/abc-latina.com\/wp-json\/wp\/v2\/pages\/2737\/revisions\/3885"}],"up":[{"embeddable":true,"href":"https:\/\/abc-latina.com\/wp-json\/wp\/v2\/pages\/2316"}],"wp:attachment":[{"href":"https:\/\/abc-latina.com\/wp-json\/wp\/v2\/media?parent=2737"}],"curies":[{"name":"wp","href":"https:\/\/api.w.org\/{rel}","templated":true}]}}