{"id":2738,"date":"2011-09-09T04:49:30","date_gmt":"2011-09-09T02:49:30","guid":{"rendered":"http:\/\/abc-latina.com\/histoire-php\/"},"modified":"2026-04-30T18:25:24","modified_gmt":"2026-04-30T16:25:24","slug":"histoire","status":"publish","type":"page","link":"https:\/\/abc-latina.com\/index\/histoire\/","title":{"rendered":"HISTOIRE &#8211; REPUBLIQUE DOMINICAINE"},"content":{"rendered":"<p>&nbsp;Les premiers habitants de l&rsquo;\u00eele Quisqueya furent les lucayos, ciguayos, tainos et caribes. C&rsquo;\u00e9tait des communaut\u00e9s de p\u00eacheurs et d&rsquo;agriculteurs qui pratiquaient une agriculture rudimentaire. Le d\u00e9placement des groupes humains entre les \u00eeles des Cara\u00efbes fut toujours intense; le commerce et le troc entre les tribus se faisaient avec l&rsquo;\u00e9change d&rsquo;offrandes. En d\u00e9cembre 1492 Christophe Colomb arriva sur l&rsquo;\u00eele Quisqueya, qu&rsquo;il appela Espa\u00f1ola, et ainsi commen\u00e7a la colonisation europ\u00e9enne de l&rsquo;Am\u00e9rique. Colomb gouverna l&rsquo;\u00eele pendant huit ans. En 1697, une partie de l&rsquo;\u00eele fut conquise par les fran\u00e7ais alors que l&rsquo;Est \u00e9tait toujours sous contr\u00f4le des espagnols. En 1795, la ville de Saint-Domingue (la ville la plus ancienne de toute l&rsquo;Am\u00e9rique fond\u00e9e en 1496 par le fr\u00e8re de Colomb) fut c\u00e9d\u00e9e \u00e0 la France. Dans la bataille de Palohincado, en 1808, le G\u00e9n\u00e9ral dominicain Ramirez infligea une lourde d\u00e9faite aux fran\u00e7ais. La colonie fut de nouveau sous la souverainet\u00e9 espagnole en 1809. En 1821 le tr\u00e9sorier colonial, Jos\u00e9 Nu\u00f1ez de C\u00e1ceres, proclama l&rsquo;ind\u00e9pendance de Saint-Domingue. Cette ind\u00e9pendance dura peu de temps, en 1822 les ha\u00eftiens envahirent et occup\u00e8rent la colonie pendant 22 ans, jusqu&rsquo;\u00e0 ce que le 27 f\u00e9vrier 1844, l&rsquo;ind\u00e9pendance soit proclam\u00e9e.&nbsp;<\/p>\n<div>Apr\u00e8s de nombreuses ann\u00e9es de dictature, de guerre civile et d&rsquo;occupation am\u00e9ricaine, la R\u00e9publique fut dirig\u00e9e pendant trente ans (1930-1961) par le dictateur Rafael Trujillo. Son assassinat mena \u00e0 une p\u00e9riode de r\u00e9gime civil. Pendant les trois mandats (\u00e0 partir de 1966) du Pr\u00e9sident Joaquin Balaguer, leader du parti R\u00e9formiste Social Chr\u00e9tien (PRSC), le pays connut une p\u00e9riode de relative stabilit\u00e9. G\u00fazman Fernandez du principal parti d&rsquo;opposition, le Partido Revolucionario Dominicano (PRD) de centre gauche remporta les \u00e9lections de 1978 mais apr\u00e8s une d\u00e9faite aux \u00e9lections de 1982, Balaguer revint \u00e0 la Pr\u00e9sidence en 1986 et 1990. Pendant les ann\u00e9es 90, la R\u00e9publique Dominicaine dut affronter une grave crise \u00e9conomique, le FMI imposa des programmes d&rsquo;aust\u00e9rit\u00e9 impopulaires. En 1994, Balaguer remporta de nouveau les \u00e9lections mais les accusations de corruption et de fraude enclench\u00e8rent une r\u00e9vision du processus \u00e9lectoral. Aux \u00e9lections suivantes, en novembre 1995, Balaguer qui avait 88 ans remporta pour la septi\u00e8me fois un mandat pr\u00e9sidentiel. Diff\u00e9rentes crises \u00e9nerg\u00e9tiques, l&rsquo;augmentation de l&rsquo;inflation et la d\u00e9t\u00e9rioration du service public, provoqu\u00e8rent une s\u00e9rie de protestations et de manifestations. Les \u00e9lections pr\u00e9sidentielles de mai 1996 furent les premi\u00e8res sous le nouveau syst\u00e8me \u00e9lectoral contr\u00f4l\u00e9 par les observateurs internationaux. La coalition Frente Nacional Patriotico compos\u00e9e par les partis PLD et PRSC, permit \u00e0 Leonel Fernandez Reyna du PLD de rempoter les \u00e9lections. La coalition remporta \u00e9galement les \u00e9lections l\u00e9gislatives de mai 1998. Balaguer se pr\u00e9senta une nouvelle fois aux \u00e9lections de mai 2000 mais il fut vaincu face au candidat PRD Hip\u00f3lito Mejia.<\/div>\n<div>&nbsp;<\/div>\n<div><a href=\"https:\/\/www.abc-latina.com\/republique_dominicaine\/presidents-republique-dominicaine.php\">Les Pr\u00e9sidents<\/a>&nbsp;<\/div>\n","protected":false},"excerpt":{"rendered":"<p>&nbsp;Les premiers habitants de l&rsquo;\u00eele Quisqueya furent les lucayos, ciguayos, tainos et caribes. C&rsquo;\u00e9tait des communaut\u00e9s de p\u00eacheurs et d&rsquo;agriculteurs [&hellip;]<\/p>\n","protected":false},"author":3,"featured_media":0,"parent":2316,"menu_order":0,"comment_status":"closed","ping_status":"closed","template":"","meta":{"site-sidebar-layout":"default","site-content-layout":"","ast-site-content-layout":"default","site-content-style":"default","site-sidebar-style":"default","ast-global-header-display":"","ast-banner-title-visibility":"","ast-main-header-display":"","ast-hfb-above-header-display":"","ast-hfb-below-header-display":"","ast-hfb-mobile-header-display":"","site-post-title":"","ast-breadcrumbs-content":"","ast-featured-img":"","footer-sml-layout":"","ast-disable-related-posts":"","theme-transparent-header-meta":"","adv-header-id-meta":"","stick-header-meta":"","header-above-stick-meta":"","header-main-stick-meta":"","header-below-stick-meta":"","astra-migrate-meta-layouts":"default","ast-page-background-enabled":"default","ast-page-background-meta":{"desktop":{"background-color":"var(--ast-global-color-5)","background-image":"","background-repeat":"repeat","background-position":"center center","background-size":"auto","background-attachment":"scroll","background-type":"","background-media":"","overlay-type":"","overlay-color":"","overlay-opacity":"","overlay-gradient":""},"tablet":{"background-color":"","background-image":"","background-repeat":"repeat","background-position":"center center","background-size":"auto","background-attachment":"scroll","background-type":"","background-media":"","overlay-type":"","overlay-color":"","overlay-opacity":"","overlay-gradient":""},"mobile":{"background-color":"","background-image":"","background-repeat":"repeat","background-position":"center center","background-size":"auto","background-attachment":"scroll","background-type":"","background-media":"","overlay-type":"","overlay-color":"","overlay-opacity":"","overlay-gradient":""}},"ast-content-background-meta":{"desktop":{"background-color":"var(--ast-global-color-4)","background-image":"","background-repeat":"repeat","background-position":"center center","background-size":"auto","background-attachment":"scroll","background-type":"","background-media":"","overlay-type":"","overlay-color":"","overlay-opacity":"","overlay-gradient":""},"tablet":{"background-color":"var(--ast-global-color-4)","background-image":"","background-repeat":"repeat","background-position":"center center","background-size":"auto","background-attachment":"scroll","background-type":"","background-media":"","overlay-type":"","overlay-color":"","overlay-opacity":"","overlay-gradient":""},"mobile":{"background-color":"var(--ast-global-color-4)","background-image":"","background-repeat":"repeat","background-position":"center center","background-size":"auto","background-attachment":"scroll","background-type":"","background-media":"","overlay-type":"","overlay-color":"","overlay-opacity":"","overlay-gradient":""}},"footnotes":""},"class_list":["post-2738","page","type-page","status-publish","hentry"],"yoast_head":"<!-- This site is optimized with the Yoast SEO plugin v27.5 - https:\/\/yoast.com\/product\/yoast-seo-wordpress\/ -->\n<title>HISTOIRE - REPUBLIQUE DOMINICAINE - Abc-latina<\/title>\n<meta name=\"description\" content=\"L&#039;histoire de la R\u00e9publique dominicaine, en d\u00e9tail.\" \/>\n<meta name=\"robots\" content=\"index, follow, max-snippet:-1, max-image-preview:large, max-video-preview:-1\" \/>\n<link rel=\"canonical\" href=\"https:\/\/abc-latina.com\/index\/histoire\/\" \/>\n<meta property=\"og:locale\" content=\"fr_FR\" \/>\n<meta property=\"og:type\" content=\"article\" \/>\n<meta property=\"og:title\" content=\"HISTOIRE - REPUBLIQUE DOMINICAINE - Abc-latina\" \/>\n<meta property=\"og:description\" content=\"L&#039;histoire de la R\u00e9publique dominicaine, en d\u00e9tail.\" \/>\n<meta property=\"og:url\" content=\"https:\/\/abc-latina.com\/index\/histoire\/\" \/>\n<meta property=\"og:site_name\" content=\"Abc-latina\" \/>\n<meta property=\"article:modified_time\" content=\"2026-04-30T16:25:24+00:00\" \/>\n<meta name=\"twitter:card\" content=\"summary_large_image\" \/>\n<meta name=\"twitter:label1\" content=\"Dur\u00e9e de lecture estim\u00e9e\" \/>\n\t<meta name=\"twitter:data1\" content=\"2 minutes\" \/>\n<script type=\"application\/ld+json\" class=\"yoast-schema-graph\">{\"@context\":\"https:\\\/\\\/schema.org\",\"@graph\":[{\"@type\":\"WebPage\",\"@id\":\"https:\\\/\\\/abc-latina.com\\\/index\\\/histoire\\\/\",\"url\":\"https:\\\/\\\/abc-latina.com\\\/index\\\/histoire\\\/\",\"name\":\"HISTOIRE - REPUBLIQUE DOMINICAINE - Abc-latina\",\"isPartOf\":{\"@id\":\"https:\\\/\\\/abc-latina.com\\\/#website\"},\"datePublished\":\"2011-09-09T02:49:30+00:00\",\"dateModified\":\"2026-04-30T16:25:24+00:00\",\"description\":\"L'histoire de la R\u00e9publique dominicaine, en d\u00e9tail.\",\"breadcrumb\":{\"@id\":\"https:\\\/\\\/abc-latina.com\\\/index\\\/histoire\\\/#breadcrumb\"},\"inLanguage\":\"fr-FR\",\"potentialAction\":[{\"@type\":\"ReadAction\",\"target\":[\"https:\\\/\\\/abc-latina.com\\\/index\\\/histoire\\\/\"]}]},{\"@type\":\"BreadcrumbList\",\"@id\":\"https:\\\/\\\/abc-latina.com\\\/index\\\/histoire\\\/#breadcrumb\",\"itemListElement\":[{\"@type\":\"ListItem\",\"position\":1,\"name\":\"Accueil\",\"item\":\"https:\\\/\\\/abc-latina.com\\\/\"},{\"@type\":\"ListItem\",\"position\":2,\"name\":\"HISTOIRE &#8211; REPUBLIQUE DOMINICAINE\"}]},{\"@type\":\"WebSite\",\"@id\":\"https:\\\/\\\/abc-latina.com\\\/#website\",\"url\":\"https:\\\/\\\/abc-latina.com\\\/\",\"name\":\"Abc-latina\",\"description\":\"\",\"publisher\":{\"@id\":\"https:\\\/\\\/abc-latina.com\\\/#organization\"},\"potentialAction\":[{\"@type\":\"SearchAction\",\"target\":{\"@type\":\"EntryPoint\",\"urlTemplate\":\"https:\\\/\\\/abc-latina.com\\\/?s={search_term_string}\"},\"query-input\":{\"@type\":\"PropertyValueSpecification\",\"valueRequired\":true,\"valueName\":\"search_term_string\"}}],\"inLanguage\":\"fr-FR\"},{\"@type\":\"Organization\",\"@id\":\"https:\\\/\\\/abc-latina.com\\\/#organization\",\"name\":\"Abc-latina\",\"url\":\"https:\\\/\\\/abc-latina.com\\\/\",\"logo\":{\"@type\":\"ImageObject\",\"inLanguage\":\"fr-FR\",\"@id\":\"https:\\\/\\\/abc-latina.com\\\/#\\\/schema\\\/logo\\\/image\\\/\",\"url\":\"https:\\\/\\\/abc-latina.com\\\/wp-content\\\/uploads\\\/2026\\\/05\\\/cropped-logo.gif\",\"contentUrl\":\"https:\\\/\\\/abc-latina.com\\\/wp-content\\\/uploads\\\/2026\\\/05\\\/cropped-logo.gif\",\"width\":89,\"height\":84,\"caption\":\"Abc-latina\"},\"image\":{\"@id\":\"https:\\\/\\\/abc-latina.com\\\/#\\\/schema\\\/logo\\\/image\\\/\"}}]}<\/script>\n<!-- \/ Yoast SEO plugin. -->","yoast_head_json":{"title":"HISTOIRE - REPUBLIQUE DOMINICAINE - Abc-latina","description":"L'histoire de la R\u00e9publique dominicaine, en d\u00e9tail.","robots":{"index":"index","follow":"follow","max-snippet":"max-snippet:-1","max-image-preview":"max-image-preview:large","max-video-preview":"max-video-preview:-1"},"canonical":"https:\/\/abc-latina.com\/index\/histoire\/","og_locale":"fr_FR","og_type":"article","og_title":"HISTOIRE - REPUBLIQUE DOMINICAINE - Abc-latina","og_description":"L'histoire de la R\u00e9publique dominicaine, en d\u00e9tail.","og_url":"https:\/\/abc-latina.com\/index\/histoire\/","og_site_name":"Abc-latina","article_modified_time":"2026-04-30T16:25:24+00:00","twitter_card":"summary_large_image","twitter_misc":{"Dur\u00e9e de lecture estim\u00e9e":"2 minutes"},"schema":{"@context":"https:\/\/schema.org","@graph":[{"@type":"WebPage","@id":"https:\/\/abc-latina.com\/index\/histoire\/","url":"https:\/\/abc-latina.com\/index\/histoire\/","name":"HISTOIRE - REPUBLIQUE DOMINICAINE - Abc-latina","isPartOf":{"@id":"https:\/\/abc-latina.com\/#website"},"datePublished":"2011-09-09T02:49:30+00:00","dateModified":"2026-04-30T16:25:24+00:00","description":"L'histoire de la R\u00e9publique dominicaine, en d\u00e9tail.","breadcrumb":{"@id":"https:\/\/abc-latina.com\/index\/histoire\/#breadcrumb"},"inLanguage":"fr-FR","potentialAction":[{"@type":"ReadAction","target":["https:\/\/abc-latina.com\/index\/histoire\/"]}]},{"@type":"BreadcrumbList","@id":"https:\/\/abc-latina.com\/index\/histoire\/#breadcrumb","itemListElement":[{"@type":"ListItem","position":1,"name":"Accueil","item":"https:\/\/abc-latina.com\/"},{"@type":"ListItem","position":2,"name":"HISTOIRE &#8211; REPUBLIQUE DOMINICAINE"}]},{"@type":"WebSite","@id":"https:\/\/abc-latina.com\/#website","url":"https:\/\/abc-latina.com\/","name":"Abc-latina","description":"","publisher":{"@id":"https:\/\/abc-latina.com\/#organization"},"potentialAction":[{"@type":"SearchAction","target":{"@type":"EntryPoint","urlTemplate":"https:\/\/abc-latina.com\/?s={search_term_string}"},"query-input":{"@type":"PropertyValueSpecification","valueRequired":true,"valueName":"search_term_string"}}],"inLanguage":"fr-FR"},{"@type":"Organization","@id":"https:\/\/abc-latina.com\/#organization","name":"Abc-latina","url":"https:\/\/abc-latina.com\/","logo":{"@type":"ImageObject","inLanguage":"fr-FR","@id":"https:\/\/abc-latina.com\/#\/schema\/logo\/image\/","url":"https:\/\/abc-latina.com\/wp-content\/uploads\/2026\/05\/cropped-logo.gif","contentUrl":"https:\/\/abc-latina.com\/wp-content\/uploads\/2026\/05\/cropped-logo.gif","width":89,"height":84,"caption":"Abc-latina"},"image":{"@id":"https:\/\/abc-latina.com\/#\/schema\/logo\/image\/"}}]}},"_links":{"self":[{"href":"https:\/\/abc-latina.com\/wp-json\/wp\/v2\/pages\/2738","targetHints":{"allow":["GET"]}}],"collection":[{"href":"https:\/\/abc-latina.com\/wp-json\/wp\/v2\/pages"}],"about":[{"href":"https:\/\/abc-latina.com\/wp-json\/wp\/v2\/types\/page"}],"author":[{"embeddable":true,"href":"https:\/\/abc-latina.com\/wp-json\/wp\/v2\/users\/3"}],"replies":[{"embeddable":true,"href":"https:\/\/abc-latina.com\/wp-json\/wp\/v2\/comments?post=2738"}],"version-history":[{"count":1,"href":"https:\/\/abc-latina.com\/wp-json\/wp\/v2\/pages\/2738\/revisions"}],"predecessor-version":[{"id":3886,"href":"https:\/\/abc-latina.com\/wp-json\/wp\/v2\/pages\/2738\/revisions\/3886"}],"up":[{"embeddable":true,"href":"https:\/\/abc-latina.com\/wp-json\/wp\/v2\/pages\/2316"}],"wp:attachment":[{"href":"https:\/\/abc-latina.com\/wp-json\/wp\/v2\/media?parent=2738"}],"curies":[{"name":"wp","href":"https:\/\/api.w.org\/{rel}","templated":true}]}}