{"id":2761,"date":"2011-09-20T16:54:39","date_gmt":"2011-09-20T14:54:39","guid":{"rendered":"http:\/\/abc-latina.com\/romario-htm\/"},"modified":"2026-04-30T18:25:29","modified_gmt":"2026-04-30T16:25:29","slug":"romario","status":"publish","type":"page","link":"https:\/\/abc-latina.com\/sport\/sportifs\/romario\/","title":{"rendered":"ROMARIO"},"content":{"rendered":"<p>&nbsp;Romario est l&rsquo;arch\u00e9type de l&rsquo;enfant issu de la banlieue d&rsquo;une grande ville br\u00e9silienne qui acc\u00e8de au statut de vedette mondiale gr\u00e2ce au <a href=\"https:\/\/www.abc-latina.com\/sport\/football\/\">football<\/a>. N\u00e9 dans le quartier de Mellassine un 29 janvier 1966, le jeune Rom\u00e1rio a trouv\u00e9 dans le football un moyen d&rsquo;\u00e9chapper \u00e0 une vie difficile en marge de la soci\u00e9t\u00e9.<\/p>\n<div>Il marque ses premiers buts sous les couleurs d&rsquo;une formation de Vila da Penha, Estrelinha. Il se fait rapidement remarquer, obtenant un premier transfert vers Olaria, puis un contrat avec Vasco da Gama. Au sein de l&rsquo;\u00e9quipe carioca, l&rsquo;homme fait \u00e9tat de son adresse dans les derniers m\u00e8tres, ce qui lui permet de conqu\u00e9rir ses premiers titres en club et avec l&rsquo;\u00e9quipe nationale. C&rsquo;est en 1985 qu&rsquo;il obtient sa premi\u00e8re couronne internationale, le Championnat d&rsquo;Am\u00e9rique du Sud Juniors, d\u00e9croch\u00e9 en terres paraguayennes. En 1987 et 88, il enl\u00e8ve par deux fois le championnat de Rio avec le Vasco, ce qui lui permet d&rsquo;int\u00e9grer la Sele\u00e7\u00e3o finaliste aux Jeux Olympiques de S\u00e9oul, dont il termine meilleur buteur. Cette r\u00e9ussite lui vaut plusieurs propositions en provenance d&rsquo;Europe, Rom\u00e1rio acceptant finalement de se lier au PSV, avec lequel il va conqu\u00e9rir six titres en cinq saisons.<\/div>\n<div>&nbsp;<\/div>\n<div>Romario est ensuite transfer\u00e9 au FC Barcelone o\u00f9 commence la grande \u00e9poque du buteur br\u00e9silien. Sous les ordres de Johan Cruyff, Rom\u00e1rio devient l&rsquo;idole de tout le peuple barcelonais, \u00e0 qui il offre un championnat d&rsquo;Espagne au sein de la l\u00e9gendaire &laquo; Dream Team &raquo; du FC Barcelone. L&rsquo;attaquant br\u00e9silien est \u00e9videmment encore le meilleur buteur de la comp\u00e9tition. Au sommet de son art, Rom\u00e1rio a enfin l&rsquo;occasion de briller lors d&rsquo;une Coupe du Monde de la FIFA apr\u00e8s avoir jou\u00e9 un r\u00f4le passif \u00e0 Italie 90. Malgr\u00e9 un probl\u00e8me physique, il avait \u00e9t\u00e9 inclus dans le groupe, mais n&rsquo;avait quasiment pas pu entrer en jeu. Aux \u00c9tats-Unis, au contraire, Rom\u00e1rio pr\u00e9sente une condition physique optimale qui lui permet d&rsquo;\u00e9taler tout son potentiel. Auteur de cinq buts, c&rsquo;est lui le principal artisan de la premi\u00e8re victoire auriverde en Coupe du Monde apr\u00e8s 24 ans d&rsquo;attente.<\/div>\n<div>&nbsp;<\/div>\n<div>Il voulait \u00eatre le meilleur joueur du monde. La vie de Rom\u00e1rio, dont la volont\u00e9 a \u00e9t\u00e9 exauc\u00e9e en 1994 lorsque la FIFA lui attribua, logiquement, le titre de joueur de l&rsquo;ann\u00e9e, est un roman fleuve \u00e0 elle seule, devenant ainsi le premier Br\u00e9silien \u00e0 s&rsquo;en emparer (la distinction a \u00e9t\u00e9 cr\u00e9\u00e9e en 1991).<\/div>\n<div>&nbsp;<\/div>\n<div>Pour la saison 2006, Rom\u00e1rio s&rsquo;alignait avec le Miami FC, un club d&rsquo;expansion de la premi\u00e8re division de la United Soccer Leagues. Il signe en novembre 2006 un contrat de 4 matchs avec l&rsquo;\u00e9quipe de Adela\u00efde United, club australien. D\u00e9but janvier 2007, Romario d\u00e9cide de revenir dans le club qui l&rsquo;a fait conna\u00eetre, le Vasco de Gama. Il lui faut toutefois attendre l&rsquo;accord de la FIFA qui interdit normalement \u00e0 un joueur d&rsquo;\u00e9voluer dans plus de deux \u00e9quipes diff\u00e9rentes au cours d&rsquo;une saison. L&rsquo;accord \u00e0 peine obtenu en f\u00e9vrier 2007, il marque 3 buts dans les 12 minutes apr\u00e8s son entr\u00e9e sur le terrain, contre Volta Redonda.<\/div>\n<div>&nbsp;<\/div>\n<div>Il l&rsquo;a quitt\u00e9e &laquo; d\u00e9finitivement &raquo; en avril 2005, \u00e0 l&rsquo;occasion d&rsquo;une rencontre contre le Guatemala \u00e0 Pacambu (\u00c9tat de S\u00e3o Paulo).<\/div>\n<div>&nbsp;<\/div>\n<div>Rom\u00e1rio est un attaquant pas comme les autres, plus personne n&rsquo;en doute. Il est identifi\u00e9 par son envie de faire ce qu&rsquo;il sait faire de mieux : marquer des buts, et par son c\u00f4t\u00e9 impr\u00e9visible. Malgr\u00e9 son \u00e2ge, il est reste le renard de surface que les amateurs du football ont connu et aiment. Sa technique d&rsquo;orf\u00e8vre et son explosivit\u00e9 de sprinteur le rendent pratiquement irr\u00e9sistible pour les d\u00e9fenseurs. Prompt \u00e0 se d\u00e9faire du marquage et capable de se cr\u00e9er d&rsquo;improbables espaces dans la surface de r\u00e9paration (caract\u00e9ristique qu&rsquo;il conserve encore aujourd&rsquo;hui), Romario devient le pion essentiel d&rsquo;une Sele\u00e7\u00e3o qui va reconqu\u00e9rir le titre supr\u00eame de mondial 1994 apr\u00e8s 24 ans d&rsquo;attente.<\/div>\n<div>&nbsp;<\/div>\n<div>Apr\u00e8s le mondial 1994, son retour est marqu\u00e9 par autant de titres que de pol\u00e9miques, l&rsquo;homme ayant maille \u00e0 partir avec des joueurs, des supporters et des entra\u00eeneurs. Il se bat avec son ex-ami Edmundo ; il gifle Andrei, son co\u00e9quipier \u00e0 Fluminense, au cours d&rsquo;une rencontre perdue 0-6 ; il frappe, avec l&rsquo;aide d&rsquo;un vigile, un supporter qui protestait pendant les entra\u00eenements ; il contraint le technicien Vanderlei Luxemburgo \u00e0 quitter Flamengo ; il se sent trahi par Zico et M\u00e1rio Zagallo, qui ne le convoquent pas pour la Coupe du monde 1998 (en repr\u00e9sailles, il fait peindre des caricatures des deux entra\u00eeneurs assis sur les WC dans une discoth\u00e8que de sa propri\u00e9t\u00e9) ; et il se f\u00e2che avec Luiz Felipe Scolari, qui l&rsquo;avait initialement convoqu\u00e9 dans le groupe br\u00e9silien et lui avait confi\u00e9 le brassard de capitaine, avant de se passer d\u00e9finitivement de lui pour former l&rsquo;\u00e9quipe qui remporterait la Coupe du monde en 2002. Ces p\u00e9rip\u00e9ties sont entrecoup\u00e9es de deux exp\u00e9riences \u00e0 l&rsquo;\u00e9tranger. Il s\u00e9journe ainsi quelque temps \u00e0 Valence, avant d&rsquo;effectuer un passage tr\u00e8s bref \u00e0 Al-Sadd (Qatar), o\u00f9 il ne joue quasiment pas.<\/div>\n","protected":false},"excerpt":{"rendered":"<p>&nbsp;Romario est l&rsquo;arch\u00e9type de l&rsquo;enfant issu de la banlieue d&rsquo;une grande ville br\u00e9silienne qui acc\u00e8de au statut de vedette mondiale [&hellip;]<\/p>\n","protected":false},"author":3,"featured_media":0,"parent":2777,"menu_order":0,"comment_status":"closed","ping_status":"closed","template":"","meta":{"site-sidebar-layout":"default","site-content-layout":"","ast-site-content-layout":"default","site-content-style":"default","site-sidebar-style":"default","ast-global-header-display":"","ast-banner-title-visibility":"","ast-main-header-display":"","ast-hfb-above-header-display":"","ast-hfb-below-header-display":"","ast-hfb-mobile-header-display":"","site-post-title":"","ast-breadcrumbs-content":"","ast-featured-img":"","footer-sml-layout":"","ast-disable-related-posts":"","theme-transparent-header-meta":"","adv-header-id-meta":"","stick-header-meta":"","header-above-stick-meta":"","header-main-stick-meta":"","header-below-stick-meta":"","astra-migrate-meta-layouts":"default","ast-page-background-enabled":"default","ast-page-background-meta":{"desktop":{"background-color":"var(--ast-global-color-5)","background-image":"","background-repeat":"repeat","background-position":"center center","background-size":"auto","background-attachment":"scroll","background-type":"","background-media":"","overlay-type":"","overlay-color":"","overlay-opacity":"","overlay-gradient":""},"tablet":{"background-color":"","background-image":"","background-repeat":"repeat","background-position":"center center","background-size":"auto","background-attachment":"scroll","background-type":"","background-media":"","overlay-type":"","overlay-color":"","overlay-opacity":"","overlay-gradient":""},"mobile":{"background-color":"","background-image":"","background-repeat":"repeat","background-position":"center center","background-size":"auto","background-attachment":"scroll","background-type":"","background-media":"","overlay-type":"","overlay-color":"","overlay-opacity":"","overlay-gradient":""}},"ast-content-background-meta":{"desktop":{"background-color":"var(--ast-global-color-4)","background-image":"","background-repeat":"repeat","background-position":"center center","background-size":"auto","background-attachment":"scroll","background-type":"","background-media":"","overlay-type":"","overlay-color":"","overlay-opacity":"","overlay-gradient":""},"tablet":{"background-color":"var(--ast-global-color-4)","background-image":"","background-repeat":"repeat","background-position":"center center","background-size":"auto","background-attachment":"scroll","background-type":"","background-media":"","overlay-type":"","overlay-color":"","overlay-opacity":"","overlay-gradient":""},"mobile":{"background-color":"var(--ast-global-color-4)","background-image":"","background-repeat":"repeat","background-position":"center center","background-size":"auto","background-attachment":"scroll","background-type":"","background-media":"","overlay-type":"","overlay-color":"","overlay-opacity":"","overlay-gradient":""}},"footnotes":""},"class_list":["post-2761","page","type-page","status-publish","hentry"],"yoast_head":"<!-- This site is optimized with the Yoast SEO plugin v27.5 - https:\/\/yoast.com\/product\/yoast-seo-wordpress\/ -->\n<title>ROMARIO - Abc-latina<\/title>\n<meta name=\"description\" content=\"Pr\u00e9sentation du footballeur br\u00e9silien, Romario.\" \/>\n<meta name=\"robots\" content=\"index, follow, max-snippet:-1, max-image-preview:large, max-video-preview:-1\" \/>\n<link rel=\"canonical\" href=\"https:\/\/abc-latina.com\/sport\/sportifs\/romario\/\" \/>\n<meta property=\"og:locale\" content=\"fr_FR\" \/>\n<meta property=\"og:type\" content=\"article\" \/>\n<meta property=\"og:title\" content=\"ROMARIO - Abc-latina\" \/>\n<meta property=\"og:description\" content=\"Pr\u00e9sentation du footballeur br\u00e9silien, Romario.\" \/>\n<meta property=\"og:url\" content=\"https:\/\/abc-latina.com\/sport\/sportifs\/romario\/\" \/>\n<meta property=\"og:site_name\" content=\"Abc-latina\" \/>\n<meta property=\"article:modified_time\" content=\"2026-04-30T16:25:29+00:00\" \/>\n<meta name=\"twitter:card\" content=\"summary_large_image\" \/>\n<meta name=\"twitter:label1\" content=\"Dur\u00e9e de lecture estim\u00e9e\" \/>\n\t<meta name=\"twitter:data1\" content=\"4 minutes\" \/>\n<script type=\"application\/ld+json\" class=\"yoast-schema-graph\">{\"@context\":\"https:\\\/\\\/schema.org\",\"@graph\":[{\"@type\":\"WebPage\",\"@id\":\"https:\\\/\\\/abc-latina.com\\\/sport\\\/sportifs\\\/romario\\\/\",\"url\":\"https:\\\/\\\/abc-latina.com\\\/sport\\\/sportifs\\\/romario\\\/\",\"name\":\"ROMARIO - Abc-latina\",\"isPartOf\":{\"@id\":\"https:\\\/\\\/abc-latina.com\\\/#website\"},\"datePublished\":\"2011-09-20T14:54:39+00:00\",\"dateModified\":\"2026-04-30T16:25:29+00:00\",\"description\":\"Pr\u00e9sentation du footballeur br\u00e9silien, Romario.\",\"breadcrumb\":{\"@id\":\"https:\\\/\\\/abc-latina.com\\\/sport\\\/sportifs\\\/romario\\\/#breadcrumb\"},\"inLanguage\":\"fr-FR\",\"potentialAction\":[{\"@type\":\"ReadAction\",\"target\":[\"https:\\\/\\\/abc-latina.com\\\/sport\\\/sportifs\\\/romario\\\/\"]}]},{\"@type\":\"BreadcrumbList\",\"@id\":\"https:\\\/\\\/abc-latina.com\\\/sport\\\/sportifs\\\/romario\\\/#breadcrumb\",\"itemListElement\":[{\"@type\":\"ListItem\",\"position\":1,\"name\":\"Accueil\",\"item\":\"https:\\\/\\\/abc-latina.com\\\/\"},{\"@type\":\"ListItem\",\"position\":2,\"name\":\"ROMARIO\"}]},{\"@type\":\"WebSite\",\"@id\":\"https:\\\/\\\/abc-latina.com\\\/#website\",\"url\":\"https:\\\/\\\/abc-latina.com\\\/\",\"name\":\"Abc-latina\",\"description\":\"\",\"publisher\":{\"@id\":\"https:\\\/\\\/abc-latina.com\\\/#organization\"},\"potentialAction\":[{\"@type\":\"SearchAction\",\"target\":{\"@type\":\"EntryPoint\",\"urlTemplate\":\"https:\\\/\\\/abc-latina.com\\\/?s={search_term_string}\"},\"query-input\":{\"@type\":\"PropertyValueSpecification\",\"valueRequired\":true,\"valueName\":\"search_term_string\"}}],\"inLanguage\":\"fr-FR\"},{\"@type\":\"Organization\",\"@id\":\"https:\\\/\\\/abc-latina.com\\\/#organization\",\"name\":\"Abc-latina\",\"url\":\"https:\\\/\\\/abc-latina.com\\\/\",\"logo\":{\"@type\":\"ImageObject\",\"inLanguage\":\"fr-FR\",\"@id\":\"https:\\\/\\\/abc-latina.com\\\/#\\\/schema\\\/logo\\\/image\\\/\",\"url\":\"https:\\\/\\\/abc-latina.com\\\/wp-content\\\/uploads\\\/2026\\\/05\\\/cropped-logo.gif\",\"contentUrl\":\"https:\\\/\\\/abc-latina.com\\\/wp-content\\\/uploads\\\/2026\\\/05\\\/cropped-logo.gif\",\"width\":89,\"height\":84,\"caption\":\"Abc-latina\"},\"image\":{\"@id\":\"https:\\\/\\\/abc-latina.com\\\/#\\\/schema\\\/logo\\\/image\\\/\"}}]}<\/script>\n<!-- \/ Yoast SEO plugin. -->","yoast_head_json":{"title":"ROMARIO - Abc-latina","description":"Pr\u00e9sentation du footballeur br\u00e9silien, Romario.","robots":{"index":"index","follow":"follow","max-snippet":"max-snippet:-1","max-image-preview":"max-image-preview:large","max-video-preview":"max-video-preview:-1"},"canonical":"https:\/\/abc-latina.com\/sport\/sportifs\/romario\/","og_locale":"fr_FR","og_type":"article","og_title":"ROMARIO - Abc-latina","og_description":"Pr\u00e9sentation du footballeur br\u00e9silien, Romario.","og_url":"https:\/\/abc-latina.com\/sport\/sportifs\/romario\/","og_site_name":"Abc-latina","article_modified_time":"2026-04-30T16:25:29+00:00","twitter_card":"summary_large_image","twitter_misc":{"Dur\u00e9e de lecture estim\u00e9e":"4 minutes"},"schema":{"@context":"https:\/\/schema.org","@graph":[{"@type":"WebPage","@id":"https:\/\/abc-latina.com\/sport\/sportifs\/romario\/","url":"https:\/\/abc-latina.com\/sport\/sportifs\/romario\/","name":"ROMARIO - Abc-latina","isPartOf":{"@id":"https:\/\/abc-latina.com\/#website"},"datePublished":"2011-09-20T14:54:39+00:00","dateModified":"2026-04-30T16:25:29+00:00","description":"Pr\u00e9sentation du footballeur br\u00e9silien, Romario.","breadcrumb":{"@id":"https:\/\/abc-latina.com\/sport\/sportifs\/romario\/#breadcrumb"},"inLanguage":"fr-FR","potentialAction":[{"@type":"ReadAction","target":["https:\/\/abc-latina.com\/sport\/sportifs\/romario\/"]}]},{"@type":"BreadcrumbList","@id":"https:\/\/abc-latina.com\/sport\/sportifs\/romario\/#breadcrumb","itemListElement":[{"@type":"ListItem","position":1,"name":"Accueil","item":"https:\/\/abc-latina.com\/"},{"@type":"ListItem","position":2,"name":"ROMARIO"}]},{"@type":"WebSite","@id":"https:\/\/abc-latina.com\/#website","url":"https:\/\/abc-latina.com\/","name":"Abc-latina","description":"","publisher":{"@id":"https:\/\/abc-latina.com\/#organization"},"potentialAction":[{"@type":"SearchAction","target":{"@type":"EntryPoint","urlTemplate":"https:\/\/abc-latina.com\/?s={search_term_string}"},"query-input":{"@type":"PropertyValueSpecification","valueRequired":true,"valueName":"search_term_string"}}],"inLanguage":"fr-FR"},{"@type":"Organization","@id":"https:\/\/abc-latina.com\/#organization","name":"Abc-latina","url":"https:\/\/abc-latina.com\/","logo":{"@type":"ImageObject","inLanguage":"fr-FR","@id":"https:\/\/abc-latina.com\/#\/schema\/logo\/image\/","url":"https:\/\/abc-latina.com\/wp-content\/uploads\/2026\/05\/cropped-logo.gif","contentUrl":"https:\/\/abc-latina.com\/wp-content\/uploads\/2026\/05\/cropped-logo.gif","width":89,"height":84,"caption":"Abc-latina"},"image":{"@id":"https:\/\/abc-latina.com\/#\/schema\/logo\/image\/"}}]}},"_links":{"self":[{"href":"https:\/\/abc-latina.com\/wp-json\/wp\/v2\/pages\/2761","targetHints":{"allow":["GET"]}}],"collection":[{"href":"https:\/\/abc-latina.com\/wp-json\/wp\/v2\/pages"}],"about":[{"href":"https:\/\/abc-latina.com\/wp-json\/wp\/v2\/types\/page"}],"author":[{"embeddable":true,"href":"https:\/\/abc-latina.com\/wp-json\/wp\/v2\/users\/3"}],"replies":[{"embeddable":true,"href":"https:\/\/abc-latina.com\/wp-json\/wp\/v2\/comments?post=2761"}],"version-history":[{"count":1,"href":"https:\/\/abc-latina.com\/wp-json\/wp\/v2\/pages\/2761\/revisions"}],"predecessor-version":[{"id":4013,"href":"https:\/\/abc-latina.com\/wp-json\/wp\/v2\/pages\/2761\/revisions\/4013"}],"up":[{"embeddable":true,"href":"https:\/\/abc-latina.com\/wp-json\/wp\/v2\/pages\/2777"}],"wp:attachment":[{"href":"https:\/\/abc-latina.com\/wp-json\/wp\/v2\/media?parent=2761"}],"curies":[{"name":"wp","href":"https:\/\/api.w.org\/{rel}","templated":true}]}}