{"id":2762,"date":"2011-09-20T16:56:24","date_gmt":"2011-09-20T14:56:24","guid":{"rendered":"http:\/\/abc-latina.com\/ronaldinho-htm\/"},"modified":"2026-04-30T18:25:29","modified_gmt":"2026-04-30T16:25:29","slug":"ronaldinho","status":"publish","type":"page","link":"https:\/\/abc-latina.com\/sport\/sportifs\/ronaldinho\/","title":{"rendered":"RONALDINHO"},"content":{"rendered":"<p>&nbsp;Ronaldinho, de son vrai nom Ronaldo Assis de Moreira, est n\u00e9 le 21 Mars 1980 dans le quartier populaire de Restinga \u00e0 Porto Alegre. D\u00e8s l&rsquo;\u00e2ge de 5 ans, Ronaldinho courre derri\u00e8re un ballon et \u00e0 7 ans il entre \u00e0 l&rsquo;\u00e9cole du Gremio de Porto Alegre. Faisant preuve de beaucoup de talents, il participe \u00e0 12 ans au tournoi du &quot;Sub 13&quot; de Alegrete au mois de janvier 1992.<\/p>\n<div>En 1997 le jeune et talentueux footballeur br\u00e9silien remporte la Coupe du Monde Junior en Egypte dont il sera le meilleur buteur et le meilleur joueur de la comp\u00e9tition.<\/div>\n<div>Son club, le Gremio de Porto Alegre, refuse cette ann\u00e9e l\u00e0 une offre d&rsquo;achat du club holandais du PSV Eindhoven qui leur offrait pr\u00e8s de 7 millions d&rsquo;Euros pour s&rsquo;attacher les services de Ronaldinho.<\/div>\n<div>&nbsp;<\/div>\n<div>Ronaldinho est appel\u00e9 pour la premi\u00e8re fois en \u00e9quipe nationale le 26 juin 1999 contre la Lettonie (3-0), rencontre durant laquelle il marque son premier but pour le Br\u00e9sil.<\/div>\n<div>Puis pendant la Copa Am\u00e9rica 1999, le s\u00e9lectioneur br\u00e9silien d\u00e9cide de faire rentrer la nouvelle star br\u00e9silienne dans la Sele\u00e7\u00e3o contre le Venezuela qui sera \u00e9cras\u00e9 par 7 buts \u00e0 0, dont un du jeune prodige br\u00e9silien.<\/div>\n<div>Victorieux de la Copa Am\u00e9rica avec le Br\u00e9sil, Ronaldinho est de plus en plus convoit\u00e9 par les clubs europ\u00e9ens.<\/div>\n<div>&nbsp;<\/div>\n<div>Ronaldinho se distingue ensuite en devenant le meilleur buteur du tournoi Pr\u00e9olympique des moins de 23 ans, puis de la Coupe des Conf\u00e9d\u00e9rations.&nbsp;<\/div>\n<div>Le club anglais de Leeds United offre alors la somme de 78 millions d&rsquo;Euros au Gremio de Porto Alegre. Les espagnols du FC Barcelone envisagent \u00e9galement d&rsquo;acqu\u00e9rir le joueur br\u00e9silien. Mais c&rsquo;est finalement le Paris Saint-Germain qui va r\u00e9ussir \u00e0 lui faire signer un contrat de 5 ans le 17 f\u00e9vrier 2001.<\/div>\n<div>&nbsp;<\/div>\n<div>Le 4 Ao\u00fbt 2001, Ronaldinho d\u00e9bute sa carri\u00e8re dans le championnat de France sous les couleurs du PSG face \u00e0 l&rsquo;A.J. Auxerre. Cependant, Ronaldinho ne parvient pas \u00e0 d\u00e9crocher de titres avec le club parisien. Il est tout de m\u00eame aur\u00e9ol\u00e9 d&rsquo;un titre de champion du monde en 2002 quand le Br\u00e9sil remporte son cinqui\u00e8me titre au Japon et en Cor\u00e9e du Sud.<\/div>\n<div>&nbsp;<\/div>\n<div>De retour dans le championnat de France, Ronaldinho ne s&rsquo;entend pas tr\u00e8s bien avec l&rsquo;entraineur du PSG et la d\u00e9cision est prise de le vendre \u00e0 d&rsquo;autres clubs europ\u00e9ens. Manchester United, Barcelone et le Real Madrid sont sur les rangs.<\/div>\n<div>&nbsp;<\/div>\n<div>C&rsquo;est le Bar\u00e7a qui fait la meilleure offre en achetant la vedette br\u00e9silenne pour 25 millions d&rsquo;Euros.<\/div>\n<div>Ronaldinho d\u00e9bute alors dans la Liga (le championnat espagnol) le 30 Ao\u00fbt 2003 contre l&rsquo;Atletico. Le Bar\u00e7a terminera deuxi\u00e8me de la saison, mais Ronaldinho et ses co\u00e9quipiers remporteront le titre l&rsquo;ann\u00e9e suivante.<\/div>\n<div>En 2005 il gagne la Super Coupe d&rsquo;Espagne et le titre de Champion d&rsquo;Espagne en marquant notamment deux des trois buts de son \u00e9quipe face au Real Madrid lors du match qui se d\u00e9roule au Stade Santiago Bernabeu.<\/div>\n<div>&nbsp;<\/div>\n<div>Ronaldinho est r\u00e9compens\u00e9 en 2005 par la presse sportive en recevant le Ballon d&rsquo;Or Europ\u00e9en, puis en \u00e9tant proclam\u00e9 meilleur joueur de l&rsquo;ann\u00e9e par la FIFA.<\/div>\n<div>&nbsp;<\/div>\n<div>Le 17 Mai 2006, le FC Barcelone conduit par Ronaldinho remporte la finale de la Ligue des Champions.<\/div>\n<div>&nbsp;<\/div>\n<div>Source football.americas-fr.com<\/div>\n<div>&nbsp;<\/div>\n<div><a href=\"https:\/\/www.abc-latina.com\/sport\/football\/bresil\">Le football br\u00e9silien<\/a><\/div>\n<div><a href=\"https:\/\/www.abc-latina.com\/sport\/bresil\">Le sport au Br\u00e9sil<\/a><\/div>\n<div><a href=\"https:\/\/www.abc-latina.com\/sport\/football\/ballon-d-or-sud-americain.php\">Les ballons d&rsquo;or sud-am\u00e9ricains<\/a><\/div>\n<div><a href=\"https:\/\/www.abc-latina.com\/sport\/sportifs\/\">Autres sportifs latino-am\u00e9ricains<\/a><\/div>\n","protected":false},"excerpt":{"rendered":"<p>&nbsp;Ronaldinho, de son vrai nom Ronaldo Assis de Moreira, est n\u00e9 le 21 Mars 1980 dans le quartier populaire de [&hellip;]<\/p>\n","protected":false},"author":3,"featured_media":0,"parent":2777,"menu_order":0,"comment_status":"closed","ping_status":"closed","template":"","meta":{"site-sidebar-layout":"default","site-content-layout":"","ast-site-content-layout":"default","site-content-style":"default","site-sidebar-style":"default","ast-global-header-display":"","ast-banner-title-visibility":"","ast-main-header-display":"","ast-hfb-above-header-display":"","ast-hfb-below-header-display":"","ast-hfb-mobile-header-display":"","site-post-title":"","ast-breadcrumbs-content":"","ast-featured-img":"","footer-sml-layout":"","ast-disable-related-posts":"","theme-transparent-header-meta":"","adv-header-id-meta":"","stick-header-meta":"","header-above-stick-meta":"","header-main-stick-meta":"","header-below-stick-meta":"","astra-migrate-meta-layouts":"default","ast-page-background-enabled":"default","ast-page-background-meta":{"desktop":{"background-color":"var(--ast-global-color-5)","background-image":"","background-repeat":"repeat","background-position":"center center","background-size":"auto","background-attachment":"scroll","background-type":"","background-media":"","overlay-type":"","overlay-color":"","overlay-opacity":"","overlay-gradient":""},"tablet":{"background-color":"","background-image":"","background-repeat":"repeat","background-position":"center center","background-size":"auto","background-attachment":"scroll","background-type":"","background-media":"","overlay-type":"","overlay-color":"","overlay-opacity":"","overlay-gradient":""},"mobile":{"background-color":"","background-image":"","background-repeat":"repeat","background-position":"center center","background-size":"auto","background-attachment":"scroll","background-type":"","background-media":"","overlay-type":"","overlay-color":"","overlay-opacity":"","overlay-gradient":""}},"ast-content-background-meta":{"desktop":{"background-color":"var(--ast-global-color-4)","background-image":"","background-repeat":"repeat","background-position":"center center","background-size":"auto","background-attachment":"scroll","background-type":"","background-media":"","overlay-type":"","overlay-color":"","overlay-opacity":"","overlay-gradient":""},"tablet":{"background-color":"var(--ast-global-color-4)","background-image":"","background-repeat":"repeat","background-position":"center center","background-size":"auto","background-attachment":"scroll","background-type":"","background-media":"","overlay-type":"","overlay-color":"","overlay-opacity":"","overlay-gradient":""},"mobile":{"background-color":"var(--ast-global-color-4)","background-image":"","background-repeat":"repeat","background-position":"center center","background-size":"auto","background-attachment":"scroll","background-type":"","background-media":"","overlay-type":"","overlay-color":"","overlay-opacity":"","overlay-gradient":""}},"footnotes":""},"class_list":["post-2762","page","type-page","status-publish","hentry"],"yoast_head":"<!-- This site is optimized with the Yoast SEO plugin v27.5 - https:\/\/yoast.com\/product\/yoast-seo-wordpress\/ -->\n<title>RONALDINHO - Abc-latina<\/title>\n<meta name=\"description\" content=\"Pr\u00e9sentation du footballeur br\u00e9silien, Ronaldinho.\" \/>\n<meta name=\"robots\" content=\"index, follow, max-snippet:-1, max-image-preview:large, max-video-preview:-1\" \/>\n<link rel=\"canonical\" href=\"https:\/\/abc-latina.com\/sport\/sportifs\/ronaldinho\/\" \/>\n<meta property=\"og:locale\" content=\"fr_FR\" \/>\n<meta property=\"og:type\" content=\"article\" \/>\n<meta property=\"og:title\" content=\"RONALDINHO - Abc-latina\" \/>\n<meta property=\"og:description\" content=\"Pr\u00e9sentation du footballeur br\u00e9silien, Ronaldinho.\" \/>\n<meta property=\"og:url\" content=\"https:\/\/abc-latina.com\/sport\/sportifs\/ronaldinho\/\" \/>\n<meta property=\"og:site_name\" content=\"Abc-latina\" \/>\n<meta property=\"article:modified_time\" content=\"2026-04-30T16:25:29+00:00\" \/>\n<meta name=\"twitter:card\" content=\"summary_large_image\" \/>\n<meta name=\"twitter:label1\" content=\"Dur\u00e9e de lecture estim\u00e9e\" \/>\n\t<meta name=\"twitter:data1\" content=\"3 minutes\" \/>\n<script type=\"application\/ld+json\" class=\"yoast-schema-graph\">{\"@context\":\"https:\\\/\\\/schema.org\",\"@graph\":[{\"@type\":\"WebPage\",\"@id\":\"https:\\\/\\\/abc-latina.com\\\/sport\\\/sportifs\\\/ronaldinho\\\/\",\"url\":\"https:\\\/\\\/abc-latina.com\\\/sport\\\/sportifs\\\/ronaldinho\\\/\",\"name\":\"RONALDINHO - Abc-latina\",\"isPartOf\":{\"@id\":\"https:\\\/\\\/abc-latina.com\\\/#website\"},\"datePublished\":\"2011-09-20T14:56:24+00:00\",\"dateModified\":\"2026-04-30T16:25:29+00:00\",\"description\":\"Pr\u00e9sentation du footballeur br\u00e9silien, Ronaldinho.\",\"breadcrumb\":{\"@id\":\"https:\\\/\\\/abc-latina.com\\\/sport\\\/sportifs\\\/ronaldinho\\\/#breadcrumb\"},\"inLanguage\":\"fr-FR\",\"potentialAction\":[{\"@type\":\"ReadAction\",\"target\":[\"https:\\\/\\\/abc-latina.com\\\/sport\\\/sportifs\\\/ronaldinho\\\/\"]}]},{\"@type\":\"BreadcrumbList\",\"@id\":\"https:\\\/\\\/abc-latina.com\\\/sport\\\/sportifs\\\/ronaldinho\\\/#breadcrumb\",\"itemListElement\":[{\"@type\":\"ListItem\",\"position\":1,\"name\":\"Accueil\",\"item\":\"https:\\\/\\\/abc-latina.com\\\/\"},{\"@type\":\"ListItem\",\"position\":2,\"name\":\"RONALDINHO\"}]},{\"@type\":\"WebSite\",\"@id\":\"https:\\\/\\\/abc-latina.com\\\/#website\",\"url\":\"https:\\\/\\\/abc-latina.com\\\/\",\"name\":\"Abc-latina\",\"description\":\"\",\"publisher\":{\"@id\":\"https:\\\/\\\/abc-latina.com\\\/#organization\"},\"potentialAction\":[{\"@type\":\"SearchAction\",\"target\":{\"@type\":\"EntryPoint\",\"urlTemplate\":\"https:\\\/\\\/abc-latina.com\\\/?s={search_term_string}\"},\"query-input\":{\"@type\":\"PropertyValueSpecification\",\"valueRequired\":true,\"valueName\":\"search_term_string\"}}],\"inLanguage\":\"fr-FR\"},{\"@type\":\"Organization\",\"@id\":\"https:\\\/\\\/abc-latina.com\\\/#organization\",\"name\":\"Abc-latina\",\"url\":\"https:\\\/\\\/abc-latina.com\\\/\",\"logo\":{\"@type\":\"ImageObject\",\"inLanguage\":\"fr-FR\",\"@id\":\"https:\\\/\\\/abc-latina.com\\\/#\\\/schema\\\/logo\\\/image\\\/\",\"url\":\"https:\\\/\\\/abc-latina.com\\\/wp-content\\\/uploads\\\/2026\\\/05\\\/cropped-logo.gif\",\"contentUrl\":\"https:\\\/\\\/abc-latina.com\\\/wp-content\\\/uploads\\\/2026\\\/05\\\/cropped-logo.gif\",\"width\":89,\"height\":84,\"caption\":\"Abc-latina\"},\"image\":{\"@id\":\"https:\\\/\\\/abc-latina.com\\\/#\\\/schema\\\/logo\\\/image\\\/\"}}]}<\/script>\n<!-- \/ Yoast SEO plugin. -->","yoast_head_json":{"title":"RONALDINHO - Abc-latina","description":"Pr\u00e9sentation du footballeur br\u00e9silien, Ronaldinho.","robots":{"index":"index","follow":"follow","max-snippet":"max-snippet:-1","max-image-preview":"max-image-preview:large","max-video-preview":"max-video-preview:-1"},"canonical":"https:\/\/abc-latina.com\/sport\/sportifs\/ronaldinho\/","og_locale":"fr_FR","og_type":"article","og_title":"RONALDINHO - Abc-latina","og_description":"Pr\u00e9sentation du footballeur br\u00e9silien, Ronaldinho.","og_url":"https:\/\/abc-latina.com\/sport\/sportifs\/ronaldinho\/","og_site_name":"Abc-latina","article_modified_time":"2026-04-30T16:25:29+00:00","twitter_card":"summary_large_image","twitter_misc":{"Dur\u00e9e de lecture estim\u00e9e":"3 minutes"},"schema":{"@context":"https:\/\/schema.org","@graph":[{"@type":"WebPage","@id":"https:\/\/abc-latina.com\/sport\/sportifs\/ronaldinho\/","url":"https:\/\/abc-latina.com\/sport\/sportifs\/ronaldinho\/","name":"RONALDINHO - Abc-latina","isPartOf":{"@id":"https:\/\/abc-latina.com\/#website"},"datePublished":"2011-09-20T14:56:24+00:00","dateModified":"2026-04-30T16:25:29+00:00","description":"Pr\u00e9sentation du footballeur br\u00e9silien, Ronaldinho.","breadcrumb":{"@id":"https:\/\/abc-latina.com\/sport\/sportifs\/ronaldinho\/#breadcrumb"},"inLanguage":"fr-FR","potentialAction":[{"@type":"ReadAction","target":["https:\/\/abc-latina.com\/sport\/sportifs\/ronaldinho\/"]}]},{"@type":"BreadcrumbList","@id":"https:\/\/abc-latina.com\/sport\/sportifs\/ronaldinho\/#breadcrumb","itemListElement":[{"@type":"ListItem","position":1,"name":"Accueil","item":"https:\/\/abc-latina.com\/"},{"@type":"ListItem","position":2,"name":"RONALDINHO"}]},{"@type":"WebSite","@id":"https:\/\/abc-latina.com\/#website","url":"https:\/\/abc-latina.com\/","name":"Abc-latina","description":"","publisher":{"@id":"https:\/\/abc-latina.com\/#organization"},"potentialAction":[{"@type":"SearchAction","target":{"@type":"EntryPoint","urlTemplate":"https:\/\/abc-latina.com\/?s={search_term_string}"},"query-input":{"@type":"PropertyValueSpecification","valueRequired":true,"valueName":"search_term_string"}}],"inLanguage":"fr-FR"},{"@type":"Organization","@id":"https:\/\/abc-latina.com\/#organization","name":"Abc-latina","url":"https:\/\/abc-latina.com\/","logo":{"@type":"ImageObject","inLanguage":"fr-FR","@id":"https:\/\/abc-latina.com\/#\/schema\/logo\/image\/","url":"https:\/\/abc-latina.com\/wp-content\/uploads\/2026\/05\/cropped-logo.gif","contentUrl":"https:\/\/abc-latina.com\/wp-content\/uploads\/2026\/05\/cropped-logo.gif","width":89,"height":84,"caption":"Abc-latina"},"image":{"@id":"https:\/\/abc-latina.com\/#\/schema\/logo\/image\/"}}]}},"_links":{"self":[{"href":"https:\/\/abc-latina.com\/wp-json\/wp\/v2\/pages\/2762","targetHints":{"allow":["GET"]}}],"collection":[{"href":"https:\/\/abc-latina.com\/wp-json\/wp\/v2\/pages"}],"about":[{"href":"https:\/\/abc-latina.com\/wp-json\/wp\/v2\/types\/page"}],"author":[{"embeddable":true,"href":"https:\/\/abc-latina.com\/wp-json\/wp\/v2\/users\/3"}],"replies":[{"embeddable":true,"href":"https:\/\/abc-latina.com\/wp-json\/wp\/v2\/comments?post=2762"}],"version-history":[{"count":1,"href":"https:\/\/abc-latina.com\/wp-json\/wp\/v2\/pages\/2762\/revisions"}],"predecessor-version":[{"id":4014,"href":"https:\/\/abc-latina.com\/wp-json\/wp\/v2\/pages\/2762\/revisions\/4014"}],"up":[{"embeddable":true,"href":"https:\/\/abc-latina.com\/wp-json\/wp\/v2\/pages\/2777"}],"wp:attachment":[{"href":"https:\/\/abc-latina.com\/wp-json\/wp\/v2\/media?parent=2762"}],"curies":[{"name":"wp","href":"https:\/\/api.w.org\/{rel}","templated":true}]}}