{"id":2763,"date":"2011-09-20T17:04:21","date_gmt":"2011-09-20T15:04:21","guid":{"rendered":"http:\/\/abc-latina.com\/ronaldo-htm\/"},"modified":"2026-04-30T18:25:29","modified_gmt":"2026-04-30T16:25:29","slug":"ronaldo","status":"publish","type":"page","link":"https:\/\/abc-latina.com\/sport\/sportifs\/ronaldo\/","title":{"rendered":"RONALDO"},"content":{"rendered":"<p>&nbsp;Ronaldo Lu\u00eds Naz\u00e1rio de Lima (n\u00e9 le 22 septembre 1976 \u00e0 Bento Ribeiro, Rio de Janeiro au <a href=\"https:\/\/www.abc-latina.com\/bresil\/\" target=\"_blank\">Br\u00e9sil<\/a>) est un joueur de football br\u00e9silien \u00e9voluant au Milan AC au poste d&rsquo;avant-centre.<\/p>\n<div>Mesurant 1,83 m et pesant pr\u00e8s de 90kg lors de la derni\u00e8re Coupe du Monde en Allemagne, Ronaldo est reconnu comme \u00e9tant l&rsquo;un des meilleurs joueurs du monde et l&rsquo;un des plus grands avant-centre de tous les temps.<\/div>\n<div>&nbsp;<\/div>\n<div>Sa puissance, sa combativit\u00e9, sa vitesse, ses dribbles, son sens du but forcent l&rsquo;admiration des amoureux du ballon rond.<\/div>\n<div>&nbsp;<\/div>\n<div>Il d\u00e9bute dans les clubs amateurs de Social Ramos Clube puis S\u00e3o Cristov\u00e3o avant de rejoindre les professionnels de Cruzeiro EC gr\u00e2ce \u00e0 ses d\u00e9buts tonitruants en s\u00e9lection des moins de 17 ans (59 buts en 57 matches). Les supporteurs de Cruzeiro d\u00e9couvrent d\u00e8s 1993 le talent d\u00e9bordant de cet attaquant pas comme les autres qui marque 58 buts en 60 apparitions avec le club de Belo Horizonte.<\/div>\n<div>&nbsp;<\/div>\n<div>En 1994, alors qu&rsquo;il n&rsquo;a que 17 ans, il est transf\u00e9r\u00e9 au PSV Eindhoven pour 6 millions d&rsquo;euros et d\u00e9bute la m\u00eame ann\u00e9e en \u00e9quipe nationale du Br\u00e9sil. Il fait partie de la Sele\u00e7ao championne du monde en 1994, mais il reste sur le banc des rempla\u00e7ants.<\/div>\n<div>&nbsp;<\/div>\n<div>En 1996, il rejoint le FC Barcelone pour 18 millions d&rsquo;euros. Le ph\u00e9nom\u00e8ne Br\u00e9silien y jouera une seule saison. Il marquera tout de m\u00eame 34 buts et remportera son premier titre europ\u00e9en (Coupe d&rsquo;Europe des vainqueurs de coupes), avant de quitter l&rsquo;Espagne pour l&rsquo;Italie o\u00f9 l&rsquo;Inter Milan le recrute pour 30,5 millions d&rsquo;euros.<\/div>\n<div>&nbsp;<\/div>\n<div>Apr\u00e8s une tr\u00e8s bonne saison dans le calcio, Il Fenomeno (son surnom en Italie) conduit la Selecao en finale de la coupe du monde 1998 en France. Il marque quatre buts et est \u00e9lu meilleur joueur du tournoi.<\/div>\n<div>&nbsp;<\/div>\n<div>Il connait ensuite 4 ann\u00e9es difficiles, ponctu\u00e9es par deux graves blessures au genou qui l&rsquo;obligeront \u00e0 subir de lourdes op\u00e9rations, effectu\u00e9es en France par le Pr. Saillant, qui l&rsquo;\u00e9loigneront des terrains pendant deux ans. Nombreuses sont alors les personnes qui doutent de sa capacit\u00e9 \u00e0 rejouer au football \u00e0 un niveau international. Les dirigeants de l&rsquo;Inter de Milan ainsi que les supporters font de tout pour l&rsquo;attendre et le soutenir pendant cette p\u00e8riode, et le Pr\u00e9sident Massimo Moratti d\u00e9cide m\u00eame, en guise de soutien, de lui renouveler le contrat alors que personne ne sait \u00e0 ce moment s&rsquo;il pourra rejouer au football un jour. A force de patience et de traitements, il revient \u00e0 un bon niveau \u00e0 la fin de la saison 2001-2002, ce qui lui permet d&rsquo;\u00eatre pr\u00e9sent lors de la coupe du monde 2002 en Cor\u00e9e du sud et au Japon o\u00f9 il termine meilleur buteur de la phase finale avec 8 buts et rejoint ainsi le roi <a href=\"pele\">Pel\u00e9<\/a>, en \u00e9galant le record de buts (12) inscrits par un br\u00e9silien en phase finale de coupe du monde.<\/div>\n<div>&nbsp;<\/div>\n<div>C&rsquo;est \u00e0 ce moment, apr\u00e8s pr\u00e8s de deux ans pass\u00e9s sans jouer et un traitement &quot;maternel&quot; de la part de l&rsquo;Inter Milan qu&rsquo;il d\u00e9cide de fuir le club qui l&rsquo;a tant soutenu pour succomber aux sir\u00e8nes du Real Madrid le 30 ao\u00fbt 2002, pour 30 millions d&rsquo;euros. Il marque 23 buts lors de la victoire de son club dans le championnat espagnol. Cette saison est parachev\u00e9e par un second <a href=\"https:\/\/www.abc-latina.com\/sport\/football\/ballon-d-or-sud-americain.php\">Ballon d&rsquo;or<\/a> et un troisi\u00e8me titre FIFA qui t\u00e9moigne notamment d&rsquo;une fantastique &laquo; r\u00e9surrection &raquo;.<\/div>\n<div>&nbsp;<\/div>\n<div>Ronaldo continue sur sa lanc\u00e9e les deux saisons suivantes. S&rsquo;il ne retrouve plus son explosivit\u00e9 et sa vitesse, il compense par ses talents de buteur-n\u00e9 et reste un des attaquants les plus dangereux au monde sous le maillot d&rsquo;un Real de Madrid qui ne gagne plus de titres.<\/div>\n<div>&nbsp;<\/div>\n<div>Sur fond de crise au sein du club madril\u00e8ne, la saison 2005-2006 est plus mitig\u00e9e, on lui reproche une surcharge pond\u00e9rale largement montr\u00e9e du doigt dans les m\u00e9dias.<\/div>\n<div>&nbsp;<\/div>\n<div>On le retrouve notamment \u00e0 la peine lors des deux premiers matches de la Coupe du monde de football 2006, marchant sur le terrain et n&rsquo;arrivant pas \u00e0 trouver le chemin des filets. Il fera taire les critiques lors du dernier match de poule face au Japon : \u00e0 cette occasion, il signe un doubl\u00e9 et \u00e9gale le record de buts inscrits en phase finale de coupe du monde d\u00e9tenu par Gerd M\u00fcller avec 14 buts. Le 27 juin 2006, il d\u00e9passe l&rsquo;allemand lors du match des huiti\u00e8mes de finale contre le Ghana en marquant son 15e but en phase finale de coupe du monde.<\/div>\n<div>&nbsp;<\/div>\n<div>Apr\u00e8s une premi\u00e8re partie de la saison 2006-2007 difficile et un coaching dur (Fabio Capello), Ronaldo d\u00e9cide de retourner en Italie au Milan AC. Il revient dans une ville o\u00f9 il a d\u00e9j\u00e0 jou\u00e9 mais avec le club ennemi l&rsquo;Inter Milan, ce qui constitue aux yeux des supporters de l&rsquo;Inter la seconde trahison apr\u00e8s la fuite de 2002.<\/div>\n","protected":false},"excerpt":{"rendered":"<p>&nbsp;Ronaldo Lu\u00eds Naz\u00e1rio de Lima (n\u00e9 le 22 septembre 1976 \u00e0 Bento Ribeiro, Rio de Janeiro au Br\u00e9sil) est un [&hellip;]<\/p>\n","protected":false},"author":3,"featured_media":0,"parent":2777,"menu_order":0,"comment_status":"closed","ping_status":"closed","template":"","meta":{"site-sidebar-layout":"default","site-content-layout":"","ast-site-content-layout":"default","site-content-style":"default","site-sidebar-style":"default","ast-global-header-display":"","ast-banner-title-visibility":"","ast-main-header-display":"","ast-hfb-above-header-display":"","ast-hfb-below-header-display":"","ast-hfb-mobile-header-display":"","site-post-title":"","ast-breadcrumbs-content":"","ast-featured-img":"","footer-sml-layout":"","ast-disable-related-posts":"","theme-transparent-header-meta":"","adv-header-id-meta":"","stick-header-meta":"","header-above-stick-meta":"","header-main-stick-meta":"","header-below-stick-meta":"","astra-migrate-meta-layouts":"default","ast-page-background-enabled":"default","ast-page-background-meta":{"desktop":{"background-color":"var(--ast-global-color-5)","background-image":"","background-repeat":"repeat","background-position":"center center","background-size":"auto","background-attachment":"scroll","background-type":"","background-media":"","overlay-type":"","overlay-color":"","overlay-opacity":"","overlay-gradient":""},"tablet":{"background-color":"","background-image":"","background-repeat":"repeat","background-position":"center center","background-size":"auto","background-attachment":"scroll","background-type":"","background-media":"","overlay-type":"","overlay-color":"","overlay-opacity":"","overlay-gradient":""},"mobile":{"background-color":"","background-image":"","background-repeat":"repeat","background-position":"center center","background-size":"auto","background-attachment":"scroll","background-type":"","background-media":"","overlay-type":"","overlay-color":"","overlay-opacity":"","overlay-gradient":""}},"ast-content-background-meta":{"desktop":{"background-color":"var(--ast-global-color-4)","background-image":"","background-repeat":"repeat","background-position":"center center","background-size":"auto","background-attachment":"scroll","background-type":"","background-media":"","overlay-type":"","overlay-color":"","overlay-opacity":"","overlay-gradient":""},"tablet":{"background-color":"var(--ast-global-color-4)","background-image":"","background-repeat":"repeat","background-position":"center center","background-size":"auto","background-attachment":"scroll","background-type":"","background-media":"","overlay-type":"","overlay-color":"","overlay-opacity":"","overlay-gradient":""},"mobile":{"background-color":"var(--ast-global-color-4)","background-image":"","background-repeat":"repeat","background-position":"center center","background-size":"auto","background-attachment":"scroll","background-type":"","background-media":"","overlay-type":"","overlay-color":"","overlay-opacity":"","overlay-gradient":""}},"footnotes":""},"class_list":["post-2763","page","type-page","status-publish","hentry"],"yoast_head":"<!-- This site is optimized with the Yoast SEO plugin v27.5 - https:\/\/yoast.com\/product\/yoast-seo-wordpress\/ -->\n<title>RONALDO - Abc-latina<\/title>\n<meta name=\"description\" content=\"Ronaldo, footballeur br\u00e9silien.\" \/>\n<meta name=\"robots\" content=\"index, follow, max-snippet:-1, max-image-preview:large, max-video-preview:-1\" \/>\n<link rel=\"canonical\" href=\"https:\/\/abc-latina.com\/sport\/sportifs\/ronaldo\/\" \/>\n<meta property=\"og:locale\" content=\"fr_FR\" \/>\n<meta property=\"og:type\" content=\"article\" \/>\n<meta property=\"og:title\" content=\"RONALDO - Abc-latina\" \/>\n<meta property=\"og:description\" content=\"Ronaldo, footballeur br\u00e9silien.\" \/>\n<meta property=\"og:url\" content=\"https:\/\/abc-latina.com\/sport\/sportifs\/ronaldo\/\" \/>\n<meta property=\"og:site_name\" content=\"Abc-latina\" \/>\n<meta property=\"article:modified_time\" content=\"2026-04-30T16:25:29+00:00\" \/>\n<meta name=\"twitter:card\" content=\"summary_large_image\" \/>\n<meta name=\"twitter:label1\" content=\"Dur\u00e9e de lecture estim\u00e9e\" \/>\n\t<meta name=\"twitter:data1\" content=\"4 minutes\" \/>\n<script type=\"application\/ld+json\" class=\"yoast-schema-graph\">{\"@context\":\"https:\\\/\\\/schema.org\",\"@graph\":[{\"@type\":\"WebPage\",\"@id\":\"https:\\\/\\\/abc-latina.com\\\/sport\\\/sportifs\\\/ronaldo\\\/\",\"url\":\"https:\\\/\\\/abc-latina.com\\\/sport\\\/sportifs\\\/ronaldo\\\/\",\"name\":\"RONALDO - Abc-latina\",\"isPartOf\":{\"@id\":\"https:\\\/\\\/abc-latina.com\\\/#website\"},\"datePublished\":\"2011-09-20T15:04:21+00:00\",\"dateModified\":\"2026-04-30T16:25:29+00:00\",\"description\":\"Ronaldo, footballeur br\u00e9silien.\",\"breadcrumb\":{\"@id\":\"https:\\\/\\\/abc-latina.com\\\/sport\\\/sportifs\\\/ronaldo\\\/#breadcrumb\"},\"inLanguage\":\"fr-FR\",\"potentialAction\":[{\"@type\":\"ReadAction\",\"target\":[\"https:\\\/\\\/abc-latina.com\\\/sport\\\/sportifs\\\/ronaldo\\\/\"]}]},{\"@type\":\"BreadcrumbList\",\"@id\":\"https:\\\/\\\/abc-latina.com\\\/sport\\\/sportifs\\\/ronaldo\\\/#breadcrumb\",\"itemListElement\":[{\"@type\":\"ListItem\",\"position\":1,\"name\":\"Accueil\",\"item\":\"https:\\\/\\\/abc-latina.com\\\/\"},{\"@type\":\"ListItem\",\"position\":2,\"name\":\"RONALDO\"}]},{\"@type\":\"WebSite\",\"@id\":\"https:\\\/\\\/abc-latina.com\\\/#website\",\"url\":\"https:\\\/\\\/abc-latina.com\\\/\",\"name\":\"Abc-latina\",\"description\":\"\",\"publisher\":{\"@id\":\"https:\\\/\\\/abc-latina.com\\\/#organization\"},\"potentialAction\":[{\"@type\":\"SearchAction\",\"target\":{\"@type\":\"EntryPoint\",\"urlTemplate\":\"https:\\\/\\\/abc-latina.com\\\/?s={search_term_string}\"},\"query-input\":{\"@type\":\"PropertyValueSpecification\",\"valueRequired\":true,\"valueName\":\"search_term_string\"}}],\"inLanguage\":\"fr-FR\"},{\"@type\":\"Organization\",\"@id\":\"https:\\\/\\\/abc-latina.com\\\/#organization\",\"name\":\"Abc-latina\",\"url\":\"https:\\\/\\\/abc-latina.com\\\/\",\"logo\":{\"@type\":\"ImageObject\",\"inLanguage\":\"fr-FR\",\"@id\":\"https:\\\/\\\/abc-latina.com\\\/#\\\/schema\\\/logo\\\/image\\\/\",\"url\":\"https:\\\/\\\/abc-latina.com\\\/wp-content\\\/uploads\\\/2026\\\/05\\\/cropped-logo.gif\",\"contentUrl\":\"https:\\\/\\\/abc-latina.com\\\/wp-content\\\/uploads\\\/2026\\\/05\\\/cropped-logo.gif\",\"width\":89,\"height\":84,\"caption\":\"Abc-latina\"},\"image\":{\"@id\":\"https:\\\/\\\/abc-latina.com\\\/#\\\/schema\\\/logo\\\/image\\\/\"}}]}<\/script>\n<!-- \/ Yoast SEO plugin. -->","yoast_head_json":{"title":"RONALDO - Abc-latina","description":"Ronaldo, footballeur br\u00e9silien.","robots":{"index":"index","follow":"follow","max-snippet":"max-snippet:-1","max-image-preview":"max-image-preview:large","max-video-preview":"max-video-preview:-1"},"canonical":"https:\/\/abc-latina.com\/sport\/sportifs\/ronaldo\/","og_locale":"fr_FR","og_type":"article","og_title":"RONALDO - Abc-latina","og_description":"Ronaldo, footballeur br\u00e9silien.","og_url":"https:\/\/abc-latina.com\/sport\/sportifs\/ronaldo\/","og_site_name":"Abc-latina","article_modified_time":"2026-04-30T16:25:29+00:00","twitter_card":"summary_large_image","twitter_misc":{"Dur\u00e9e de lecture estim\u00e9e":"4 minutes"},"schema":{"@context":"https:\/\/schema.org","@graph":[{"@type":"WebPage","@id":"https:\/\/abc-latina.com\/sport\/sportifs\/ronaldo\/","url":"https:\/\/abc-latina.com\/sport\/sportifs\/ronaldo\/","name":"RONALDO - Abc-latina","isPartOf":{"@id":"https:\/\/abc-latina.com\/#website"},"datePublished":"2011-09-20T15:04:21+00:00","dateModified":"2026-04-30T16:25:29+00:00","description":"Ronaldo, footballeur br\u00e9silien.","breadcrumb":{"@id":"https:\/\/abc-latina.com\/sport\/sportifs\/ronaldo\/#breadcrumb"},"inLanguage":"fr-FR","potentialAction":[{"@type":"ReadAction","target":["https:\/\/abc-latina.com\/sport\/sportifs\/ronaldo\/"]}]},{"@type":"BreadcrumbList","@id":"https:\/\/abc-latina.com\/sport\/sportifs\/ronaldo\/#breadcrumb","itemListElement":[{"@type":"ListItem","position":1,"name":"Accueil","item":"https:\/\/abc-latina.com\/"},{"@type":"ListItem","position":2,"name":"RONALDO"}]},{"@type":"WebSite","@id":"https:\/\/abc-latina.com\/#website","url":"https:\/\/abc-latina.com\/","name":"Abc-latina","description":"","publisher":{"@id":"https:\/\/abc-latina.com\/#organization"},"potentialAction":[{"@type":"SearchAction","target":{"@type":"EntryPoint","urlTemplate":"https:\/\/abc-latina.com\/?s={search_term_string}"},"query-input":{"@type":"PropertyValueSpecification","valueRequired":true,"valueName":"search_term_string"}}],"inLanguage":"fr-FR"},{"@type":"Organization","@id":"https:\/\/abc-latina.com\/#organization","name":"Abc-latina","url":"https:\/\/abc-latina.com\/","logo":{"@type":"ImageObject","inLanguage":"fr-FR","@id":"https:\/\/abc-latina.com\/#\/schema\/logo\/image\/","url":"https:\/\/abc-latina.com\/wp-content\/uploads\/2026\/05\/cropped-logo.gif","contentUrl":"https:\/\/abc-latina.com\/wp-content\/uploads\/2026\/05\/cropped-logo.gif","width":89,"height":84,"caption":"Abc-latina"},"image":{"@id":"https:\/\/abc-latina.com\/#\/schema\/logo\/image\/"}}]}},"_links":{"self":[{"href":"https:\/\/abc-latina.com\/wp-json\/wp\/v2\/pages\/2763","targetHints":{"allow":["GET"]}}],"collection":[{"href":"https:\/\/abc-latina.com\/wp-json\/wp\/v2\/pages"}],"about":[{"href":"https:\/\/abc-latina.com\/wp-json\/wp\/v2\/types\/page"}],"author":[{"embeddable":true,"href":"https:\/\/abc-latina.com\/wp-json\/wp\/v2\/users\/3"}],"replies":[{"embeddable":true,"href":"https:\/\/abc-latina.com\/wp-json\/wp\/v2\/comments?post=2763"}],"version-history":[{"count":1,"href":"https:\/\/abc-latina.com\/wp-json\/wp\/v2\/pages\/2763\/revisions"}],"predecessor-version":[{"id":4015,"href":"https:\/\/abc-latina.com\/wp-json\/wp\/v2\/pages\/2763\/revisions\/4015"}],"up":[{"embeddable":true,"href":"https:\/\/abc-latina.com\/wp-json\/wp\/v2\/pages\/2777"}],"wp:attachment":[{"href":"https:\/\/abc-latina.com\/wp-json\/wp\/v2\/media?parent=2763"}],"curies":[{"name":"wp","href":"https:\/\/api.w.org\/{rel}","templated":true}]}}