{"id":2768,"date":"2011-09-20T17:18:36","date_gmt":"2011-09-20T15:18:36","guid":{"rendered":"http:\/\/abc-latina.com\/zico-htm\/"},"modified":"2026-04-30T18:25:30","modified_gmt":"2026-04-30T16:25:30","slug":"zico","status":"publish","type":"page","link":"https:\/\/abc-latina.com\/sport\/sportifs\/zico\/","title":{"rendered":"ZICO"},"content":{"rendered":"<p>&nbsp;Arthur Antunes Coimbra, plus connu sous le nom de <span class=\"tourisme-chapitre\">Zico<\/span>, est un c\u00e9l\u00e8bre footballeur br\u00e9silien n\u00e9 le 3 mars 1953.<\/p>\n<div>Pour beaucoup, il est le meilleur joueur Br\u00e9silien de tous les temps avec, entre autres, <a href=\"pele\">Pel\u00e9<\/a>, <a href=\"garrincha\">Garrincha<\/a>, Rivelino, <a href=\"romario\">Romario<\/a> et <a href=\"ronaldo\">Ronaldo<\/a>. A un moment de sa carri\u00e8re on l&rsquo;a d&rsquo;ailleurs appel\u00e9 le Pel\u00e9 blanc. Malheureusement pour lui, c&rsquo;est avec Michel Platini l&rsquo;un des meilleurs footballeurs \u00e0 n&rsquo;avoir jamais gagn\u00e9 la Coupe du monde de football (le Br\u00e9sil a \u00e9t\u00e9 \u00e9limin\u00e9 au 2\u00e8 tour en 1978 et 1982, et par l&rsquo;\u00e9quipe de France en quarts de finale en 1986).<\/div>\n<div>&nbsp;<\/div>\n<div>N\u00e9 le 3 mars 1953, Zico est d&rsquo;origine modeste, il a pass\u00e9 sa jeunesse dans un quartier de Quintino <a href=\"https:\/\/www.abc-latina.com\/bresil\/rio_de_janeiro\" target=\"_blank\">Rio de Janeiro<\/a>.<\/div>\n<div>&nbsp;<\/div>\n<div>Il fit partie d&rsquo;une famille de footballeurs, son p\u00e8re \u00e9tait gardien de but, trois de ses fr\u00e8res ont fait aussi une carri\u00e8re professionnelle, son fr\u00e8re Edu a particip\u00e9 \u00e0 la Coupe du monde 1974.<\/div>\n<div>&nbsp;<\/div>\n<div>Comme tous les jeunes Br\u00e9siliens, il a jou\u00e9 tr\u00e8s jeune au football puis il a eu l&rsquo;occasion de passer un test pour le club de Flamengo, c&rsquo;est ainsi que sa carri\u00e8re de future vedette du football mondial a commenc\u00e9.<\/div>\n<div>&nbsp;<\/div>\n<div>Sa carri\u00e8re avec le club de Flamengo a d\u00e9but\u00e9 en 1973. On le surnommait &lsquo;Galinho de Quintino&rsquo;. Zico a jou\u00e9 principalement pour le club de CR Flamengo, mais il a effectu\u00e9 aussi un court passage dans le championnat Italien de s\u00e9rie A \u00e0 Udinese.<\/div>\n<div>&nbsp;<\/div>\n<div>Zico a permis au club de Flamengo d&rsquo;atteindre les sommets au <a href=\"https:\/\/www.abc-latina.com\/bresil\/\" target=\"_blank\">Br\u00e9sil<\/a> et en Am\u00e9rique du Sud avec, entre autres, en 1981 une victoire dans la <a href=\"https:\/\/www.abc-latina.com\/sport\/football\/copa-libertadores.php\">Copa Libertadores<\/a>, la coupe intercontinentale en 1981 et 4 titres de champion du Br\u00e9sil.<\/div>\n<div>&nbsp;<\/div>\n<div>Il fut transf\u00e9r\u00e9 pendant 2 ans, de 1983 \u00e0 1985 au club d&rsquo;Udinese, en Italie, ce qui a permis \u00e0 ce club de bien progresser dans la s\u00e9rie A, mais sans gagner de titre.<\/div>\n<div>&nbsp;<\/div>\n<div>Par la suite il retourna \u00e0 son club d&rsquo;origine de CR Flamengo, mais avec moins de r\u00e9ussite car sa carri\u00e8re fut alors perturb\u00e9e par plusieurs blessures.<\/div>\n<div>&nbsp;<\/div>\n<div>En 1987 il permit \u00e0 CR Flamengo de gagner un nouveau titre de champion du Br\u00e9sil, le quatri\u00e8me pour lui.<\/div>\n<div>&nbsp;<\/div>\n<div>Il fit ses d\u00e9buts avec l&rsquo;\u00e9quipe du Br\u00e9sil en 1976 et joua jusqu&rsquo;en 1986.<\/div>\n<div>&nbsp;<\/div>\n<div>Zico a cumul\u00e9 88 s\u00e9lections en \u00e9quipe du Br\u00e9sil (dont 72 officielles) et a marqu\u00e9 66 buts (52 officiels). Il a particip\u00e9 aux Coupe du monde 1978, Coupe du monde 1982 et Coupe du monde 1986.<\/div>\n<div>&nbsp;<\/div>\n<div>Sa carri\u00e8re sera aussi marqu\u00e9e par un penalty manqu\u00e9 en cours d&rsquo;un match d&rsquo;anthologie contre de l&rsquo;\u00e9quipe de France \u00e0 <a href=\"https:\/\/www.abc-latina.com\/mexique\/voyages\/guadalajara\" target=\"_blank\">Guadalajara<\/a> (Mexique) en quart de finale de la Coupe du monde 1986. Alors qu&rsquo;il y avait \u00e9galit\u00e9 au score (1-1), Zico a manqu\u00e9 le penalty qui aurait permis la qualification du Br\u00e9sil en demi-finale (le score \u00e9tant de parit\u00e9 en fin de match, les \u00e9quipes ont \u00e9t\u00e9 d\u00e9partag\u00e9es par une s\u00e9ance de tirs au buts, Zico a tir\u00e9 de nouveau et a marqu\u00e9, contrairement \u00e0 un autre illustre joueur Br\u00e9silien, Socrates qui a \u00e9chou\u00e9 et a ainsi contribu\u00e9 \u00e0 l&rsquo;\u00e9chec du Br\u00e9sil contre la France).<\/div>\n<div>&nbsp;<\/div>\n<div>Il occupait le poste de milieu offensif, avec le num\u00e9ro 10, son jeu des deux pieds lui permettait de distribuer efficacement le ballon vers ses partenaires de l&rsquo;attaque. C&rsquo;\u00e9tait aussi un tr\u00e8s bon organisateur du jeu de son \u00e9quipe et un excellent tireur de coup-francs.<\/div>\n<div>&nbsp;<\/div>\n<div>Lorsque la carri\u00e8re de Zico a pris fin, en 1989 pour ce qui concerne l&rsquo;\u00e9quipe du Br\u00e9sil et en 1990 avec le club de CR Flamengo, il devint le 1er directeur g\u00e9n\u00e9ral au Secr\u00e9tariat National du sport Br\u00e9silien en 1990. Cette reconversion d\u00e9montrait toute la confiance et l&rsquo;admiration dont il b\u00e9n\u00e9ficiait au Br\u00e9sil. Sa contribution principale fut la l\u00e9gislation de l&rsquo;activit\u00e9 sportive dans un domaine o\u00f9 les \u00e9quipes sont davantage g\u00e9r\u00e9es comme des associations et non pas comme des clubs professionnels.<\/div>\n<div>&nbsp;<\/div>\n<div>Par la suite, il eut une mission encore plus importante puis qu&rsquo;il prit pratiquement en charge l&rsquo;implantation du football au Japon, en tant que directeur technique, entra\u00eeneur et joueur. A partir de 1991, il d\u00e9veloppa l&rsquo;\u00e9quipe des Kashima Antlers qui fut promue de 2\u00e8 division en (premi\u00e8re) Ligue J.<\/div>\n<div>&nbsp;<\/div>\n<div>Sa carri\u00e8re de joueur termin\u00e9e en 1994, il devint directeur technique des Kashima Antlers. A noter que le stade de Kashima avait \u00e9t\u00e9 retenu pour la Coupe du monde 2002.<\/div>\n<div>&nbsp;<\/div>\n<div>En parall\u00e8le, Zico cr\u00e9a en 1995 son propre club au Br\u00e9sil : Clube de Futebol Zico (Zico Football Club).<\/div>\n<div>&nbsp;<\/div>\n<div>En Juillet 2002, Zico est devenu s\u00e9lectionneur de l&rsquo;\u00e9quipe du Japon, il permit \u00e0 l&rsquo;\u00e9quipe du Japon de gagner la Coupe d&rsquo;Asie 2004 (la 3\u00e8 pour le Japon) et de se qualifier pour la Coupe du monde 2006.<\/div>\n<div>&nbsp;<\/div>\n<div>Apr\u00e8s avoir d\u00e9missionn\u00e9 de son poste \u00e0 la suite de l&rsquo;\u00e9limination pr\u00e9coce de l&rsquo;\u00e9quipe nationale japonaise lors de ce tournoi, Zico signa un contrat de deux ans avec le club turc de Fenerbahce dont il est actuellement le coach.<\/div>\n<div>&nbsp;<\/div>\n<div><a href=\"https:\/\/www.abc-latina.com\/sport\/football\/bresil\">Le football br\u00e9silien<\/a><\/div>\n<div><a href=\"https:\/\/www.abc-latina.com\/sport\/bresil\">Le sport au Br\u00e9sil<\/a><\/div>\n<div><a href=\"https:\/\/www.abc-latina.com\/sport\/sportifs\/\">Autres sportifs latino-am\u00e9ricains<\/a><\/div>\n<div><a href=\"https:\/\/www.abc-latina.com\/bresil\/\" target=\"_blank\">Le Br\u00e9sil<\/a><\/div>\n","protected":false},"excerpt":{"rendered":"<p>&nbsp;Arthur Antunes Coimbra, plus connu sous le nom de Zico, est un c\u00e9l\u00e8bre footballeur br\u00e9silien n\u00e9 le 3 mars 1953. [&hellip;]<\/p>\n","protected":false},"author":3,"featured_media":0,"parent":2777,"menu_order":0,"comment_status":"closed","ping_status":"closed","template":"","meta":{"site-sidebar-layout":"default","site-content-layout":"","ast-site-content-layout":"default","site-content-style":"default","site-sidebar-style":"default","ast-global-header-display":"","ast-banner-title-visibility":"","ast-main-header-display":"","ast-hfb-above-header-display":"","ast-hfb-below-header-display":"","ast-hfb-mobile-header-display":"","site-post-title":"","ast-breadcrumbs-content":"","ast-featured-img":"","footer-sml-layout":"","ast-disable-related-posts":"","theme-transparent-header-meta":"","adv-header-id-meta":"","stick-header-meta":"","header-above-stick-meta":"","header-main-stick-meta":"","header-below-stick-meta":"","astra-migrate-meta-layouts":"default","ast-page-background-enabled":"default","ast-page-background-meta":{"desktop":{"background-color":"var(--ast-global-color-5)","background-image":"","background-repeat":"repeat","background-position":"center center","background-size":"auto","background-attachment":"scroll","background-type":"","background-media":"","overlay-type":"","overlay-color":"","overlay-opacity":"","overlay-gradient":""},"tablet":{"background-color":"","background-image":"","background-repeat":"repeat","background-position":"center center","background-size":"auto","background-attachment":"scroll","background-type":"","background-media":"","overlay-type":"","overlay-color":"","overlay-opacity":"","overlay-gradient":""},"mobile":{"background-color":"","background-image":"","background-repeat":"repeat","background-position":"center center","background-size":"auto","background-attachment":"scroll","background-type":"","background-media":"","overlay-type":"","overlay-color":"","overlay-opacity":"","overlay-gradient":""}},"ast-content-background-meta":{"desktop":{"background-color":"var(--ast-global-color-4)","background-image":"","background-repeat":"repeat","background-position":"center center","background-size":"auto","background-attachment":"scroll","background-type":"","background-media":"","overlay-type":"","overlay-color":"","overlay-opacity":"","overlay-gradient":""},"tablet":{"background-color":"var(--ast-global-color-4)","background-image":"","background-repeat":"repeat","background-position":"center center","background-size":"auto","background-attachment":"scroll","background-type":"","background-media":"","overlay-type":"","overlay-color":"","overlay-opacity":"","overlay-gradient":""},"mobile":{"background-color":"var(--ast-global-color-4)","background-image":"","background-repeat":"repeat","background-position":"center center","background-size":"auto","background-attachment":"scroll","background-type":"","background-media":"","overlay-type":"","overlay-color":"","overlay-opacity":"","overlay-gradient":""}},"footnotes":""},"class_list":["post-2768","page","type-page","status-publish","hentry"],"yoast_head":"<!-- This site is optimized with the Yoast SEO plugin v27.5 - https:\/\/yoast.com\/product\/yoast-seo-wordpress\/ -->\n<title>ZICO - Abc-latina<\/title>\n<meta name=\"description\" content=\"Le footballeur br\u00e9silien, Zico.\" \/>\n<meta name=\"robots\" content=\"index, follow, max-snippet:-1, max-image-preview:large, max-video-preview:-1\" \/>\n<link rel=\"canonical\" href=\"https:\/\/abc-latina.com\/sport\/sportifs\/zico\/\" \/>\n<meta property=\"og:locale\" content=\"fr_FR\" \/>\n<meta property=\"og:type\" content=\"article\" \/>\n<meta property=\"og:title\" content=\"ZICO - Abc-latina\" \/>\n<meta property=\"og:description\" content=\"Le footballeur br\u00e9silien, Zico.\" \/>\n<meta property=\"og:url\" content=\"https:\/\/abc-latina.com\/sport\/sportifs\/zico\/\" \/>\n<meta property=\"og:site_name\" content=\"Abc-latina\" \/>\n<meta property=\"article:modified_time\" content=\"2026-04-30T16:25:30+00:00\" \/>\n<meta name=\"twitter:card\" content=\"summary_large_image\" \/>\n<meta name=\"twitter:label1\" content=\"Dur\u00e9e de lecture estim\u00e9e\" \/>\n\t<meta name=\"twitter:data1\" content=\"5 minutes\" \/>\n<script type=\"application\/ld+json\" class=\"yoast-schema-graph\">{\"@context\":\"https:\\\/\\\/schema.org\",\"@graph\":[{\"@type\":\"WebPage\",\"@id\":\"https:\\\/\\\/abc-latina.com\\\/sport\\\/sportifs\\\/zico\\\/\",\"url\":\"https:\\\/\\\/abc-latina.com\\\/sport\\\/sportifs\\\/zico\\\/\",\"name\":\"ZICO - Abc-latina\",\"isPartOf\":{\"@id\":\"https:\\\/\\\/abc-latina.com\\\/#website\"},\"datePublished\":\"2011-09-20T15:18:36+00:00\",\"dateModified\":\"2026-04-30T16:25:30+00:00\",\"description\":\"Le footballeur br\u00e9silien, Zico.\",\"breadcrumb\":{\"@id\":\"https:\\\/\\\/abc-latina.com\\\/sport\\\/sportifs\\\/zico\\\/#breadcrumb\"},\"inLanguage\":\"fr-FR\",\"potentialAction\":[{\"@type\":\"ReadAction\",\"target\":[\"https:\\\/\\\/abc-latina.com\\\/sport\\\/sportifs\\\/zico\\\/\"]}]},{\"@type\":\"BreadcrumbList\",\"@id\":\"https:\\\/\\\/abc-latina.com\\\/sport\\\/sportifs\\\/zico\\\/#breadcrumb\",\"itemListElement\":[{\"@type\":\"ListItem\",\"position\":1,\"name\":\"Accueil\",\"item\":\"https:\\\/\\\/abc-latina.com\\\/\"},{\"@type\":\"ListItem\",\"position\":2,\"name\":\"ZICO\"}]},{\"@type\":\"WebSite\",\"@id\":\"https:\\\/\\\/abc-latina.com\\\/#website\",\"url\":\"https:\\\/\\\/abc-latina.com\\\/\",\"name\":\"Abc-latina\",\"description\":\"\",\"publisher\":{\"@id\":\"https:\\\/\\\/abc-latina.com\\\/#organization\"},\"potentialAction\":[{\"@type\":\"SearchAction\",\"target\":{\"@type\":\"EntryPoint\",\"urlTemplate\":\"https:\\\/\\\/abc-latina.com\\\/?s={search_term_string}\"},\"query-input\":{\"@type\":\"PropertyValueSpecification\",\"valueRequired\":true,\"valueName\":\"search_term_string\"}}],\"inLanguage\":\"fr-FR\"},{\"@type\":\"Organization\",\"@id\":\"https:\\\/\\\/abc-latina.com\\\/#organization\",\"name\":\"Abc-latina\",\"url\":\"https:\\\/\\\/abc-latina.com\\\/\",\"logo\":{\"@type\":\"ImageObject\",\"inLanguage\":\"fr-FR\",\"@id\":\"https:\\\/\\\/abc-latina.com\\\/#\\\/schema\\\/logo\\\/image\\\/\",\"url\":\"https:\\\/\\\/abc-latina.com\\\/wp-content\\\/uploads\\\/2026\\\/05\\\/cropped-logo.gif\",\"contentUrl\":\"https:\\\/\\\/abc-latina.com\\\/wp-content\\\/uploads\\\/2026\\\/05\\\/cropped-logo.gif\",\"width\":89,\"height\":84,\"caption\":\"Abc-latina\"},\"image\":{\"@id\":\"https:\\\/\\\/abc-latina.com\\\/#\\\/schema\\\/logo\\\/image\\\/\"}}]}<\/script>\n<!-- \/ Yoast SEO plugin. -->","yoast_head_json":{"title":"ZICO - Abc-latina","description":"Le footballeur br\u00e9silien, Zico.","robots":{"index":"index","follow":"follow","max-snippet":"max-snippet:-1","max-image-preview":"max-image-preview:large","max-video-preview":"max-video-preview:-1"},"canonical":"https:\/\/abc-latina.com\/sport\/sportifs\/zico\/","og_locale":"fr_FR","og_type":"article","og_title":"ZICO - Abc-latina","og_description":"Le footballeur br\u00e9silien, Zico.","og_url":"https:\/\/abc-latina.com\/sport\/sportifs\/zico\/","og_site_name":"Abc-latina","article_modified_time":"2026-04-30T16:25:30+00:00","twitter_card":"summary_large_image","twitter_misc":{"Dur\u00e9e de lecture estim\u00e9e":"5 minutes"},"schema":{"@context":"https:\/\/schema.org","@graph":[{"@type":"WebPage","@id":"https:\/\/abc-latina.com\/sport\/sportifs\/zico\/","url":"https:\/\/abc-latina.com\/sport\/sportifs\/zico\/","name":"ZICO - Abc-latina","isPartOf":{"@id":"https:\/\/abc-latina.com\/#website"},"datePublished":"2011-09-20T15:18:36+00:00","dateModified":"2026-04-30T16:25:30+00:00","description":"Le footballeur br\u00e9silien, Zico.","breadcrumb":{"@id":"https:\/\/abc-latina.com\/sport\/sportifs\/zico\/#breadcrumb"},"inLanguage":"fr-FR","potentialAction":[{"@type":"ReadAction","target":["https:\/\/abc-latina.com\/sport\/sportifs\/zico\/"]}]},{"@type":"BreadcrumbList","@id":"https:\/\/abc-latina.com\/sport\/sportifs\/zico\/#breadcrumb","itemListElement":[{"@type":"ListItem","position":1,"name":"Accueil","item":"https:\/\/abc-latina.com\/"},{"@type":"ListItem","position":2,"name":"ZICO"}]},{"@type":"WebSite","@id":"https:\/\/abc-latina.com\/#website","url":"https:\/\/abc-latina.com\/","name":"Abc-latina","description":"","publisher":{"@id":"https:\/\/abc-latina.com\/#organization"},"potentialAction":[{"@type":"SearchAction","target":{"@type":"EntryPoint","urlTemplate":"https:\/\/abc-latina.com\/?s={search_term_string}"},"query-input":{"@type":"PropertyValueSpecification","valueRequired":true,"valueName":"search_term_string"}}],"inLanguage":"fr-FR"},{"@type":"Organization","@id":"https:\/\/abc-latina.com\/#organization","name":"Abc-latina","url":"https:\/\/abc-latina.com\/","logo":{"@type":"ImageObject","inLanguage":"fr-FR","@id":"https:\/\/abc-latina.com\/#\/schema\/logo\/image\/","url":"https:\/\/abc-latina.com\/wp-content\/uploads\/2026\/05\/cropped-logo.gif","contentUrl":"https:\/\/abc-latina.com\/wp-content\/uploads\/2026\/05\/cropped-logo.gif","width":89,"height":84,"caption":"Abc-latina"},"image":{"@id":"https:\/\/abc-latina.com\/#\/schema\/logo\/image\/"}}]}},"_links":{"self":[{"href":"https:\/\/abc-latina.com\/wp-json\/wp\/v2\/pages\/2768","targetHints":{"allow":["GET"]}}],"collection":[{"href":"https:\/\/abc-latina.com\/wp-json\/wp\/v2\/pages"}],"about":[{"href":"https:\/\/abc-latina.com\/wp-json\/wp\/v2\/types\/page"}],"author":[{"embeddable":true,"href":"https:\/\/abc-latina.com\/wp-json\/wp\/v2\/users\/3"}],"replies":[{"embeddable":true,"href":"https:\/\/abc-latina.com\/wp-json\/wp\/v2\/comments?post=2768"}],"version-history":[{"count":1,"href":"https:\/\/abc-latina.com\/wp-json\/wp\/v2\/pages\/2768\/revisions"}],"predecessor-version":[{"id":4021,"href":"https:\/\/abc-latina.com\/wp-json\/wp\/v2\/pages\/2768\/revisions\/4021"}],"up":[{"embeddable":true,"href":"https:\/\/abc-latina.com\/wp-json\/wp\/v2\/pages\/2777"}],"wp:attachment":[{"href":"https:\/\/abc-latina.com\/wp-json\/wp\/v2\/media?parent=2768"}],"curies":[{"name":"wp","href":"https:\/\/api.w.org\/{rel}","templated":true}]}}