{"id":278,"date":"2010-06-04T16:50:28","date_gmt":"2010-06-04T14:50:28","guid":{"rendered":"http:\/\/abc-latina.com\/alleedesvolcans-htm\/"},"modified":"2018-06-12T12:03:22","modified_gmt":"2018-06-12T10:03:22","slug":"alleedesvolcans","status":"publish","type":"page","link":"https:\/\/abc-latina.com\/equateur\/alleedesvolcans\/","title":{"rendered":"L&rsquo;ALLEE des VOLCANS"},"content":{"rendered":"<div>Cette c\u00e9l\u00e8bre all\u00e9e ou &quot;avenue&quot; des volcans qui s&rsquo;\u00e9tend entre Quito et Riobamba, est d&rsquo;abord une terre indienne par excellence. Dans ce majestueux panorama, \u00e9mergent des brumes de majestueux volcans \u00e0 la cime enneig\u00e9e, abritant les communaut\u00e9s indiennes qui demeurent l&rsquo;\u00e2me du pays.&nbsp;<\/div>\n<div>Les amateurs d&rsquo;andisme exp\u00e9riment\u00e9s seront combl\u00e9s par la pr\u00e9sence, dans la r\u00e9gion, de nombreux sites d&rsquo;escalade avec entre autres, l&rsquo;Illiniza, le Chimborazo, le Sangay, le Tungurahua, l&rsquo;Altar et le Cotopaxi.<\/div>\n<div>La r\u00e9gion est \u00e9galement marqu\u00e9e par la pr\u00e9sence de pittoresques petits villages am\u00e9rindiens, qui se distinguent surtout par leurs march\u00e9s tout \u00e0 fait diff\u00e9rents les uns des autres.<\/div>\n<div>L&rsquo;une des fa\u00e7ons de d\u00e9couvrir la r\u00e9gion au sud de Quito d&rsquo;une mani\u00e8re originale et pittoresque est de parcourir &quot;l&rsquo;all\u00e9e des volcans&quot; en train.<\/div>\n<div>Ce trajet, tr\u00e8s touristique, qui vous conduit de Quito \u00e0 Riobamba, attire autant les voyageurs \u00e9trangers que les Equatoriens en raison de ses paysages grandioses et reposants.<\/div>\n<div>&nbsp;<\/div>\n<div>Chaque jeudi, le village de <span class=\"tourisme-chapitre\">Saquisil\u00ed <\/span>s&rsquo;anime gr\u00e2ce \u00e0 son march\u00e9. Pas trop fr\u00e9quent\u00e9 par les touristes, il est rest\u00e9 authentique, on y trouve davantage d&rsquo;animaux et de produits d&rsquo;artisanat, consomm\u00e9s surtout par la population autochtone. Certains vont m\u00eame jusqu&rsquo;\u00e0 dire que ce march\u00e9 est plus int\u00e9ressant que le r\u00e9put\u00e9 march\u00e9 d&rsquo;Otavalo.<\/div>\n<div>&nbsp;<\/div>\n<div><span class=\"tourisme-chapitre\">Ba\u00f1os<\/span>, situ\u00e9e \u00e0 1.900m d&rsquo;altitude, doit son nom aux bains thermaux qui prennent leur source au pied du volcan Tungurahua. L&rsquo;endroit s&rsquo;av\u00e8re id\u00e9al pour se d\u00e9tendre pendant quelque temps et se repa\u00eetre des paysages de montagne. Gr\u00e2ce \u00e0 sa situation, au coeur des Andes, Ba\u00f1os peut facilement servir de base pour explorer la r\u00e9gion.<\/div>\n<div>&nbsp;<\/div>\n<div>A 2.700 m\u00e8tres d&rsquo;altitude, <span class=\"tourisme-chapitre\">Riobamba <\/span>jouit d&rsquo;une position g\u00e9ographique int\u00e9ressante, entour\u00e9e de magnifiques sommets avec, entre autres, le plus haut volcan d&rsquo;Equateur : le Chimborazo (6.310m).<\/div>\n<div>&nbsp;<\/div>\n<div>A 4.000 m\u00e8tres d&rsquo;altitude, la <span class=\"tourisme-chapitre\">Laguna de Quilotoa<\/span> est un magnifique lac de couleur \u00e9meraude install\u00e9 dans l&rsquo;ancien crat\u00e8re d&rsquo;un volcan \u00e9teint.<\/div>\n<div>&nbsp;<\/div>\n<div><span class=\"tourisme-chapitre\">Les Parcs.<\/span><\/div>\n<div><a href=\"..\/tour_operateur\" target=\"_blank\"><img loading=\"lazy\" decoding=\"async\" class=\" size-full wp-image-41\" alt=\"\" class=\"touroperateur\" src=\"http:\/\/abc-latina.com\/wp-content\/uploads\/2010\/04\/timbre_to.gif\" width=\"125\" height=\"90\" \/><\/a><span class=\"tourisme-unesco\">Le parc national du Cotopaxi<\/span> s&rsquo;\u00e9tend sur une superficie de plus de 32 000 ha, il abrite bon nombre d&rsquo;esp\u00e8ces d&rsquo;oiseaux, mais aussi des lamas, des renards, des pumas et des ours.<\/div>\n<div><span class=\"tourisme-unesco\">Le parc national Sangay<\/span> (271.000 ha) est situ\u00e9 dans l&rsquo;une des zones les plus inaccessibles et les plus sauvages d&rsquo;\u00e9quateur. La flore change selon l&rsquo;altitude, ainsi on passe d&rsquo;une for\u00eat tropicale humide aux plateaux froids et enneig\u00e9s. En altitude, les ours c\u00f4toient les \u00e9lans, Jaguars, loutres, cerfs, tatoos &hellip;<\/div>\n<div>trois volcans &quot; veillent &quot; sur le parc : le Sangay (5.320 m) qui ne cesse de gronder et de fumer, le Tungurahua (5.016 m) en repos depuis plus d&rsquo;un si\u00e8cle, l&rsquo;Altar (5300 m) l&rsquo;un des plus beaux qui soient.<\/div>\n<h3>Pr\u00e9parez votre voyage dans l&rsquo;all\u00e9e des volcans:<\/h3>\n<div><a href=\"https:\/\/www.abc-latina.com\/equateur\/agence_de_voyages\">Agences de voyage g\u00e9n\u00e9ralistes et discounteurs<\/a><\/div>\n<div><a href=\"https:\/\/www.abc-latina.com\/equateur\/tour_operateur\">Tours Op\u00e9rateurs sp\u00e9cialistes de l&rsquo;Equateur<\/a><\/div>\n<div><a href=\"https:\/\/www.abc-latina.com\/to\/reservation_billet_avion\" target=\"_blank\">R\u00e9servez votre billet d&rsquo;avion<\/a><\/div>\n<div><a href=\"https:\/\/www.abc-latina.com\/equateur\/hotels\">R\u00e9servez votre h\u00f4tel en Equateur<\/a>&nbsp;<\/div>\n<div><a href=\"https:\/\/www.abc-latina.com\/to\/location_de_voiture_equateur\" target=\"_blank\">Location de voiture<\/a><\/div>\n<p>&nbsp;<\/p>\n","protected":false},"excerpt":{"rendered":"<p>Cette c\u00e9l\u00e8bre all\u00e9e ou &quot;avenue&quot; des volcans qui s&rsquo;\u00e9tend entre Quito et Riobamba, est d&rsquo;abord une terre indienne par excellence. [&hellip;]<\/p>\n","protected":false},"author":3,"featured_media":41,"parent":2303,"menu_order":0,"comment_status":"closed","ping_status":"closed","template":"","meta":{"site-sidebar-layout":"default","site-content-layout":"","ast-site-content-layout":"default","site-content-style":"default","site-sidebar-style":"default","ast-global-header-display":"","ast-banner-title-visibility":"","ast-main-header-display":"","ast-hfb-above-header-display":"","ast-hfb-below-header-display":"","ast-hfb-mobile-header-display":"","site-post-title":"","ast-breadcrumbs-content":"","ast-featured-img":"","footer-sml-layout":"","ast-disable-related-posts":"","theme-transparent-header-meta":"","adv-header-id-meta":"","stick-header-meta":"","header-above-stick-meta":"","header-main-stick-meta":"","header-below-stick-meta":"","astra-migrate-meta-layouts":"default","ast-page-background-enabled":"default","ast-page-background-meta":{"desktop":{"background-color":"var(--ast-global-color-5)","background-image":"","background-repeat":"repeat","background-position":"center center","background-size":"auto","background-attachment":"scroll","background-type":"","background-media":"","overlay-type":"","overlay-color":"","overlay-opacity":"","overlay-gradient":""},"tablet":{"background-color":"","background-image":"","background-repeat":"repeat","background-position":"center center","background-size":"auto","background-attachment":"scroll","background-type":"","background-media":"","overlay-type":"","overlay-color":"","overlay-opacity":"","overlay-gradient":""},"mobile":{"background-color":"","background-image":"","background-repeat":"repeat","background-position":"center center","background-size":"auto","background-attachment":"scroll","background-type":"","background-media":"","overlay-type":"","overlay-color":"","overlay-opacity":"","overlay-gradient":""}},"ast-content-background-meta":{"desktop":{"background-color":"var(--ast-global-color-4)","background-image":"","background-repeat":"repeat","background-position":"center center","background-size":"auto","background-attachment":"scroll","background-type":"","background-media":"","overlay-type":"","overlay-color":"","overlay-opacity":"","overlay-gradient":""},"tablet":{"background-color":"var(--ast-global-color-4)","background-image":"","background-repeat":"repeat","background-position":"center center","background-size":"auto","background-attachment":"scroll","background-type":"","background-media":"","overlay-type":"","overlay-color":"","overlay-opacity":"","overlay-gradient":""},"mobile":{"background-color":"var(--ast-global-color-4)","background-image":"","background-repeat":"repeat","background-position":"center center","background-size":"auto","background-attachment":"scroll","background-type":"","background-media":"","overlay-type":"","overlay-color":"","overlay-opacity":"","overlay-gradient":""}},"footnotes":""},"class_list":["post-278","page","type-page","status-publish","has-post-thumbnail","hentry"],"yoast_head":"<!-- This site is optimized with the Yoast SEO plugin v27.5 - https:\/\/yoast.com\/product\/yoast-seo-wordpress\/ -->\n<title>L&#039;ALLEE des VOLCANS - Abc-latina<\/title>\n<meta name=\"description\" content=\"Dans ce majestueux panorama, \u00e9mergent des brumes de majestueux volcans \u00e0 la cime enneig\u00e9e, abritant les communaut\u00e9s indiennes qui demeurent l&#039;\u00e2me du pays.\" \/>\n<meta name=\"robots\" content=\"index, follow, max-snippet:-1, max-image-preview:large, max-video-preview:-1\" \/>\n<link rel=\"canonical\" href=\"https:\/\/abc-latina.com\/equateur\/alleedesvolcans\/\" \/>\n<meta property=\"og:locale\" content=\"fr_FR\" \/>\n<meta property=\"og:type\" content=\"article\" \/>\n<meta property=\"og:title\" content=\"L&#039;ALLEE des VOLCANS - Abc-latina\" \/>\n<meta property=\"og:description\" content=\"Dans ce majestueux panorama, \u00e9mergent des brumes de majestueux volcans \u00e0 la cime enneig\u00e9e, abritant les communaut\u00e9s indiennes qui demeurent l&#039;\u00e2me du pays.\" \/>\n<meta property=\"og:url\" content=\"https:\/\/abc-latina.com\/equateur\/alleedesvolcans\/\" \/>\n<meta property=\"og:site_name\" content=\"Abc-latina\" \/>\n<meta property=\"article:modified_time\" content=\"2018-06-12T10:03:22+00:00\" \/>\n<meta property=\"og:image\" content=\"https:\/\/abc-latina.com\/wp-content\/uploads\/2010\/04\/timbre_to.gif\" \/>\n\t<meta property=\"og:image:width\" content=\"125\" \/>\n\t<meta property=\"og:image:height\" content=\"90\" \/>\n\t<meta property=\"og:image:type\" content=\"image\/gif\" \/>\n<meta name=\"twitter:card\" content=\"summary_large_image\" \/>\n<meta name=\"twitter:label1\" content=\"Dur\u00e9e de lecture estim\u00e9e\" \/>\n\t<meta name=\"twitter:data1\" content=\"3 minutes\" \/>\n<script type=\"application\/ld+json\" class=\"yoast-schema-graph\">{\"@context\":\"https:\\\/\\\/schema.org\",\"@graph\":[{\"@type\":\"WebPage\",\"@id\":\"https:\\\/\\\/abc-latina.com\\\/equateur\\\/alleedesvolcans\\\/\",\"url\":\"https:\\\/\\\/abc-latina.com\\\/equateur\\\/alleedesvolcans\\\/\",\"name\":\"L'ALLEE des VOLCANS - Abc-latina\",\"isPartOf\":{\"@id\":\"https:\\\/\\\/abc-latina.com\\\/#website\"},\"primaryImageOfPage\":{\"@id\":\"https:\\\/\\\/abc-latina.com\\\/equateur\\\/alleedesvolcans\\\/#primaryimage\"},\"image\":{\"@id\":\"https:\\\/\\\/abc-latina.com\\\/equateur\\\/alleedesvolcans\\\/#primaryimage\"},\"thumbnailUrl\":\"https:\\\/\\\/abc-latina.com\\\/wp-content\\\/uploads\\\/2010\\\/04\\\/timbre_to.gif\",\"datePublished\":\"2010-06-04T14:50:28+00:00\",\"dateModified\":\"2018-06-12T10:03:22+00:00\",\"description\":\"Dans ce majestueux panorama, \u00e9mergent des brumes de majestueux volcans \u00e0 la cime enneig\u00e9e, abritant les communaut\u00e9s indiennes qui demeurent l'\u00e2me du pays.\",\"breadcrumb\":{\"@id\":\"https:\\\/\\\/abc-latina.com\\\/equateur\\\/alleedesvolcans\\\/#breadcrumb\"},\"inLanguage\":\"fr-FR\",\"potentialAction\":[{\"@type\":\"ReadAction\",\"target\":[\"https:\\\/\\\/abc-latina.com\\\/equateur\\\/alleedesvolcans\\\/\"]}]},{\"@type\":\"ImageObject\",\"inLanguage\":\"fr-FR\",\"@id\":\"https:\\\/\\\/abc-latina.com\\\/equateur\\\/alleedesvolcans\\\/#primaryimage\",\"url\":\"https:\\\/\\\/abc-latina.com\\\/wp-content\\\/uploads\\\/2010\\\/04\\\/timbre_to.gif\",\"contentUrl\":\"https:\\\/\\\/abc-latina.com\\\/wp-content\\\/uploads\\\/2010\\\/04\\\/timbre_to.gif\",\"width\":125,\"height\":90},{\"@type\":\"BreadcrumbList\",\"@id\":\"https:\\\/\\\/abc-latina.com\\\/equateur\\\/alleedesvolcans\\\/#breadcrumb\",\"itemListElement\":[{\"@type\":\"ListItem\",\"position\":1,\"name\":\"Accueil\",\"item\":\"https:\\\/\\\/abc-latina.com\\\/\"},{\"@type\":\"ListItem\",\"position\":2,\"name\":\"L&rsquo;ALLEE des VOLCANS\"}]},{\"@type\":\"WebSite\",\"@id\":\"https:\\\/\\\/abc-latina.com\\\/#website\",\"url\":\"https:\\\/\\\/abc-latina.com\\\/\",\"name\":\"Abc-latina\",\"description\":\"\",\"publisher\":{\"@id\":\"https:\\\/\\\/abc-latina.com\\\/#organization\"},\"potentialAction\":[{\"@type\":\"SearchAction\",\"target\":{\"@type\":\"EntryPoint\",\"urlTemplate\":\"https:\\\/\\\/abc-latina.com\\\/?s={search_term_string}\"},\"query-input\":{\"@type\":\"PropertyValueSpecification\",\"valueRequired\":true,\"valueName\":\"search_term_string\"}}],\"inLanguage\":\"fr-FR\"},{\"@type\":\"Organization\",\"@id\":\"https:\\\/\\\/abc-latina.com\\\/#organization\",\"name\":\"Abc-latina\",\"url\":\"https:\\\/\\\/abc-latina.com\\\/\",\"logo\":{\"@type\":\"ImageObject\",\"inLanguage\":\"fr-FR\",\"@id\":\"https:\\\/\\\/abc-latina.com\\\/#\\\/schema\\\/logo\\\/image\\\/\",\"url\":\"https:\\\/\\\/abc-latina.com\\\/wp-content\\\/uploads\\\/2026\\\/05\\\/cropped-logo.gif\",\"contentUrl\":\"https:\\\/\\\/abc-latina.com\\\/wp-content\\\/uploads\\\/2026\\\/05\\\/cropped-logo.gif\",\"width\":89,\"height\":84,\"caption\":\"Abc-latina\"},\"image\":{\"@id\":\"https:\\\/\\\/abc-latina.com\\\/#\\\/schema\\\/logo\\\/image\\\/\"}}]}<\/script>\n<!-- \/ Yoast SEO plugin. -->","yoast_head_json":{"title":"L'ALLEE des VOLCANS - Abc-latina","description":"Dans ce majestueux panorama, \u00e9mergent des brumes de majestueux volcans \u00e0 la cime enneig\u00e9e, abritant les communaut\u00e9s indiennes qui demeurent l'\u00e2me du pays.","robots":{"index":"index","follow":"follow","max-snippet":"max-snippet:-1","max-image-preview":"max-image-preview:large","max-video-preview":"max-video-preview:-1"},"canonical":"https:\/\/abc-latina.com\/equateur\/alleedesvolcans\/","og_locale":"fr_FR","og_type":"article","og_title":"L'ALLEE des VOLCANS - Abc-latina","og_description":"Dans ce majestueux panorama, \u00e9mergent des brumes de majestueux volcans \u00e0 la cime enneig\u00e9e, abritant les communaut\u00e9s indiennes qui demeurent l'\u00e2me du pays.","og_url":"https:\/\/abc-latina.com\/equateur\/alleedesvolcans\/","og_site_name":"Abc-latina","article_modified_time":"2018-06-12T10:03:22+00:00","og_image":[{"width":125,"height":90,"url":"https:\/\/abc-latina.com\/wp-content\/uploads\/2010\/04\/timbre_to.gif","type":"image\/gif"}],"twitter_card":"summary_large_image","twitter_misc":{"Dur\u00e9e de lecture estim\u00e9e":"3 minutes"},"schema":{"@context":"https:\/\/schema.org","@graph":[{"@type":"WebPage","@id":"https:\/\/abc-latina.com\/equateur\/alleedesvolcans\/","url":"https:\/\/abc-latina.com\/equateur\/alleedesvolcans\/","name":"L'ALLEE des VOLCANS - Abc-latina","isPartOf":{"@id":"https:\/\/abc-latina.com\/#website"},"primaryImageOfPage":{"@id":"https:\/\/abc-latina.com\/equateur\/alleedesvolcans\/#primaryimage"},"image":{"@id":"https:\/\/abc-latina.com\/equateur\/alleedesvolcans\/#primaryimage"},"thumbnailUrl":"https:\/\/abc-latina.com\/wp-content\/uploads\/2010\/04\/timbre_to.gif","datePublished":"2010-06-04T14:50:28+00:00","dateModified":"2018-06-12T10:03:22+00:00","description":"Dans ce majestueux panorama, \u00e9mergent des brumes de majestueux volcans \u00e0 la cime enneig\u00e9e, abritant les communaut\u00e9s indiennes qui demeurent l'\u00e2me du pays.","breadcrumb":{"@id":"https:\/\/abc-latina.com\/equateur\/alleedesvolcans\/#breadcrumb"},"inLanguage":"fr-FR","potentialAction":[{"@type":"ReadAction","target":["https:\/\/abc-latina.com\/equateur\/alleedesvolcans\/"]}]},{"@type":"ImageObject","inLanguage":"fr-FR","@id":"https:\/\/abc-latina.com\/equateur\/alleedesvolcans\/#primaryimage","url":"https:\/\/abc-latina.com\/wp-content\/uploads\/2010\/04\/timbre_to.gif","contentUrl":"https:\/\/abc-latina.com\/wp-content\/uploads\/2010\/04\/timbre_to.gif","width":125,"height":90},{"@type":"BreadcrumbList","@id":"https:\/\/abc-latina.com\/equateur\/alleedesvolcans\/#breadcrumb","itemListElement":[{"@type":"ListItem","position":1,"name":"Accueil","item":"https:\/\/abc-latina.com\/"},{"@type":"ListItem","position":2,"name":"L&rsquo;ALLEE des VOLCANS"}]},{"@type":"WebSite","@id":"https:\/\/abc-latina.com\/#website","url":"https:\/\/abc-latina.com\/","name":"Abc-latina","description":"","publisher":{"@id":"https:\/\/abc-latina.com\/#organization"},"potentialAction":[{"@type":"SearchAction","target":{"@type":"EntryPoint","urlTemplate":"https:\/\/abc-latina.com\/?s={search_term_string}"},"query-input":{"@type":"PropertyValueSpecification","valueRequired":true,"valueName":"search_term_string"}}],"inLanguage":"fr-FR"},{"@type":"Organization","@id":"https:\/\/abc-latina.com\/#organization","name":"Abc-latina","url":"https:\/\/abc-latina.com\/","logo":{"@type":"ImageObject","inLanguage":"fr-FR","@id":"https:\/\/abc-latina.com\/#\/schema\/logo\/image\/","url":"https:\/\/abc-latina.com\/wp-content\/uploads\/2026\/05\/cropped-logo.gif","contentUrl":"https:\/\/abc-latina.com\/wp-content\/uploads\/2026\/05\/cropped-logo.gif","width":89,"height":84,"caption":"Abc-latina"},"image":{"@id":"https:\/\/abc-latina.com\/#\/schema\/logo\/image\/"}}]}},"_links":{"self":[{"href":"https:\/\/abc-latina.com\/wp-json\/wp\/v2\/pages\/278","targetHints":{"allow":["GET"]}}],"collection":[{"href":"https:\/\/abc-latina.com\/wp-json\/wp\/v2\/pages"}],"about":[{"href":"https:\/\/abc-latina.com\/wp-json\/wp\/v2\/types\/page"}],"author":[{"embeddable":true,"href":"https:\/\/abc-latina.com\/wp-json\/wp\/v2\/users\/3"}],"replies":[{"embeddable":true,"href":"https:\/\/abc-latina.com\/wp-json\/wp\/v2\/comments?post=278"}],"version-history":[{"count":0,"href":"https:\/\/abc-latina.com\/wp-json\/wp\/v2\/pages\/278\/revisions"}],"up":[{"embeddable":true,"href":"https:\/\/abc-latina.com\/wp-json\/wp\/v2\/pages\/2303"}],"wp:featuredmedia":[{"embeddable":true,"href":"https:\/\/abc-latina.com\/wp-json\/wp\/v2\/media\/41"}],"wp:attachment":[{"href":"https:\/\/abc-latina.com\/wp-json\/wp\/v2\/media?parent=278"}],"curies":[{"name":"wp","href":"https:\/\/api.w.org\/{rel}","templated":true}]}}