{"id":2780,"date":"2011-09-20T23:50:01","date_gmt":"2011-09-20T21:50:01","guid":{"rendered":"http:\/\/abc-latina.com\/index-php-21\/"},"modified":"2026-04-30T18:25:28","modified_gmt":"2026-04-30T16:25:28","slug":"jeux-sud-americains","status":"publish","type":"page","link":"https:\/\/abc-latina.com\/sport\/jeux-sud-americains\/","title":{"rendered":"JEUX SUD-AMERICAINS"},"content":{"rendered":"<p>&nbsp;Les Jeux  Sud-Am\u00e9ricains sont un ensemble de comp\u00e9titions sportives organis\u00e9es tous les  quatre ans. Ils sont similaires aux Jeux Olympiques , en reprenant la flamme  sud-am\u00e9ricaine et un certains nombre de disciplines.<\/p>\n<div align=\"justify\"><font size=\"2\" face=\"Arial, Helvetica, sans-serif\"><b>Editions<\/b><\/font>  <\/p>\n<table width=\"420\" border=\"0\">\n<tbody>\n<tr>\n<td width=\"10%\"><b><font size=\"1\" face=\"Arial, Helvetica, sans-serif\">Ann\u00e9e<\/font><\/b><\/td>\n<td width=\"28%\"><b><font size=\"1\" face=\"Arial, Helvetica, sans-serif\">Dates<\/font><\/b><\/td>\n<td width=\"23%\"><b><font size=\"1\" face=\"Arial, Helvetica, sans-serif\">Lieux<\/font><\/b><\/td>\n<td width=\"13%\">\n<div align=\"center\"><b><font size=\"1\" face=\"Arial, Helvetica, sans-serif\">Nations<\/font><\/b><\/div>\n<\/td>\n<td width=\"10%\">\n<div align=\"center\"><b><font size=\"1\" face=\"Arial, Helvetica, sans-serif\">Sports<\/font><\/b><\/div>\n<\/td>\n<td width=\"16%\">\n<div align=\"center\"><b><font size=\"1\" face=\"Arial, Helvetica, sans-serif\">Athl\u00e8tes<\/font><\/b><\/div>\n<\/td>\n<\/tr>\n<tr bgcolor=\"#ebebeb\">\n<td width=\"10%\" height=\"25\"><font size=\"1\" face=\"Arial, Helvetica, sans-serif\">1978<\/font><\/td>\n<td width=\"28%\"><font size=\"1\" face=\"Arial, Helvetica, sans-serif\">3 de nov &#8211; 12  de nov<\/font><\/td>\n<td width=\"23%\" bgcolor=\"#ebebeb\"><font size=\"1\" face=\"Arial, Helvetica, sans-serif\">La Paz Bolivie<\/font><\/td>\n<td width=\"13%\">\n<div align=\"center\"><font size=\"1\" face=\"Arial, Helvetica, sans-serif\">8  <\/font><\/div>\n<\/td>\n<td width=\"10%\">\n<div align=\"center\"><font size=\"1\" face=\"Arial, Helvetica, sans-serif\">16  <\/font><\/div>\n<\/td>\n<td width=\"16%\">\n<div align=\"center\"><font size=\"1\" face=\"Arial, Helvetica, sans-serif\">480  <\/font><\/div>\n<\/td>\n<\/tr>\n<tr>\n<td width=\"10%\" height=\"25\"><font size=\"1\" face=\"Arial, Helvetica, sans-serif\">1982<\/font><\/td>\n<td width=\"28%\"><font size=\"1\" face=\"Arial, Helvetica, sans-serif\">26 de nov &#8211; 5  de dec<\/font><\/td>\n<td width=\"23%\"><font size=\"1\" face=\"Arial, Helvetica, sans-serif\">Rosario  Argentine<\/font><\/td>\n<td width=\"13%\">\n<div align=\"center\"><font size=\"1\" face=\"Arial, Helvetica, sans-serif\">10<\/font><\/div>\n<\/td>\n<td width=\"10%\">\n<div align=\"center\"><font size=\"1\" face=\"Arial, Helvetica, sans-serif\">19<\/font><\/div>\n<\/td>\n<td width=\"16%\">\n<div align=\"center\"><font size=\"1\" face=\"Arial, Helvetica, sans-serif\">961  <\/font><\/div>\n<\/td>\n<\/tr>\n<tr bgcolor=\"#ebebeb\">\n<td width=\"10%\" height=\"25\"><font size=\"1\" face=\"Arial, Helvetica, sans-serif\">1986<\/font><\/td>\n<td width=\"28%\"><font size=\"1\" face=\"Arial, Helvetica, sans-serif\">28 de nov &#8211; 8  de dec<\/font><\/td>\n<td width=\"23%\"><font size=\"1\" face=\"Arial, Helvetica, sans-serif\">Santiago  Chili<\/font><\/td>\n<td width=\"13%\">\n<div align=\"center\"><font size=\"1\" face=\"Arial, Helvetica, sans-serif\">10<\/font><\/div>\n<\/td>\n<td width=\"10%\">\n<div align=\"center\"><font size=\"1\" face=\"Arial, Helvetica, sans-serif\">17<\/font><\/div>\n<\/td>\n<td width=\"16%\">\n<div align=\"center\"><font size=\"1\" face=\"Arial, Helvetica, sans-serif\">969  <\/font><\/div>\n<\/td>\n<\/tr>\n<tr>\n<td width=\"10%\" height=\"25\"><font size=\"1\" face=\"Arial, Helvetica, sans-serif\">1990<\/font><\/td>\n<td width=\"28%\"><font size=\"1\" face=\"Arial, Helvetica, sans-serif\">1 de dec &#8211; 10  de dec<\/font><\/td>\n<td width=\"23%\"><font size=\"1\" face=\"Arial, Helvetica, sans-serif\">Lima  Perou<\/font><\/td>\n<td width=\"13%\">\n<div align=\"center\"><font size=\"1\" face=\"Arial, Helvetica, sans-serif\">10<\/font><\/div>\n<\/td>\n<td width=\"10%\">\n<div align=\"center\"><font size=\"1\" face=\"Arial, Helvetica, sans-serif\">16<\/font><\/div>\n<\/td>\n<td width=\"16%\">\n<div align=\"center\"><font size=\"1\" face=\"Arial, Helvetica, sans-serif\">1.070  <\/font><\/div>\n<\/td>\n<\/tr>\n<tr bgcolor=\"#ebebeb\">\n<td width=\"10%\" height=\"25\"><font size=\"1\" face=\"Arial, Helvetica, sans-serif\"><font color=\"#000000\">1994<\/font><\/font><\/td>\n<td width=\"28%\"><font size=\"1\" face=\"Arial, Helvetica, sans-serif\">19 de nov &#8211; 28  de nov<\/font><\/td>\n<td width=\"23%\"><font size=\"1\" face=\"Arial, Helvetica, sans-serif\">Valencia  Venezuela<\/font><\/td>\n<td width=\"13%\">\n<div align=\"center\"><font size=\"1\" face=\"Arial, Helvetica, sans-serif\">14<\/font><\/div>\n<\/td>\n<td width=\"10%\">\n<div align=\"center\"><font size=\"1\" face=\"Arial, Helvetica, sans-serif\">19<\/font><\/div>\n<\/td>\n<td width=\"16%\">\n<div align=\"center\"><font size=\"1\" face=\"Arial, Helvetica, sans-serif\">1.599<\/font><\/div>\n<\/td>\n<\/tr>\n<tr>\n<td width=\"10%\" height=\"25\"><font size=\"1\" face=\"Arial, Helvetica, sans-serif\">1998<\/font><\/td>\n<td width=\"28%\"><font size=\"1\" face=\"Arial, Helvetica, sans-serif\">21 de oct &#8211; 31  de oct<\/font><\/td>\n<td width=\"23%\"><font size=\"1\" face=\"Arial, Helvetica, sans-serif\">Cuenca  Equateur<\/font><\/td>\n<td width=\"13%\">\n<div align=\"center\"><font size=\"1\" face=\"Arial, Helvetica, sans-serif\">14<\/font><\/div>\n<\/td>\n<td width=\"10%\">\n<div align=\"center\"><font size=\"1\" face=\"Arial, Helvetica, sans-serif\">24<\/font><\/div>\n<\/td>\n<td width=\"16%\">\n<div align=\"center\"><font size=\"1\" face=\"Arial, Helvetica, sans-serif\">1.115  <\/font><\/div>\n<\/td>\n<\/tr>\n<tr bgcolor=\"#ebebeb\">\n<td width=\"10%\" height=\"25\"><font size=\"1\" face=\"Arial, Helvetica, sans-serif\">2002<\/font><\/td>\n<td width=\"28%\"><font size=\"1\" face=\"Arial, Helvetica, sans-serif\">1 de aout &#8211; 11  de aout<\/font><\/td>\n<td width=\"23%\"><font size=\"1\" face=\"Arial, Helvetica, sans-serif\">Rio de Janeiro,  S\u00e3o Paulo, Curitiba y Bel\u00e9m Br\u00e9sil<\/font><\/td>\n<td width=\"13%\">\n<div align=\"center\"><font size=\"1\" face=\"Arial, Helvetica, sans-serif\">14<\/font><\/div>\n<\/td>\n<td width=\"10%\">\n<div align=\"center\"><font size=\"1\" face=\"Arial, Helvetica, sans-serif\">24<\/font><\/div>\n<\/td>\n<td width=\"16%\">\n<div align=\"center\"><font size=\"1\" face=\"Arial, Helvetica, sans-serif\">2.069  <\/font><\/div>\n<\/td>\n<\/tr>\n<tr>\n<td width=\"10%\" height=\"7\"><font size=\"1\" face=\"Arial, Helvetica, sans-serif\">2006<\/font><\/td>\n<td width=\"28%\" height=\"7\"><font size=\"1\" face=\"Arial, Helvetica, sans-serif\">9 de  nov &#8211; 19 de nov<\/font><\/td>\n<td width=\"23%\" height=\"7\"><font size=\"1\" face=\"Arial, Helvetica, sans-serif\">Buenos  Aires Argentine<\/font><\/td>\n<td width=\"13%\" height=\"7\">\n<div align=\"center\"><font size=\"1\" face=\"Arial, Helvetica, sans-serif\">15  <\/font><\/div>\n<\/td>\n<td width=\"10%\" height=\"7\">\n<div align=\"center\"><font size=\"1\" face=\"Arial, Helvetica, sans-serif\">28  <\/font><\/div>\n<\/td>\n<td width=\"16%\" height=\"7\">\n<div align=\"center\">&nbsp;<\/div>\n<\/td>\n<\/tr>\n<tr bgcolor=\"#ebebeb\">\n<td width=\"10%\" height=\"25\"><font size=\"1\" face=\"Arial, Helvetica, sans-serif\">2010<\/font><\/td>\n<td width=\"28%\">&nbsp;<\/td>\n<td width=\"23%\"><font size=\"1\" face=\"Arial, Helvetica, sans-serif\">Medell\u00edn  Colombie<\/font><\/td>\n<td width=\"13%\">\n<div align=\"center\">&nbsp;<\/div>\n<\/td>\n<td width=\"10%\">\n<div align=\"center\">&nbsp;<\/div>\n<\/td>\n<td width=\"16%\">\n<div align=\"center\">&nbsp;<\/div>\n<\/td>\n<\/tr>\n<\/tbody>\n<\/table>\n<p>&nbsp;<\/p>\n<\/div>\n","protected":false},"excerpt":{"rendered":"<p>&nbsp;Les Jeux Sud-Am\u00e9ricains sont un ensemble de comp\u00e9titions sportives organis\u00e9es tous les quatre ans. Ils sont similaires aux Jeux Olympiques [&hellip;]<\/p>\n","protected":false},"author":3,"featured_media":0,"parent":2709,"menu_order":0,"comment_status":"closed","ping_status":"closed","template":"","meta":{"site-sidebar-layout":"default","site-content-layout":"","ast-site-content-layout":"default","site-content-style":"default","site-sidebar-style":"default","ast-global-header-display":"","ast-banner-title-visibility":"","ast-main-header-display":"","ast-hfb-above-header-display":"","ast-hfb-below-header-display":"","ast-hfb-mobile-header-display":"","site-post-title":"","ast-breadcrumbs-content":"","ast-featured-img":"","footer-sml-layout":"","ast-disable-related-posts":"","theme-transparent-header-meta":"","adv-header-id-meta":"","stick-header-meta":"","header-above-stick-meta":"","header-main-stick-meta":"","header-below-stick-meta":"","astra-migrate-meta-layouts":"default","ast-page-background-enabled":"default","ast-page-background-meta":{"desktop":{"background-color":"var(--ast-global-color-5)","background-image":"","background-repeat":"repeat","background-position":"center center","background-size":"auto","background-attachment":"scroll","background-type":"","background-media":"","overlay-type":"","overlay-color":"","overlay-opacity":"","overlay-gradient":""},"tablet":{"background-color":"","background-image":"","background-repeat":"repeat","background-position":"center center","background-size":"auto","background-attachment":"scroll","background-type":"","background-media":"","overlay-type":"","overlay-color":"","overlay-opacity":"","overlay-gradient":""},"mobile":{"background-color":"","background-image":"","background-repeat":"repeat","background-position":"center center","background-size":"auto","background-attachment":"scroll","background-type":"","background-media":"","overlay-type":"","overlay-color":"","overlay-opacity":"","overlay-gradient":""}},"ast-content-background-meta":{"desktop":{"background-color":"var(--ast-global-color-4)","background-image":"","background-repeat":"repeat","background-position":"center center","background-size":"auto","background-attachment":"scroll","background-type":"","background-media":"","overlay-type":"","overlay-color":"","overlay-opacity":"","overlay-gradient":""},"tablet":{"background-color":"var(--ast-global-color-4)","background-image":"","background-repeat":"repeat","background-position":"center center","background-size":"auto","background-attachment":"scroll","background-type":"","background-media":"","overlay-type":"","overlay-color":"","overlay-opacity":"","overlay-gradient":""},"mobile":{"background-color":"var(--ast-global-color-4)","background-image":"","background-repeat":"repeat","background-position":"center center","background-size":"auto","background-attachment":"scroll","background-type":"","background-media":"","overlay-type":"","overlay-color":"","overlay-opacity":"","overlay-gradient":""}},"footnotes":""},"class_list":["post-2780","page","type-page","status-publish","hentry"],"yoast_head":"<!-- This site is optimized with the Yoast SEO plugin v27.5 - https:\/\/yoast.com\/product\/yoast-seo-wordpress\/ -->\n<title>JEUX SUD-AMERICAINS - Abc-latina<\/title>\n<meta name=\"description\" content=\"Les Jeux sud-am\u00e9ricains.\" \/>\n<meta name=\"robots\" content=\"index, follow, max-snippet:-1, max-image-preview:large, max-video-preview:-1\" \/>\n<link rel=\"canonical\" href=\"https:\/\/abc-latina.com\/sport\/jeux-sud-americains\/\" \/>\n<meta property=\"og:locale\" content=\"fr_FR\" \/>\n<meta property=\"og:type\" content=\"article\" \/>\n<meta property=\"og:title\" content=\"JEUX SUD-AMERICAINS - Abc-latina\" \/>\n<meta property=\"og:description\" content=\"Les Jeux sud-am\u00e9ricains.\" \/>\n<meta property=\"og:url\" content=\"https:\/\/abc-latina.com\/sport\/jeux-sud-americains\/\" \/>\n<meta property=\"og:site_name\" content=\"Abc-latina\" \/>\n<meta property=\"article:modified_time\" content=\"2026-04-30T16:25:28+00:00\" \/>\n<meta name=\"twitter:card\" content=\"summary_large_image\" \/>\n<meta name=\"twitter:label1\" content=\"Dur\u00e9e de lecture estim\u00e9e\" \/>\n\t<meta name=\"twitter:data1\" content=\"1 minute\" \/>\n<script type=\"application\/ld+json\" class=\"yoast-schema-graph\">{\"@context\":\"https:\\\/\\\/schema.org\",\"@graph\":[{\"@type\":\"WebPage\",\"@id\":\"https:\\\/\\\/abc-latina.com\\\/sport\\\/jeux-sud-americains\\\/\",\"url\":\"https:\\\/\\\/abc-latina.com\\\/sport\\\/jeux-sud-americains\\\/\",\"name\":\"JEUX SUD-AMERICAINS - Abc-latina\",\"isPartOf\":{\"@id\":\"https:\\\/\\\/abc-latina.com\\\/#website\"},\"datePublished\":\"2011-09-20T21:50:01+00:00\",\"dateModified\":\"2026-04-30T16:25:28+00:00\",\"description\":\"Les Jeux sud-am\u00e9ricains.\",\"breadcrumb\":{\"@id\":\"https:\\\/\\\/abc-latina.com\\\/sport\\\/jeux-sud-americains\\\/#breadcrumb\"},\"inLanguage\":\"fr-FR\",\"potentialAction\":[{\"@type\":\"ReadAction\",\"target\":[\"https:\\\/\\\/abc-latina.com\\\/sport\\\/jeux-sud-americains\\\/\"]}]},{\"@type\":\"BreadcrumbList\",\"@id\":\"https:\\\/\\\/abc-latina.com\\\/sport\\\/jeux-sud-americains\\\/#breadcrumb\",\"itemListElement\":[{\"@type\":\"ListItem\",\"position\":1,\"name\":\"Accueil\",\"item\":\"https:\\\/\\\/abc-latina.com\\\/\"},{\"@type\":\"ListItem\",\"position\":2,\"name\":\"JEUX SUD-AMERICAINS\"}]},{\"@type\":\"WebSite\",\"@id\":\"https:\\\/\\\/abc-latina.com\\\/#website\",\"url\":\"https:\\\/\\\/abc-latina.com\\\/\",\"name\":\"Abc-latina\",\"description\":\"\",\"publisher\":{\"@id\":\"https:\\\/\\\/abc-latina.com\\\/#organization\"},\"potentialAction\":[{\"@type\":\"SearchAction\",\"target\":{\"@type\":\"EntryPoint\",\"urlTemplate\":\"https:\\\/\\\/abc-latina.com\\\/?s={search_term_string}\"},\"query-input\":{\"@type\":\"PropertyValueSpecification\",\"valueRequired\":true,\"valueName\":\"search_term_string\"}}],\"inLanguage\":\"fr-FR\"},{\"@type\":\"Organization\",\"@id\":\"https:\\\/\\\/abc-latina.com\\\/#organization\",\"name\":\"Abc-latina\",\"url\":\"https:\\\/\\\/abc-latina.com\\\/\",\"logo\":{\"@type\":\"ImageObject\",\"inLanguage\":\"fr-FR\",\"@id\":\"https:\\\/\\\/abc-latina.com\\\/#\\\/schema\\\/logo\\\/image\\\/\",\"url\":\"https:\\\/\\\/abc-latina.com\\\/wp-content\\\/uploads\\\/2026\\\/05\\\/cropped-logo.gif\",\"contentUrl\":\"https:\\\/\\\/abc-latina.com\\\/wp-content\\\/uploads\\\/2026\\\/05\\\/cropped-logo.gif\",\"width\":89,\"height\":84,\"caption\":\"Abc-latina\"},\"image\":{\"@id\":\"https:\\\/\\\/abc-latina.com\\\/#\\\/schema\\\/logo\\\/image\\\/\"}}]}<\/script>\n<!-- \/ Yoast SEO plugin. -->","yoast_head_json":{"title":"JEUX SUD-AMERICAINS - Abc-latina","description":"Les Jeux sud-am\u00e9ricains.","robots":{"index":"index","follow":"follow","max-snippet":"max-snippet:-1","max-image-preview":"max-image-preview:large","max-video-preview":"max-video-preview:-1"},"canonical":"https:\/\/abc-latina.com\/sport\/jeux-sud-americains\/","og_locale":"fr_FR","og_type":"article","og_title":"JEUX SUD-AMERICAINS - Abc-latina","og_description":"Les Jeux sud-am\u00e9ricains.","og_url":"https:\/\/abc-latina.com\/sport\/jeux-sud-americains\/","og_site_name":"Abc-latina","article_modified_time":"2026-04-30T16:25:28+00:00","twitter_card":"summary_large_image","twitter_misc":{"Dur\u00e9e de lecture estim\u00e9e":"1 minute"},"schema":{"@context":"https:\/\/schema.org","@graph":[{"@type":"WebPage","@id":"https:\/\/abc-latina.com\/sport\/jeux-sud-americains\/","url":"https:\/\/abc-latina.com\/sport\/jeux-sud-americains\/","name":"JEUX SUD-AMERICAINS - Abc-latina","isPartOf":{"@id":"https:\/\/abc-latina.com\/#website"},"datePublished":"2011-09-20T21:50:01+00:00","dateModified":"2026-04-30T16:25:28+00:00","description":"Les Jeux sud-am\u00e9ricains.","breadcrumb":{"@id":"https:\/\/abc-latina.com\/sport\/jeux-sud-americains\/#breadcrumb"},"inLanguage":"fr-FR","potentialAction":[{"@type":"ReadAction","target":["https:\/\/abc-latina.com\/sport\/jeux-sud-americains\/"]}]},{"@type":"BreadcrumbList","@id":"https:\/\/abc-latina.com\/sport\/jeux-sud-americains\/#breadcrumb","itemListElement":[{"@type":"ListItem","position":1,"name":"Accueil","item":"https:\/\/abc-latina.com\/"},{"@type":"ListItem","position":2,"name":"JEUX SUD-AMERICAINS"}]},{"@type":"WebSite","@id":"https:\/\/abc-latina.com\/#website","url":"https:\/\/abc-latina.com\/","name":"Abc-latina","description":"","publisher":{"@id":"https:\/\/abc-latina.com\/#organization"},"potentialAction":[{"@type":"SearchAction","target":{"@type":"EntryPoint","urlTemplate":"https:\/\/abc-latina.com\/?s={search_term_string}"},"query-input":{"@type":"PropertyValueSpecification","valueRequired":true,"valueName":"search_term_string"}}],"inLanguage":"fr-FR"},{"@type":"Organization","@id":"https:\/\/abc-latina.com\/#organization","name":"Abc-latina","url":"https:\/\/abc-latina.com\/","logo":{"@type":"ImageObject","inLanguage":"fr-FR","@id":"https:\/\/abc-latina.com\/#\/schema\/logo\/image\/","url":"https:\/\/abc-latina.com\/wp-content\/uploads\/2026\/05\/cropped-logo.gif","contentUrl":"https:\/\/abc-latina.com\/wp-content\/uploads\/2026\/05\/cropped-logo.gif","width":89,"height":84,"caption":"Abc-latina"},"image":{"@id":"https:\/\/abc-latina.com\/#\/schema\/logo\/image\/"}}]}},"_links":{"self":[{"href":"https:\/\/abc-latina.com\/wp-json\/wp\/v2\/pages\/2780","targetHints":{"allow":["GET"]}}],"collection":[{"href":"https:\/\/abc-latina.com\/wp-json\/wp\/v2\/pages"}],"about":[{"href":"https:\/\/abc-latina.com\/wp-json\/wp\/v2\/types\/page"}],"author":[{"embeddable":true,"href":"https:\/\/abc-latina.com\/wp-json\/wp\/v2\/users\/3"}],"replies":[{"embeddable":true,"href":"https:\/\/abc-latina.com\/wp-json\/wp\/v2\/comments?post=2780"}],"version-history":[{"count":2,"href":"https:\/\/abc-latina.com\/wp-json\/wp\/v2\/pages\/2780\/revisions"}],"predecessor-version":[{"id":3980,"href":"https:\/\/abc-latina.com\/wp-json\/wp\/v2\/pages\/2780\/revisions\/3980"}],"up":[{"embeddable":true,"href":"https:\/\/abc-latina.com\/wp-json\/wp\/v2\/pages\/2709"}],"wp:attachment":[{"href":"https:\/\/abc-latina.com\/wp-json\/wp\/v2\/media?parent=2780"}],"curies":[{"name":"wp","href":"https:\/\/api.w.org\/{rel}","templated":true}]}}