{"id":2818,"date":"2011-10-07T06:27:32","date_gmt":"2011-10-07T04:27:32","guid":{"rendered":"http:\/\/abc-latina.com\/uruguay-htm-2\/"},"modified":"2026-04-30T18:25:27","modified_gmt":"2026-04-30T16:25:27","slug":"uruguay","status":"publish","type":"page","link":"https:\/\/abc-latina.com\/index\/uruguay\/","title":{"rendered":"Le FOOTBALL URUGUAYEN"},"content":{"rendered":"<div>Nom : <strong>Asociaci\u00f3n Uruguaya de F\u00fatbol<\/strong><\/div>\n<div>Ann\u00e9e de fondation : 1900<\/div>\n<div>Affiliations : CONMEBOL en 1916 &#8211; FIFA en 1923&nbsp;<\/div>\n<div>Couleur : maillot ray\u00e9 bleu ciel et blanc, short noir, bas noirs<\/div>\n<div>&nbsp;<\/div>\n<div>Nombre de clubs : 1.102<\/div>\n<div>Nombre de licenci\u00e9s : 187.500<\/div>\n<div>Nombre d&rsquo;arbitres : 105<\/div>\n<div>&nbsp;<\/div>\n<div><span class=\"tourisme-chapitre\">PALMARES<\/span>&nbsp;<\/div>\n<div>Coupe du Monde : 2<\/div>\n<div>1930, 1950<\/div>\n<div>Coupe des Conf\u00e9d\u00e9rations : 0<\/div>\n<div>Copa America : 14<\/div>\n<div>1916, 1917, 1920, 1923, 1924, 1926, 1935, 1942, 1956, 1959, 1967, 1983, 1987, 1995<\/div>\n<div>Jeux Olympiques : 2&nbsp;<\/div>\n<div>1924, 1928<\/div>\n<div>&nbsp;<\/div>\n<div><strong>Autres performances<\/strong> :&nbsp;<\/div>\n<div>Second \u00e0 la Copa America (1919, 1927, 1939, 1941, 1989, 1999)<\/div>\n<div>Second \u00e0 la Coupe du Monde U-20 de la FIFA (1997),&nbsp;<\/div>\n<div>Second \u00e0 la Coupe du Monde de Beach Soccer de la FIFA (2006)<\/div>\n<div>Troisi\u00e8me \u00e0 la Coupe du Monde U-20 de la FIFA (1979),<\/div>\n<div>Troisi\u00e8me \u00e0 la Coupe du Monde de Beach Soccer de la FIFA (2007)<\/div>\n<div>Quatri\u00e8me \u00e0 la Coupe du monde FIFA (1954, 1970)<\/div>\n<div>Quatri\u00e8me \u00e0 la Coupe du Monde U-20 de la FIFA (1977, 1999)<\/div>\n<div>Quatri\u00e8me \u00e0 la Coupe des Conf\u00e9d\u00e9rations de la FIFA (1997)<\/div>\n<div>&nbsp;<\/div>\n<div><span class=\"tourisme-chapitre\">PERFORMANCES EN COUPE DU MONDE<\/span>&nbsp;<\/div>\n<div>Nombre de participations : 10<\/div>\n<div>1930, 1950, 1954, 1962, 1966, 1970, 1974, 1986, 1990, 2002<\/div>\n<div>&nbsp;<\/div>\n<div>Site Internet officiel : <a target=\"_blank\" href=\"http:\/\/www.auf.org.uy\">www.auf.org.uy<\/a><\/div>\n<div>Si\u00e8ge : Guayabo 1531 11200 Montevideo<\/div>\n<div>598 2\/400 7101 \/ 598 2\/409 0550<\/div>\n<div>Pr\u00e9sident : Eugenio Figueredo Aguerre<\/div>\n<div>Secr\u00e9taire G\u00e9n\u00e9ral : Jorge, Dr. Almada<\/div>\n","protected":false},"excerpt":{"rendered":"<p>Nom : Asociaci\u00f3n Uruguaya de F\u00fatbol Ann\u00e9e de fondation : 1900 Affiliations : CONMEBOL en 1916 &#8211; FIFA en 1923&nbsp; [&hellip;]<\/p>\n","protected":false},"author":3,"featured_media":0,"parent":2786,"menu_order":0,"comment_status":"closed","ping_status":"closed","template":"","meta":{"site-sidebar-layout":"default","site-content-layout":"","ast-site-content-layout":"default","site-content-style":"default","site-sidebar-style":"default","ast-global-header-display":"","ast-banner-title-visibility":"","ast-main-header-display":"","ast-hfb-above-header-display":"","ast-hfb-below-header-display":"","ast-hfb-mobile-header-display":"","site-post-title":"","ast-breadcrumbs-content":"","ast-featured-img":"","footer-sml-layout":"","ast-disable-related-posts":"","theme-transparent-header-meta":"","adv-header-id-meta":"","stick-header-meta":"","header-above-stick-meta":"","header-main-stick-meta":"","header-below-stick-meta":"","astra-migrate-meta-layouts":"default","ast-page-background-enabled":"default","ast-page-background-meta":{"desktop":{"background-color":"var(--ast-global-color-5)","background-image":"","background-repeat":"repeat","background-position":"center center","background-size":"auto","background-attachment":"scroll","background-type":"","background-media":"","overlay-type":"","overlay-color":"","overlay-opacity":"","overlay-gradient":""},"tablet":{"background-color":"","background-image":"","background-repeat":"repeat","background-position":"center center","background-size":"auto","background-attachment":"scroll","background-type":"","background-media":"","overlay-type":"","overlay-color":"","overlay-opacity":"","overlay-gradient":""},"mobile":{"background-color":"","background-image":"","background-repeat":"repeat","background-position":"center center","background-size":"auto","background-attachment":"scroll","background-type":"","background-media":"","overlay-type":"","overlay-color":"","overlay-opacity":"","overlay-gradient":""}},"ast-content-background-meta":{"desktop":{"background-color":"var(--ast-global-color-4)","background-image":"","background-repeat":"repeat","background-position":"center center","background-size":"auto","background-attachment":"scroll","background-type":"","background-media":"","overlay-type":"","overlay-color":"","overlay-opacity":"","overlay-gradient":""},"tablet":{"background-color":"var(--ast-global-color-4)","background-image":"","background-repeat":"repeat","background-position":"center center","background-size":"auto","background-attachment":"scroll","background-type":"","background-media":"","overlay-type":"","overlay-color":"","overlay-opacity":"","overlay-gradient":""},"mobile":{"background-color":"var(--ast-global-color-4)","background-image":"","background-repeat":"repeat","background-position":"center center","background-size":"auto","background-attachment":"scroll","background-type":"","background-media":"","overlay-type":"","overlay-color":"","overlay-opacity":"","overlay-gradient":""}},"footnotes":""},"class_list":["post-2818","page","type-page","status-publish","hentry"],"yoast_head":"<!-- This site is optimized with the Yoast SEO plugin v27.5 - https:\/\/yoast.com\/product\/yoast-seo-wordpress\/ -->\n<title>Le FOOTBALL URUGUAYEN - Abc-latina<\/title>\n<meta name=\"description\" content=\"Le football uruguayen.\" \/>\n<meta name=\"robots\" content=\"index, follow, max-snippet:-1, max-image-preview:large, max-video-preview:-1\" \/>\n<link rel=\"canonical\" href=\"https:\/\/abc-latina.com\/index\/uruguay\/\" \/>\n<meta property=\"og:locale\" content=\"fr_FR\" \/>\n<meta property=\"og:type\" content=\"article\" \/>\n<meta property=\"og:title\" content=\"Le FOOTBALL URUGUAYEN - Abc-latina\" \/>\n<meta property=\"og:description\" content=\"Le football uruguayen.\" \/>\n<meta property=\"og:url\" content=\"https:\/\/abc-latina.com\/index\/uruguay\/\" \/>\n<meta property=\"og:site_name\" content=\"Abc-latina\" \/>\n<meta property=\"article:modified_time\" content=\"2026-04-30T16:25:27+00:00\" \/>\n<meta name=\"twitter:card\" content=\"summary_large_image\" \/>\n<meta name=\"twitter:label1\" content=\"Dur\u00e9e de lecture estim\u00e9e\" \/>\n\t<meta name=\"twitter:data1\" content=\"1 minute\" \/>\n<script type=\"application\/ld+json\" class=\"yoast-schema-graph\">{\"@context\":\"https:\\\/\\\/schema.org\",\"@graph\":[{\"@type\":\"WebPage\",\"@id\":\"https:\\\/\\\/abc-latina.com\\\/index\\\/uruguay\\\/\",\"url\":\"https:\\\/\\\/abc-latina.com\\\/index\\\/uruguay\\\/\",\"name\":\"Le FOOTBALL URUGUAYEN - Abc-latina\",\"isPartOf\":{\"@id\":\"https:\\\/\\\/abc-latina.com\\\/#website\"},\"datePublished\":\"2011-10-07T04:27:32+00:00\",\"dateModified\":\"2026-04-30T16:25:27+00:00\",\"description\":\"Le football uruguayen.\",\"breadcrumb\":{\"@id\":\"https:\\\/\\\/abc-latina.com\\\/index\\\/uruguay\\\/#breadcrumb\"},\"inLanguage\":\"fr-FR\",\"potentialAction\":[{\"@type\":\"ReadAction\",\"target\":[\"https:\\\/\\\/abc-latina.com\\\/index\\\/uruguay\\\/\"]}]},{\"@type\":\"BreadcrumbList\",\"@id\":\"https:\\\/\\\/abc-latina.com\\\/index\\\/uruguay\\\/#breadcrumb\",\"itemListElement\":[{\"@type\":\"ListItem\",\"position\":1,\"name\":\"Accueil\",\"item\":\"https:\\\/\\\/abc-latina.com\\\/\"},{\"@type\":\"ListItem\",\"position\":2,\"name\":\"Le FOOTBALL URUGUAYEN\"}]},{\"@type\":\"WebSite\",\"@id\":\"https:\\\/\\\/abc-latina.com\\\/#website\",\"url\":\"https:\\\/\\\/abc-latina.com\\\/\",\"name\":\"Abc-latina\",\"description\":\"\",\"publisher\":{\"@id\":\"https:\\\/\\\/abc-latina.com\\\/#organization\"},\"potentialAction\":[{\"@type\":\"SearchAction\",\"target\":{\"@type\":\"EntryPoint\",\"urlTemplate\":\"https:\\\/\\\/abc-latina.com\\\/?s={search_term_string}\"},\"query-input\":{\"@type\":\"PropertyValueSpecification\",\"valueRequired\":true,\"valueName\":\"search_term_string\"}}],\"inLanguage\":\"fr-FR\"},{\"@type\":\"Organization\",\"@id\":\"https:\\\/\\\/abc-latina.com\\\/#organization\",\"name\":\"Abc-latina\",\"url\":\"https:\\\/\\\/abc-latina.com\\\/\",\"logo\":{\"@type\":\"ImageObject\",\"inLanguage\":\"fr-FR\",\"@id\":\"https:\\\/\\\/abc-latina.com\\\/#\\\/schema\\\/logo\\\/image\\\/\",\"url\":\"https:\\\/\\\/abc-latina.com\\\/wp-content\\\/uploads\\\/2026\\\/05\\\/cropped-logo.gif\",\"contentUrl\":\"https:\\\/\\\/abc-latina.com\\\/wp-content\\\/uploads\\\/2026\\\/05\\\/cropped-logo.gif\",\"width\":89,\"height\":84,\"caption\":\"Abc-latina\"},\"image\":{\"@id\":\"https:\\\/\\\/abc-latina.com\\\/#\\\/schema\\\/logo\\\/image\\\/\"}}]}<\/script>\n<!-- \/ Yoast SEO plugin. -->","yoast_head_json":{"title":"Le FOOTBALL URUGUAYEN - Abc-latina","description":"Le football uruguayen.","robots":{"index":"index","follow":"follow","max-snippet":"max-snippet:-1","max-image-preview":"max-image-preview:large","max-video-preview":"max-video-preview:-1"},"canonical":"https:\/\/abc-latina.com\/index\/uruguay\/","og_locale":"fr_FR","og_type":"article","og_title":"Le FOOTBALL URUGUAYEN - Abc-latina","og_description":"Le football uruguayen.","og_url":"https:\/\/abc-latina.com\/index\/uruguay\/","og_site_name":"Abc-latina","article_modified_time":"2026-04-30T16:25:27+00:00","twitter_card":"summary_large_image","twitter_misc":{"Dur\u00e9e de lecture estim\u00e9e":"1 minute"},"schema":{"@context":"https:\/\/schema.org","@graph":[{"@type":"WebPage","@id":"https:\/\/abc-latina.com\/index\/uruguay\/","url":"https:\/\/abc-latina.com\/index\/uruguay\/","name":"Le FOOTBALL URUGUAYEN - Abc-latina","isPartOf":{"@id":"https:\/\/abc-latina.com\/#website"},"datePublished":"2011-10-07T04:27:32+00:00","dateModified":"2026-04-30T16:25:27+00:00","description":"Le football uruguayen.","breadcrumb":{"@id":"https:\/\/abc-latina.com\/index\/uruguay\/#breadcrumb"},"inLanguage":"fr-FR","potentialAction":[{"@type":"ReadAction","target":["https:\/\/abc-latina.com\/index\/uruguay\/"]}]},{"@type":"BreadcrumbList","@id":"https:\/\/abc-latina.com\/index\/uruguay\/#breadcrumb","itemListElement":[{"@type":"ListItem","position":1,"name":"Accueil","item":"https:\/\/abc-latina.com\/"},{"@type":"ListItem","position":2,"name":"Le FOOTBALL URUGUAYEN"}]},{"@type":"WebSite","@id":"https:\/\/abc-latina.com\/#website","url":"https:\/\/abc-latina.com\/","name":"Abc-latina","description":"","publisher":{"@id":"https:\/\/abc-latina.com\/#organization"},"potentialAction":[{"@type":"SearchAction","target":{"@type":"EntryPoint","urlTemplate":"https:\/\/abc-latina.com\/?s={search_term_string}"},"query-input":{"@type":"PropertyValueSpecification","valueRequired":true,"valueName":"search_term_string"}}],"inLanguage":"fr-FR"},{"@type":"Organization","@id":"https:\/\/abc-latina.com\/#organization","name":"Abc-latina","url":"https:\/\/abc-latina.com\/","logo":{"@type":"ImageObject","inLanguage":"fr-FR","@id":"https:\/\/abc-latina.com\/#\/schema\/logo\/image\/","url":"https:\/\/abc-latina.com\/wp-content\/uploads\/2026\/05\/cropped-logo.gif","contentUrl":"https:\/\/abc-latina.com\/wp-content\/uploads\/2026\/05\/cropped-logo.gif","width":89,"height":84,"caption":"Abc-latina"},"image":{"@id":"https:\/\/abc-latina.com\/#\/schema\/logo\/image\/"}}]}},"_links":{"self":[{"href":"https:\/\/abc-latina.com\/wp-json\/wp\/v2\/pages\/2818","targetHints":{"allow":["GET"]}}],"collection":[{"href":"https:\/\/abc-latina.com\/wp-json\/wp\/v2\/pages"}],"about":[{"href":"https:\/\/abc-latina.com\/wp-json\/wp\/v2\/types\/page"}],"author":[{"embeddable":true,"href":"https:\/\/abc-latina.com\/wp-json\/wp\/v2\/users\/3"}],"replies":[{"embeddable":true,"href":"https:\/\/abc-latina.com\/wp-json\/wp\/v2\/comments?post=2818"}],"version-history":[{"count":1,"href":"https:\/\/abc-latina.com\/wp-json\/wp\/v2\/pages\/2818\/revisions"}],"predecessor-version":[{"id":3962,"href":"https:\/\/abc-latina.com\/wp-json\/wp\/v2\/pages\/2818\/revisions\/3962"}],"up":[{"embeddable":true,"href":"https:\/\/abc-latina.com\/wp-json\/wp\/v2\/pages\/2786"}],"wp:attachment":[{"href":"https:\/\/abc-latina.com\/wp-json\/wp\/v2\/media?parent=2818"}],"curies":[{"name":"wp","href":"https:\/\/api.w.org\/{rel}","templated":true}]}}