{"id":2826,"date":"2011-10-14T16:36:12","date_gmt":"2011-10-14T14:36:12","guid":{"rendered":"http:\/\/abc-latina.com\/accion-popular\/"},"modified":"2018-06-10T10:37:38","modified_gmt":"2018-06-10T08:37:38","slug":"accion-popular","status":"publish","type":"page","link":"https:\/\/abc-latina.com\/perou\/accion-popular\/","title":{"rendered":"ACCION POPULAR"},"content":{"rendered":"<div>Acci\u00f3n Popular est un parti politique p\u00e9ruvien fond\u00e9 le 1er juin 1956 dans la Province de Chincheros (D\u00e9partement de Cuzco), par Fernando Bela\u00fande Terry.<\/div>\n<div>&nbsp;<\/div>\n<div>Acci\u00f3n Popular dans les ann\u00e9es 1960<\/div>\n<div>&nbsp;<\/div>\n<div>Pendant les ann\u00e9es suivantes, Action populaire devient un mouvement populaire. A la fin des ann\u00e9es 1950 et au d\u00e9but des ann\u00e9es 1960, AP occupait l&rsquo;espace de la gauche d\u00e9mocratique avec les mouvements MSP (Mouvement Social Progressiste) et DC (D\u00e9mocratie Chr\u00e9tienne). Son positionnement n&rsquo;\u00e9tait pas tr\u00e8s \u00e9loign\u00e9 de celui de l&rsquo;Alliance populaire r\u00e9volutionnaire am\u00e9ricaine, mais le parti cherchait plus le consensus que la confrontation ce qui lui assurait une base \u00e9lectorale plus large que celle de son rival de gauche.<\/div>\n<div>Aux \u00e9lections de 1962, Bela\u00fande fut deuxi\u00e8me, \u00e0 seulement 14.000 voix de V\u00edctor Ra\u00fal Haya de la Torre, le candidat de l&rsquo;Alliance populaire r\u00e9volutionnaire am\u00e9ricaine et du Mouvement D\u00e9mocratique Pradiste. Les forces arm\u00e9es pr\u00e9text\u00e8rent la fraude \u00e9lectorale pour renverser le pr\u00e9sident Prado quelques jours avant le terme de son mandat et convoquer de nouvelles \u00e9lections pour l&rsquo;ann\u00e9e suivante. C&rsquo;est ainsi en 1963 que Bela\u00fande, alli\u00e9 avec la D\u00e9mocratie Chr\u00e9tienne et d&rsquo;autres mouvements de la gauche, l&rsquo;emporta sur le leader de l&rsquo;Alliance populaire r\u00e9volutionnaire am\u00e9ricaine.<\/div>\n<div>Mais il ne disposait pas de la majorit\u00e9 aux deux chambres du pouvoir l\u00e9gislatif. L&rsquo;Alliance populaire r\u00e9volutionnaire am\u00e9ricaine, r\u00e9unie avec l&rsquo;Uni\u00f3n Nacional Odri\u00edsta (UNO) de l&rsquo;ancien pr\u00e9sident Manuel A. Odr\u00eda, parvinrent \u00e0 former une coalition. En r\u00e9ponse \u00e0 cela, Acci\u00f3n Popular conclut une alliance avec le Parti Populaire Chr\u00e9tien, conduit par Luis Bedoya Reyes.<\/div>\n<div>Rapidement, les tentatives de r\u00e9forme gouvernementales furent frein\u00e9es par une opposition constante de la &quot;Coalition Alliance populaire r\u00e9volutionnaire am\u00e9ricaine-UNO&quot;. Au sein du parti du gouvernement firent s\u00e9cession en 1967 pour former Acci\u00f3n Popular Socialista, dirig\u00e9e par Edgardo Seoane.<\/div>\n<div>En 1968, l&rsquo;Alliance populaire r\u00e9volutionnaire am\u00e9ricaine d\u00e9cide de rompre son alliance avec l&rsquo;UNO, exigeant en contrepartie que l&rsquo;on applique son plan d&rsquo;expropriation des champs p\u00e9troliers de la r\u00e9gion de La Brea y Pari\u00f1as contr\u00f4l\u00e9s par International Petroleum Company, une filiale de la compagnie p\u00e9troli\u00e8re Standard Oil of New Jersey.<\/div>\n<div>Le scandale caus\u00e9 par la disparition de l&rsquo;une des pages originales du document entre l&rsquo;\u00e9tat et la compagnie p\u00e9troli\u00e8re, cr\u00e9a un grand malaise dans le monde politique. L&rsquo;Arm\u00e9e p\u00e9ruvienne d\u00e9cida de renverser le gouvernement de Bela\u00fande. Le premier ministre Ulloa et le pr\u00e9sident Bela\u00fande furent chass\u00e9s du Palais du Gouvernement le 3 octobre 1968. Bela\u00fande partit en exil en Argentine.<\/div>\n<div>Action populaire et le gouvernement des forces arm\u00e9es (1968-1980)<\/div>\n<div>&nbsp;<\/div>\n<div>Le pr\u00e9sident, le g\u00e9n\u00e9ral de division Juan Velasco Alvarado entama un processus &quot;r\u00e9volutionnaire&quot; et militariste qui durera jusqu&rsquo;en 1975, avant d&rsquo;\u00eatre renvers\u00e9 par le g\u00e9n\u00e9ral de division Francisco Morales Berm\u00fadez Cerruti. Pendant toute cette p\u00e9riode, Action populaire ne collabora pas avec ce gouvernement de facto et sans l\u00e9gitimit\u00e9 constitutionnelle. Ne pouvant plus ma\u00eetriser le pays, Moralez Berm\u00fadez se vit dans l&rsquo;obligation de convoquer une Assembl\u00e9e Constituante en 1978, pr\u00e9sid\u00e9e par V\u00edctor Ra\u00fal Haya de la Torre.<\/div>\n<div>Action populaire dans les ann\u00e9es 1980<\/div>\n<div>&nbsp;<\/div>\n<div>En 1980, eurent lieu des \u00e9lections g\u00e9n\u00e9rales, auxquelles Fernando Bela\u00fande, de retour d&rsquo;exil, se pr\u00e9senta. Il obtint pr\u00e8s de 45 % des voix.<\/div>\n<div>Pendant la p\u00e9riode de 1980-1985, le gouvernement de bela\u00fande fit face \u00e0 divers probl\u00e8mes graves : des inondations catastrophiques dans le nord du pays, la crise de la dette ext\u00e9rieure contract\u00e9e pendant le r\u00e9gime militaire, la baisse du prix des exportations, le poids immense de l&rsquo;appareil de l&rsquo;\u00c9tat et le d\u00e9but de la lutte arm\u00e9e engag\u00e9e par le groupe mao\u00efste Sentier lumineux.<\/div>\n<div>Dans ce contexte, le parti et son candidat \u00e0 la pr\u00e9sidence Javier Alva Orlandini furent lamin\u00e9s aux \u00e9lections g\u00e9n\u00e9rales de 1985, avec seulement 6,4 % des voix. Alan Garc\u00eda P\u00e9rez, secr\u00e9taire g\u00e9n\u00e9ral du Parti Apriste P\u00e9ruvien, fut \u00e9lu Pr\u00e9sident de la R\u00e9publique.<\/div>\n<div>Il s&rsquo;est av\u00e9r\u00e9 au cours de cette d\u00e9cennie que le parti \u00e9tait plus la machine \u00e9lectorale de Bela\u00fande qu&rsquo;une organisation institutionnalis\u00e9e. D&rsquo;autre part, depuis les ann\u00e9es 1960, avec la d\u00e9mocratisation du P\u00e9rou, il \u00e9tait pass\u00e9 dans le spectre politique du r\u00e9formisme de gauche au centre-droit.<\/div>\n<div>Action populaire dans les ann\u00e9es 1990<\/div>\n<div>&nbsp;<\/div>\n<div>En 1990, Action populaire participa aux \u00e9lections au sein de la coalition de centre-droit Frente Democr\u00e1tico (FREDEMO), avec le PPC et le Movimiento Libertad. Ce front \u00e9tait conduit par le romancier Mario Vargas Llosa.<\/div>\n<div>Les \u00e9lections se sold\u00e8rent par la victoire surprise de l&rsquo;ind\u00e9pendant Alberto Fujimori. Apr\u00e8s deux ann\u00e9es de pouvoir et de confrontation avec les parlementaires Fujimori provoqua la dissolution du Congr\u00e8s de la R\u00e9publique le 5 avril 1992.<\/div>\n<div>Action populaire, l&rsquo;Alliance populaire r\u00e9volutionnaire am\u00e9ricaine, la gauche et d&rsquo;autres partis politiques d\u00e9cid\u00e8rent de ne pas participer aux \u00e9lections pour le Congr\u00e8s Constituant D\u00e9mocratique, se prononc\u00e8rent pour le NON au r\u00e9f\u00e9rendum de 1993 pour la Constitution de 1993.<\/div>\n<div>Pendant la d\u00e9cennie, Action populaire aura vu peu \u00e0 peu diminuer son influence politique dans le pays, n&rsquo;obtenant au Congr\u00e8s en 2000, que trois repr\u00e9sentants, dont l&rsquo;un \u00e9tait secr\u00e9taire g\u00e9n\u00e9ral du Parti, Valent\u00edn Paniagua.<\/div>\n<div>L&rsquo;opposition \u00e0 Fujimori \u00e9tait majoritaire au Congr\u00e8s en juillet, mais de nombreux congressistes des diff\u00e9rents partis chang\u00e8rent de camp pour aller dans celui du pr\u00e9sident. Le 16 septembre 2000, Fernando Olivera Vega, congressiste de l&rsquo;opposition, montra une vid\u00e9o o\u00f9 l&rsquo;on voyait Vladimiro Montesinos, bras droit de Fujimori, subornant un congressiste pour qu&rsquo;il passe du c\u00f4t\u00e9 du gouvernement.<\/div>\n<div>Le gouvernement d&rsquo;Alberto Fujimori tomba en novembre 2000. A la suite de deux votes tr\u00e8s disput\u00e9s, l&rsquo;opposition r\u00e9cup\u00e9ra la majorit\u00e9 au Congr\u00e8s, et \u00e9lut Valent\u00edn Paniagua Corazao \u00e0 la pr\u00e9sidence du corps l\u00e9gislatif.<\/div>\n<div>Alberto Fujimori d\u00e9cide de d\u00e9missionner depuis le Japon.<\/div>\n<div>&nbsp;<\/div>\n<div>L&rsquo;administration Paniagua (Novembre 2000 &#8211; Juillet 2001)<\/div>\n<div>&nbsp;<\/div>\n<div>Apr\u00e8s la d\u00e9faillance de Fujimori et de ses co-listiers, Valent\u00edn Paniagua, en tant que Pr\u00e9sident du Congr\u00e8s, devint Pr\u00e9sident de la R\u00e9publique. Paniagua mena la transition, nomma Javier P\u00e9rez de Cu\u00e9llar Premier Ministre et Ministre des Relations Ext\u00e9rieures. Les \u00e9lections g\u00e9n\u00e9rales furent convoqu\u00e9es en 2001 et remport\u00e9es par Alejandro Toledo Manrique. Le parti n&rsquo;obtint que 3 si\u00e8ges au congr\u00e8s sur 120 avec 4,2 % des voix.<\/div>\n<div>Aux \u00e9lections de 2006, le parti s&rsquo;est alli\u00e9 avec Somos Per\u00fa et Coordinadora Nacional de Independientes pour former la coalition Frente de Centro (Front du Centre) avec \u00e0 sa t\u00eate Paniagua.<\/div>\n<div>Personnalit\u00e9s importantes d&rsquo;Action populaire<\/div>\n<div>&nbsp;<\/div>\n<div>Le parti a donn\u00e9 deux pr\u00e9sidents de la R\u00e9publique au P\u00e9rou :<\/div>\n<div>Fernando Bela\u00fande Terry &#8211; qui gagna d\u00e9mocratiquement les \u00e9lections pr\u00e9sidentielles \u00e0 deux reprises, ce qui fit d&rsquo;Acci\u00f3n Popular un parti de gouvernement en 1963-1968 et 1980-1985.<\/div>\n<div>Valent\u00edn Paniagua Corazao &#8211; \u00e9lu pr\u00e9sident du Congr\u00e8s de la R\u00e9publique, et fut nomm\u00e9 \u00e0 ce titre pr\u00e9sident du gouvernement de transition : 2000-2001.<\/div>\n<div>Autres figures historiques \u00e9minentes du parti : Javier Alva Orlandini, Manuel Ulloa El\u00edas, Javier Arias Stella, Jos\u00e9 Mar\u00eda de la Jara y Ureta, Eduardo Orrego Villacorta, V\u00edctor Andr\u00e9s Garc\u00eda Bela\u00fande.<\/div>\n<div>&nbsp;<\/div>\n<div><span class=\"tsource\">Source Wikip\u00e9dia<\/span><\/div>\n<p>&nbsp;<\/p>\n","protected":false},"excerpt":{"rendered":"<p>Acci\u00f3n Popular est un parti politique p\u00e9ruvien fond\u00e9 le 1er juin 1956 dans la Province de Chincheros (D\u00e9partement de Cuzco), [&hellip;]<\/p>\n","protected":false},"author":3,"featured_media":0,"parent":2118,"menu_order":0,"comment_status":"closed","ping_status":"closed","template":"","meta":{"site-sidebar-layout":"default","site-content-layout":"","ast-site-content-layout":"default","site-content-style":"default","site-sidebar-style":"default","ast-global-header-display":"","ast-banner-title-visibility":"","ast-main-header-display":"","ast-hfb-above-header-display":"","ast-hfb-below-header-display":"","ast-hfb-mobile-header-display":"","site-post-title":"","ast-breadcrumbs-content":"","ast-featured-img":"","footer-sml-layout":"","ast-disable-related-posts":"","theme-transparent-header-meta":"","adv-header-id-meta":"","stick-header-meta":"","header-above-stick-meta":"","header-main-stick-meta":"","header-below-stick-meta":"","astra-migrate-meta-layouts":"default","ast-page-background-enabled":"default","ast-page-background-meta":{"desktop":{"background-color":"var(--ast-global-color-5)","background-image":"","background-repeat":"repeat","background-position":"center center","background-size":"auto","background-attachment":"scroll","background-type":"","background-media":"","overlay-type":"","overlay-color":"","overlay-opacity":"","overlay-gradient":""},"tablet":{"background-color":"","background-image":"","background-repeat":"repeat","background-position":"center center","background-size":"auto","background-attachment":"scroll","background-type":"","background-media":"","overlay-type":"","overlay-color":"","overlay-opacity":"","overlay-gradient":""},"mobile":{"background-color":"","background-image":"","background-repeat":"repeat","background-position":"center center","background-size":"auto","background-attachment":"scroll","background-type":"","background-media":"","overlay-type":"","overlay-color":"","overlay-opacity":"","overlay-gradient":""}},"ast-content-background-meta":{"desktop":{"background-color":"var(--ast-global-color-4)","background-image":"","background-repeat":"repeat","background-position":"center center","background-size":"auto","background-attachment":"scroll","background-type":"","background-media":"","overlay-type":"","overlay-color":"","overlay-opacity":"","overlay-gradient":""},"tablet":{"background-color":"var(--ast-global-color-4)","background-image":"","background-repeat":"repeat","background-position":"center center","background-size":"auto","background-attachment":"scroll","background-type":"","background-media":"","overlay-type":"","overlay-color":"","overlay-opacity":"","overlay-gradient":""},"mobile":{"background-color":"var(--ast-global-color-4)","background-image":"","background-repeat":"repeat","background-position":"center center","background-size":"auto","background-attachment":"scroll","background-type":"","background-media":"","overlay-type":"","overlay-color":"","overlay-opacity":"","overlay-gradient":""}},"footnotes":""},"class_list":["post-2826","page","type-page","status-publish","hentry"],"yoast_head":"<!-- This site is optimized with the Yoast SEO plugin v27.5 - https:\/\/yoast.com\/product\/yoast-seo-wordpress\/ -->\n<title>ACCION POPULAR - Abc-latina<\/title>\n<meta name=\"robots\" content=\"index, follow, max-snippet:-1, max-image-preview:large, max-video-preview:-1\" \/>\n<link rel=\"canonical\" href=\"https:\/\/abc-latina.com\/perou\/accion-popular\/\" \/>\n<meta property=\"og:locale\" content=\"fr_FR\" \/>\n<meta property=\"og:type\" content=\"article\" \/>\n<meta property=\"og:title\" content=\"ACCION POPULAR - Abc-latina\" \/>\n<meta property=\"og:description\" content=\"Acci\u00f3n Popular est un parti politique p\u00e9ruvien fond\u00e9 le 1er juin 1956 dans la Province de Chincheros (D\u00e9partement de Cuzco), [&hellip;]\" \/>\n<meta property=\"og:url\" content=\"https:\/\/abc-latina.com\/perou\/accion-popular\/\" \/>\n<meta property=\"og:site_name\" content=\"Abc-latina\" \/>\n<meta property=\"article:modified_time\" content=\"2018-06-10T08:37:38+00:00\" \/>\n<meta name=\"twitter:card\" content=\"summary_large_image\" \/>\n<meta name=\"twitter:label1\" content=\"Dur\u00e9e de lecture estim\u00e9e\" \/>\n\t<meta name=\"twitter:data1\" content=\"7 minutes\" \/>\n<script type=\"application\/ld+json\" class=\"yoast-schema-graph\">{\"@context\":\"https:\\\/\\\/schema.org\",\"@graph\":[{\"@type\":\"WebPage\",\"@id\":\"https:\\\/\\\/abc-latina.com\\\/perou\\\/accion-popular\\\/\",\"url\":\"https:\\\/\\\/abc-latina.com\\\/perou\\\/accion-popular\\\/\",\"name\":\"ACCION POPULAR - Abc-latina\",\"isPartOf\":{\"@id\":\"https:\\\/\\\/abc-latina.com\\\/#website\"},\"datePublished\":\"2011-10-14T14:36:12+00:00\",\"dateModified\":\"2018-06-10T08:37:38+00:00\",\"breadcrumb\":{\"@id\":\"https:\\\/\\\/abc-latina.com\\\/perou\\\/accion-popular\\\/#breadcrumb\"},\"inLanguage\":\"fr-FR\",\"potentialAction\":[{\"@type\":\"ReadAction\",\"target\":[\"https:\\\/\\\/abc-latina.com\\\/perou\\\/accion-popular\\\/\"]}]},{\"@type\":\"BreadcrumbList\",\"@id\":\"https:\\\/\\\/abc-latina.com\\\/perou\\\/accion-popular\\\/#breadcrumb\",\"itemListElement\":[{\"@type\":\"ListItem\",\"position\":1,\"name\":\"Accueil\",\"item\":\"https:\\\/\\\/abc-latina.com\\\/\"},{\"@type\":\"ListItem\",\"position\":2,\"name\":\"ACCION POPULAR\"}]},{\"@type\":\"WebSite\",\"@id\":\"https:\\\/\\\/abc-latina.com\\\/#website\",\"url\":\"https:\\\/\\\/abc-latina.com\\\/\",\"name\":\"Abc-latina\",\"description\":\"\",\"publisher\":{\"@id\":\"https:\\\/\\\/abc-latina.com\\\/#organization\"},\"potentialAction\":[{\"@type\":\"SearchAction\",\"target\":{\"@type\":\"EntryPoint\",\"urlTemplate\":\"https:\\\/\\\/abc-latina.com\\\/?s={search_term_string}\"},\"query-input\":{\"@type\":\"PropertyValueSpecification\",\"valueRequired\":true,\"valueName\":\"search_term_string\"}}],\"inLanguage\":\"fr-FR\"},{\"@type\":\"Organization\",\"@id\":\"https:\\\/\\\/abc-latina.com\\\/#organization\",\"name\":\"Abc-latina\",\"url\":\"https:\\\/\\\/abc-latina.com\\\/\",\"logo\":{\"@type\":\"ImageObject\",\"inLanguage\":\"fr-FR\",\"@id\":\"https:\\\/\\\/abc-latina.com\\\/#\\\/schema\\\/logo\\\/image\\\/\",\"url\":\"https:\\\/\\\/abc-latina.com\\\/wp-content\\\/uploads\\\/2026\\\/05\\\/cropped-logo.gif\",\"contentUrl\":\"https:\\\/\\\/abc-latina.com\\\/wp-content\\\/uploads\\\/2026\\\/05\\\/cropped-logo.gif\",\"width\":89,\"height\":84,\"caption\":\"Abc-latina\"},\"image\":{\"@id\":\"https:\\\/\\\/abc-latina.com\\\/#\\\/schema\\\/logo\\\/image\\\/\"}}]}<\/script>\n<!-- \/ Yoast SEO plugin. -->","yoast_head_json":{"title":"ACCION POPULAR - Abc-latina","robots":{"index":"index","follow":"follow","max-snippet":"max-snippet:-1","max-image-preview":"max-image-preview:large","max-video-preview":"max-video-preview:-1"},"canonical":"https:\/\/abc-latina.com\/perou\/accion-popular\/","og_locale":"fr_FR","og_type":"article","og_title":"ACCION POPULAR - Abc-latina","og_description":"Acci\u00f3n Popular est un parti politique p\u00e9ruvien fond\u00e9 le 1er juin 1956 dans la Province de Chincheros (D\u00e9partement de Cuzco), [&hellip;]","og_url":"https:\/\/abc-latina.com\/perou\/accion-popular\/","og_site_name":"Abc-latina","article_modified_time":"2018-06-10T08:37:38+00:00","twitter_card":"summary_large_image","twitter_misc":{"Dur\u00e9e de lecture estim\u00e9e":"7 minutes"},"schema":{"@context":"https:\/\/schema.org","@graph":[{"@type":"WebPage","@id":"https:\/\/abc-latina.com\/perou\/accion-popular\/","url":"https:\/\/abc-latina.com\/perou\/accion-popular\/","name":"ACCION POPULAR - Abc-latina","isPartOf":{"@id":"https:\/\/abc-latina.com\/#website"},"datePublished":"2011-10-14T14:36:12+00:00","dateModified":"2018-06-10T08:37:38+00:00","breadcrumb":{"@id":"https:\/\/abc-latina.com\/perou\/accion-popular\/#breadcrumb"},"inLanguage":"fr-FR","potentialAction":[{"@type":"ReadAction","target":["https:\/\/abc-latina.com\/perou\/accion-popular\/"]}]},{"@type":"BreadcrumbList","@id":"https:\/\/abc-latina.com\/perou\/accion-popular\/#breadcrumb","itemListElement":[{"@type":"ListItem","position":1,"name":"Accueil","item":"https:\/\/abc-latina.com\/"},{"@type":"ListItem","position":2,"name":"ACCION POPULAR"}]},{"@type":"WebSite","@id":"https:\/\/abc-latina.com\/#website","url":"https:\/\/abc-latina.com\/","name":"Abc-latina","description":"","publisher":{"@id":"https:\/\/abc-latina.com\/#organization"},"potentialAction":[{"@type":"SearchAction","target":{"@type":"EntryPoint","urlTemplate":"https:\/\/abc-latina.com\/?s={search_term_string}"},"query-input":{"@type":"PropertyValueSpecification","valueRequired":true,"valueName":"search_term_string"}}],"inLanguage":"fr-FR"},{"@type":"Organization","@id":"https:\/\/abc-latina.com\/#organization","name":"Abc-latina","url":"https:\/\/abc-latina.com\/","logo":{"@type":"ImageObject","inLanguage":"fr-FR","@id":"https:\/\/abc-latina.com\/#\/schema\/logo\/image\/","url":"https:\/\/abc-latina.com\/wp-content\/uploads\/2026\/05\/cropped-logo.gif","contentUrl":"https:\/\/abc-latina.com\/wp-content\/uploads\/2026\/05\/cropped-logo.gif","width":89,"height":84,"caption":"Abc-latina"},"image":{"@id":"https:\/\/abc-latina.com\/#\/schema\/logo\/image\/"}}]}},"_links":{"self":[{"href":"https:\/\/abc-latina.com\/wp-json\/wp\/v2\/pages\/2826","targetHints":{"allow":["GET"]}}],"collection":[{"href":"https:\/\/abc-latina.com\/wp-json\/wp\/v2\/pages"}],"about":[{"href":"https:\/\/abc-latina.com\/wp-json\/wp\/v2\/types\/page"}],"author":[{"embeddable":true,"href":"https:\/\/abc-latina.com\/wp-json\/wp\/v2\/users\/3"}],"replies":[{"embeddable":true,"href":"https:\/\/abc-latina.com\/wp-json\/wp\/v2\/comments?post=2826"}],"version-history":[{"count":0,"href":"https:\/\/abc-latina.com\/wp-json\/wp\/v2\/pages\/2826\/revisions"}],"up":[{"embeddable":true,"href":"https:\/\/abc-latina.com\/wp-json\/wp\/v2\/pages\/2118"}],"wp:attachment":[{"href":"https:\/\/abc-latina.com\/wp-json\/wp\/v2\/media?parent=2826"}],"curies":[{"name":"wp","href":"https:\/\/api.w.org\/{rel}","templated":true}]}}