{"id":2840,"date":"2011-10-31T22:06:04","date_gmt":"2011-10-31T21:06:04","guid":{"rendered":"http:\/\/abc-latina.com\/gold-cup-concacaf-php\/"},"modified":"2026-04-30T18:25:27","modified_gmt":"2026-04-30T16:25:27","slug":"gold-cup-concacaf","status":"publish","type":"page","link":"https:\/\/abc-latina.com\/index\/gold-cup-concacaf\/","title":{"rendered":"La GOLD CUP (CONCACAF)"},"content":{"rendered":"<p>&nbsp;La Gold Cup est une comp\u00e9tition de football organis\u00e9e par la CONCACAF depuis 1991.<\/p>\n<div>&nbsp;<\/div>\n<div>Certaines s\u00e9lections nationales (\u00c9tats-Unis, Mexique et Canada) sont qualifi\u00e9es d&rsquo;office pour la phase finale de l&rsquo;\u00e9preuve, tandis que les formations d&rsquo;Am\u00e9rique centrale et des Antilles doivent passer par des phases de qualification. Cette phase de qualification correspond maintenant \u00e0 la Coupe UNCAF des Nations en Am\u00e9rique centrale, et \u00e0 la coupe de la Cara\u00efbe dans les Antilles.<\/div>\n<div>&nbsp;<\/div>\n<div>Cette comp\u00e9tition continentale offre \u00e9galement des invitations \u00e0 des \u00e9quipes d&rsquo;autres conf\u00e9d\u00e9rations, ce qui explique la pr\u00e9sence de la Colombie et du Br\u00e9sil dans certaines finales. En 2005 par exemple, les invit\u00e9s furent l&rsquo;Afrique du Sud et la Colombie.<\/div>\n<div>&nbsp;<\/div>\n<div><span class=\"tsource\">Wikip\u00e9dia<\/span><\/div>\n<div>&nbsp;<\/div>\n<div><strong>Palmar\u00e8s de la Gold Cup<\/strong><\/div>\n<div>1991 <strong>\u00c9tats-Unis<\/strong> &#8211; Honduras 0 &#8211; 0 (4-3 tab)<\/div>\n<div>1993 <strong>Mexique<\/strong> &#8211; \u00c9tats-Unis 4 &#8211; 0&nbsp;<\/div>\n<div>1996 <strong>Mexique<\/strong> &#8211; Br\u00e9sil 2 &#8211; 0&nbsp;<\/div>\n<div>1998 <strong>Mexique<\/strong> &#8211; \u00c9tats-Unis 1 &#8211; 0&nbsp;<\/div>\n<div>2000 <strong>Canada <\/strong>&#8211; Colombie 2 &#8211; 0&nbsp;<\/div>\n<div>2002 <strong>\u00c9tats-Unis<\/strong> &#8211; Costa Rica 2 &#8211; 0&nbsp;<\/div>\n<div>2003 <strong>Mexique <\/strong>&#8211; Br\u00e9sil 1 &#8211; 0&nbsp;<\/div>\n<div>2005 <strong>\u00c9tats-Unis<\/strong> &#8211; Panam\u00e1 0 &#8211; 0 (3-1 tab)&nbsp;<\/div>\n<div>2007 <strong>\u00c9tats-Unis<\/strong> &#8211; Mexique 2 &#8211; 1&nbsp;<\/div>\n","protected":false},"excerpt":{"rendered":"<p>&nbsp;La Gold Cup est une comp\u00e9tition de football organis\u00e9e par la CONCACAF depuis 1991. &nbsp; Certaines s\u00e9lections nationales (\u00c9tats-Unis, Mexique [&hellip;]<\/p>\n","protected":false},"author":3,"featured_media":0,"parent":2786,"menu_order":0,"comment_status":"closed","ping_status":"closed","template":"","meta":{"site-sidebar-layout":"default","site-content-layout":"","ast-site-content-layout":"default","site-content-style":"default","site-sidebar-style":"default","ast-global-header-display":"","ast-banner-title-visibility":"","ast-main-header-display":"","ast-hfb-above-header-display":"","ast-hfb-below-header-display":"","ast-hfb-mobile-header-display":"","site-post-title":"","ast-breadcrumbs-content":"","ast-featured-img":"","footer-sml-layout":"","ast-disable-related-posts":"","theme-transparent-header-meta":"","adv-header-id-meta":"","stick-header-meta":"","header-above-stick-meta":"","header-main-stick-meta":"","header-below-stick-meta":"","astra-migrate-meta-layouts":"default","ast-page-background-enabled":"default","ast-page-background-meta":{"desktop":{"background-color":"var(--ast-global-color-5)","background-image":"","background-repeat":"repeat","background-position":"center center","background-size":"auto","background-attachment":"scroll","background-type":"","background-media":"","overlay-type":"","overlay-color":"","overlay-opacity":"","overlay-gradient":""},"tablet":{"background-color":"","background-image":"","background-repeat":"repeat","background-position":"center center","background-size":"auto","background-attachment":"scroll","background-type":"","background-media":"","overlay-type":"","overlay-color":"","overlay-opacity":"","overlay-gradient":""},"mobile":{"background-color":"","background-image":"","background-repeat":"repeat","background-position":"center center","background-size":"auto","background-attachment":"scroll","background-type":"","background-media":"","overlay-type":"","overlay-color":"","overlay-opacity":"","overlay-gradient":""}},"ast-content-background-meta":{"desktop":{"background-color":"var(--ast-global-color-4)","background-image":"","background-repeat":"repeat","background-position":"center center","background-size":"auto","background-attachment":"scroll","background-type":"","background-media":"","overlay-type":"","overlay-color":"","overlay-opacity":"","overlay-gradient":""},"tablet":{"background-color":"var(--ast-global-color-4)","background-image":"","background-repeat":"repeat","background-position":"center center","background-size":"auto","background-attachment":"scroll","background-type":"","background-media":"","overlay-type":"","overlay-color":"","overlay-opacity":"","overlay-gradient":""},"mobile":{"background-color":"var(--ast-global-color-4)","background-image":"","background-repeat":"repeat","background-position":"center center","background-size":"auto","background-attachment":"scroll","background-type":"","background-media":"","overlay-type":"","overlay-color":"","overlay-opacity":"","overlay-gradient":""}},"footnotes":""},"class_list":["post-2840","page","type-page","status-publish","hentry"],"yoast_head":"<!-- This site is optimized with the Yoast SEO plugin v27.5 - https:\/\/yoast.com\/product\/yoast-seo-wordpress\/ -->\n<title>La GOLD CUP (CONCACAF) - Abc-latina<\/title>\n<meta name=\"description\" content=\"La Gold Cup.\" \/>\n<meta name=\"robots\" content=\"index, follow, max-snippet:-1, max-image-preview:large, max-video-preview:-1\" \/>\n<link rel=\"canonical\" href=\"https:\/\/abc-latina.com\/index\/gold-cup-concacaf\/\" \/>\n<meta property=\"og:locale\" content=\"fr_FR\" \/>\n<meta property=\"og:type\" content=\"article\" \/>\n<meta property=\"og:title\" content=\"La GOLD CUP (CONCACAF) - Abc-latina\" \/>\n<meta property=\"og:description\" content=\"La Gold Cup.\" \/>\n<meta property=\"og:url\" content=\"https:\/\/abc-latina.com\/index\/gold-cup-concacaf\/\" \/>\n<meta property=\"og:site_name\" content=\"Abc-latina\" \/>\n<meta property=\"article:modified_time\" content=\"2026-04-30T16:25:27+00:00\" \/>\n<meta name=\"twitter:card\" content=\"summary_large_image\" \/>\n<meta name=\"twitter:label1\" content=\"Dur\u00e9e de lecture estim\u00e9e\" \/>\n\t<meta name=\"twitter:data1\" content=\"1 minute\" \/>\n<script type=\"application\/ld+json\" class=\"yoast-schema-graph\">{\"@context\":\"https:\\\/\\\/schema.org\",\"@graph\":[{\"@type\":\"WebPage\",\"@id\":\"https:\\\/\\\/abc-latina.com\\\/index\\\/gold-cup-concacaf\\\/\",\"url\":\"https:\\\/\\\/abc-latina.com\\\/index\\\/gold-cup-concacaf\\\/\",\"name\":\"La GOLD CUP (CONCACAF) - Abc-latina\",\"isPartOf\":{\"@id\":\"https:\\\/\\\/abc-latina.com\\\/#website\"},\"datePublished\":\"2011-10-31T21:06:04+00:00\",\"dateModified\":\"2026-04-30T16:25:27+00:00\",\"description\":\"La Gold Cup.\",\"breadcrumb\":{\"@id\":\"https:\\\/\\\/abc-latina.com\\\/index\\\/gold-cup-concacaf\\\/#breadcrumb\"},\"inLanguage\":\"fr-FR\",\"potentialAction\":[{\"@type\":\"ReadAction\",\"target\":[\"https:\\\/\\\/abc-latina.com\\\/index\\\/gold-cup-concacaf\\\/\"]}]},{\"@type\":\"BreadcrumbList\",\"@id\":\"https:\\\/\\\/abc-latina.com\\\/index\\\/gold-cup-concacaf\\\/#breadcrumb\",\"itemListElement\":[{\"@type\":\"ListItem\",\"position\":1,\"name\":\"Accueil\",\"item\":\"https:\\\/\\\/abc-latina.com\\\/\"},{\"@type\":\"ListItem\",\"position\":2,\"name\":\"La GOLD CUP (CONCACAF)\"}]},{\"@type\":\"WebSite\",\"@id\":\"https:\\\/\\\/abc-latina.com\\\/#website\",\"url\":\"https:\\\/\\\/abc-latina.com\\\/\",\"name\":\"Abc-latina\",\"description\":\"\",\"publisher\":{\"@id\":\"https:\\\/\\\/abc-latina.com\\\/#organization\"},\"potentialAction\":[{\"@type\":\"SearchAction\",\"target\":{\"@type\":\"EntryPoint\",\"urlTemplate\":\"https:\\\/\\\/abc-latina.com\\\/?s={search_term_string}\"},\"query-input\":{\"@type\":\"PropertyValueSpecification\",\"valueRequired\":true,\"valueName\":\"search_term_string\"}}],\"inLanguage\":\"fr-FR\"},{\"@type\":\"Organization\",\"@id\":\"https:\\\/\\\/abc-latina.com\\\/#organization\",\"name\":\"Abc-latina\",\"url\":\"https:\\\/\\\/abc-latina.com\\\/\",\"logo\":{\"@type\":\"ImageObject\",\"inLanguage\":\"fr-FR\",\"@id\":\"https:\\\/\\\/abc-latina.com\\\/#\\\/schema\\\/logo\\\/image\\\/\",\"url\":\"https:\\\/\\\/abc-latina.com\\\/wp-content\\\/uploads\\\/2026\\\/05\\\/cropped-logo.gif\",\"contentUrl\":\"https:\\\/\\\/abc-latina.com\\\/wp-content\\\/uploads\\\/2026\\\/05\\\/cropped-logo.gif\",\"width\":89,\"height\":84,\"caption\":\"Abc-latina\"},\"image\":{\"@id\":\"https:\\\/\\\/abc-latina.com\\\/#\\\/schema\\\/logo\\\/image\\\/\"}}]}<\/script>\n<!-- \/ Yoast SEO plugin. -->","yoast_head_json":{"title":"La GOLD CUP (CONCACAF) - Abc-latina","description":"La Gold Cup.","robots":{"index":"index","follow":"follow","max-snippet":"max-snippet:-1","max-image-preview":"max-image-preview:large","max-video-preview":"max-video-preview:-1"},"canonical":"https:\/\/abc-latina.com\/index\/gold-cup-concacaf\/","og_locale":"fr_FR","og_type":"article","og_title":"La GOLD CUP (CONCACAF) - Abc-latina","og_description":"La Gold Cup.","og_url":"https:\/\/abc-latina.com\/index\/gold-cup-concacaf\/","og_site_name":"Abc-latina","article_modified_time":"2026-04-30T16:25:27+00:00","twitter_card":"summary_large_image","twitter_misc":{"Dur\u00e9e de lecture estim\u00e9e":"1 minute"},"schema":{"@context":"https:\/\/schema.org","@graph":[{"@type":"WebPage","@id":"https:\/\/abc-latina.com\/index\/gold-cup-concacaf\/","url":"https:\/\/abc-latina.com\/index\/gold-cup-concacaf\/","name":"La GOLD CUP (CONCACAF) - Abc-latina","isPartOf":{"@id":"https:\/\/abc-latina.com\/#website"},"datePublished":"2011-10-31T21:06:04+00:00","dateModified":"2026-04-30T16:25:27+00:00","description":"La Gold Cup.","breadcrumb":{"@id":"https:\/\/abc-latina.com\/index\/gold-cup-concacaf\/#breadcrumb"},"inLanguage":"fr-FR","potentialAction":[{"@type":"ReadAction","target":["https:\/\/abc-latina.com\/index\/gold-cup-concacaf\/"]}]},{"@type":"BreadcrumbList","@id":"https:\/\/abc-latina.com\/index\/gold-cup-concacaf\/#breadcrumb","itemListElement":[{"@type":"ListItem","position":1,"name":"Accueil","item":"https:\/\/abc-latina.com\/"},{"@type":"ListItem","position":2,"name":"La GOLD CUP (CONCACAF)"}]},{"@type":"WebSite","@id":"https:\/\/abc-latina.com\/#website","url":"https:\/\/abc-latina.com\/","name":"Abc-latina","description":"","publisher":{"@id":"https:\/\/abc-latina.com\/#organization"},"potentialAction":[{"@type":"SearchAction","target":{"@type":"EntryPoint","urlTemplate":"https:\/\/abc-latina.com\/?s={search_term_string}"},"query-input":{"@type":"PropertyValueSpecification","valueRequired":true,"valueName":"search_term_string"}}],"inLanguage":"fr-FR"},{"@type":"Organization","@id":"https:\/\/abc-latina.com\/#organization","name":"Abc-latina","url":"https:\/\/abc-latina.com\/","logo":{"@type":"ImageObject","inLanguage":"fr-FR","@id":"https:\/\/abc-latina.com\/#\/schema\/logo\/image\/","url":"https:\/\/abc-latina.com\/wp-content\/uploads\/2026\/05\/cropped-logo.gif","contentUrl":"https:\/\/abc-latina.com\/wp-content\/uploads\/2026\/05\/cropped-logo.gif","width":89,"height":84,"caption":"Abc-latina"},"image":{"@id":"https:\/\/abc-latina.com\/#\/schema\/logo\/image\/"}}]}},"_links":{"self":[{"href":"https:\/\/abc-latina.com\/wp-json\/wp\/v2\/pages\/2840","targetHints":{"allow":["GET"]}}],"collection":[{"href":"https:\/\/abc-latina.com\/wp-json\/wp\/v2\/pages"}],"about":[{"href":"https:\/\/abc-latina.com\/wp-json\/wp\/v2\/types\/page"}],"author":[{"embeddable":true,"href":"https:\/\/abc-latina.com\/wp-json\/wp\/v2\/users\/3"}],"replies":[{"embeddable":true,"href":"https:\/\/abc-latina.com\/wp-json\/wp\/v2\/comments?post=2840"}],"version-history":[{"count":1,"href":"https:\/\/abc-latina.com\/wp-json\/wp\/v2\/pages\/2840\/revisions"}],"predecessor-version":[{"id":3955,"href":"https:\/\/abc-latina.com\/wp-json\/wp\/v2\/pages\/2840\/revisions\/3955"}],"up":[{"embeddable":true,"href":"https:\/\/abc-latina.com\/wp-json\/wp\/v2\/pages\/2786"}],"wp:attachment":[{"href":"https:\/\/abc-latina.com\/wp-json\/wp\/v2\/media?parent=2840"}],"curies":[{"name":"wp","href":"https:\/\/api.w.org\/{rel}","templated":true}]}}