{"id":2869,"date":"2013-05-26T04:05:28","date_gmt":"2013-05-26T02:05:28","guid":{"rendered":"http:\/\/abc-latina.com\/tourisme_equestre_en_amerique_latine\/"},"modified":"2026-04-30T18:24:43","modified_gmt":"2026-04-30T16:24:43","slug":"tourisme_equestre_en_amerique_latine","status":"publish","type":"page","link":"https:\/\/abc-latina.com\/amerique_latine\/tourisme_equestre_en_amerique_latine\/","title":{"rendered":"TOURISME EQUESTRE"},"content":{"rendered":"<p>&nbsp;Que vous ayez envie de suivre les traces des gauchos (les cow-boys d&rsquo;Argentine) ou, de partir \u00e0 la rencontre des grands espaces, la randonn\u00e9e \u00e0 cheval vous permettra de jouir de la beaut\u00e9 des paysages sans trop de fatigue, tout en couvrant pr\u00e8s de 30 km par jour. Vous pouvez prendre un centre \u00e9questre pour base et y revenir chaque soir mais les randonn\u00e9es vous feront le plus souvent dormir en route, sous la tente ou dans des ranches luxueux. De nombreux tour-operateurs acceptent les d\u00e9butants et les enfants.<\/p>\n<div>&nbsp;<\/div>\n<p>&nbsp;<\/p>\n<p><a href=\"http:\/\/www.cheval-daventure.com\/\" target=\"_blank\">www.cheval-daventure.com\/<\/a><\/p>\n","protected":false},"excerpt":{"rendered":"<p>&nbsp;Que vous ayez envie de suivre les traces des gauchos (les cow-boys d&rsquo;Argentine) ou, de partir \u00e0 la rencontre des [&hellip;]<\/p>\n","protected":false},"author":3,"featured_media":0,"parent":2506,"menu_order":0,"comment_status":"closed","ping_status":"closed","template":"","meta":{"site-sidebar-layout":"default","site-content-layout":"","ast-site-content-layout":"default","site-content-style":"default","site-sidebar-style":"default","ast-global-header-display":"","ast-banner-title-visibility":"","ast-main-header-display":"","ast-hfb-above-header-display":"","ast-hfb-below-header-display":"","ast-hfb-mobile-header-display":"","site-post-title":"","ast-breadcrumbs-content":"","ast-featured-img":"","footer-sml-layout":"","ast-disable-related-posts":"","theme-transparent-header-meta":"","adv-header-id-meta":"","stick-header-meta":"","header-above-stick-meta":"","header-main-stick-meta":"","header-below-stick-meta":"","astra-migrate-meta-layouts":"default","ast-page-background-enabled":"default","ast-page-background-meta":{"desktop":{"background-color":"var(--ast-global-color-5)","background-image":"","background-repeat":"repeat","background-position":"center center","background-size":"auto","background-attachment":"scroll","background-type":"","background-media":"","overlay-type":"","overlay-color":"","overlay-opacity":"","overlay-gradient":""},"tablet":{"background-color":"","background-image":"","background-repeat":"repeat","background-position":"center center","background-size":"auto","background-attachment":"scroll","background-type":"","background-media":"","overlay-type":"","overlay-color":"","overlay-opacity":"","overlay-gradient":""},"mobile":{"background-color":"","background-image":"","background-repeat":"repeat","background-position":"center center","background-size":"auto","background-attachment":"scroll","background-type":"","background-media":"","overlay-type":"","overlay-color":"","overlay-opacity":"","overlay-gradient":""}},"ast-content-background-meta":{"desktop":{"background-color":"var(--ast-global-color-4)","background-image":"","background-repeat":"repeat","background-position":"center center","background-size":"auto","background-attachment":"scroll","background-type":"","background-media":"","overlay-type":"","overlay-color":"","overlay-opacity":"","overlay-gradient":""},"tablet":{"background-color":"var(--ast-global-color-4)","background-image":"","background-repeat":"repeat","background-position":"center center","background-size":"auto","background-attachment":"scroll","background-type":"","background-media":"","overlay-type":"","overlay-color":"","overlay-opacity":"","overlay-gradient":""},"mobile":{"background-color":"var(--ast-global-color-4)","background-image":"","background-repeat":"repeat","background-position":"center center","background-size":"auto","background-attachment":"scroll","background-type":"","background-media":"","overlay-type":"","overlay-color":"","overlay-opacity":"","overlay-gradient":""}},"footnotes":""},"class_list":["post-2869","page","type-page","status-publish","hentry"],"yoast_head":"<!-- This site is optimized with the Yoast SEO plugin v27.5 - https:\/\/yoast.com\/product\/yoast-seo-wordpress\/ -->\n<title>TOURISME EQUESTRE - Abc-latina<\/title>\n<meta name=\"description\" content=\"Sur les traces des gauchos ou \u00e0 la rencontre des grands espaces, la randonn\u00e9e \u00e0 cheval vous permettra de jouir de la beaut\u00e9 des paysages d&#039;Am\u00e9rique latine\" \/>\n<meta name=\"robots\" content=\"index, follow, max-snippet:-1, max-image-preview:large, max-video-preview:-1\" \/>\n<link rel=\"canonical\" href=\"https:\/\/abc-latina.com\/amerique_latine\/tourisme_equestre_en_amerique_latine\/\" \/>\n<meta property=\"og:locale\" content=\"fr_FR\" \/>\n<meta property=\"og:type\" content=\"article\" \/>\n<meta property=\"og:title\" content=\"TOURISME EQUESTRE - Abc-latina\" \/>\n<meta property=\"og:description\" content=\"Sur les traces des gauchos ou \u00e0 la rencontre des grands espaces, la randonn\u00e9e \u00e0 cheval vous permettra de jouir de la beaut\u00e9 des paysages d&#039;Am\u00e9rique latine\" \/>\n<meta property=\"og:url\" content=\"https:\/\/abc-latina.com\/amerique_latine\/tourisme_equestre_en_amerique_latine\/\" \/>\n<meta property=\"og:site_name\" content=\"Abc-latina\" \/>\n<meta property=\"article:modified_time\" content=\"2026-04-30T16:24:43+00:00\" \/>\n<meta name=\"twitter:card\" content=\"summary_large_image\" \/>\n<script type=\"application\/ld+json\" class=\"yoast-schema-graph\">{\"@context\":\"https:\\\/\\\/schema.org\",\"@graph\":[{\"@type\":\"WebPage\",\"@id\":\"https:\\\/\\\/abc-latina.com\\\/amerique_latine\\\/tourisme_equestre_en_amerique_latine\\\/\",\"url\":\"https:\\\/\\\/abc-latina.com\\\/amerique_latine\\\/tourisme_equestre_en_amerique_latine\\\/\",\"name\":\"TOURISME EQUESTRE - Abc-latina\",\"isPartOf\":{\"@id\":\"https:\\\/\\\/abc-latina.com\\\/#website\"},\"datePublished\":\"2013-05-26T02:05:28+00:00\",\"dateModified\":\"2026-04-30T16:24:43+00:00\",\"description\":\"Sur les traces des gauchos ou \u00e0 la rencontre des grands espaces, la randonn\u00e9e \u00e0 cheval vous permettra de jouir de la beaut\u00e9 des paysages d'Am\u00e9rique latine\",\"breadcrumb\":{\"@id\":\"https:\\\/\\\/abc-latina.com\\\/amerique_latine\\\/tourisme_equestre_en_amerique_latine\\\/#breadcrumb\"},\"inLanguage\":\"fr-FR\",\"potentialAction\":[{\"@type\":\"ReadAction\",\"target\":[\"https:\\\/\\\/abc-latina.com\\\/amerique_latine\\\/tourisme_equestre_en_amerique_latine\\\/\"]}]},{\"@type\":\"BreadcrumbList\",\"@id\":\"https:\\\/\\\/abc-latina.com\\\/amerique_latine\\\/tourisme_equestre_en_amerique_latine\\\/#breadcrumb\",\"itemListElement\":[{\"@type\":\"ListItem\",\"position\":1,\"name\":\"Accueil\",\"item\":\"https:\\\/\\\/abc-latina.com\\\/\"},{\"@type\":\"ListItem\",\"position\":2,\"name\":\"TOURISME EQUESTRE\"}]},{\"@type\":\"WebSite\",\"@id\":\"https:\\\/\\\/abc-latina.com\\\/#website\",\"url\":\"https:\\\/\\\/abc-latina.com\\\/\",\"name\":\"Abc-latina\",\"description\":\"\",\"publisher\":{\"@id\":\"https:\\\/\\\/abc-latina.com\\\/#organization\"},\"potentialAction\":[{\"@type\":\"SearchAction\",\"target\":{\"@type\":\"EntryPoint\",\"urlTemplate\":\"https:\\\/\\\/abc-latina.com\\\/?s={search_term_string}\"},\"query-input\":{\"@type\":\"PropertyValueSpecification\",\"valueRequired\":true,\"valueName\":\"search_term_string\"}}],\"inLanguage\":\"fr-FR\"},{\"@type\":\"Organization\",\"@id\":\"https:\\\/\\\/abc-latina.com\\\/#organization\",\"name\":\"Abc-latina\",\"url\":\"https:\\\/\\\/abc-latina.com\\\/\",\"logo\":{\"@type\":\"ImageObject\",\"inLanguage\":\"fr-FR\",\"@id\":\"https:\\\/\\\/abc-latina.com\\\/#\\\/schema\\\/logo\\\/image\\\/\",\"url\":\"https:\\\/\\\/abc-latina.com\\\/wp-content\\\/uploads\\\/2026\\\/05\\\/cropped-logo.gif\",\"contentUrl\":\"https:\\\/\\\/abc-latina.com\\\/wp-content\\\/uploads\\\/2026\\\/05\\\/cropped-logo.gif\",\"width\":89,\"height\":84,\"caption\":\"Abc-latina\"},\"image\":{\"@id\":\"https:\\\/\\\/abc-latina.com\\\/#\\\/schema\\\/logo\\\/image\\\/\"}}]}<\/script>\n<!-- \/ Yoast SEO plugin. -->","yoast_head_json":{"title":"TOURISME EQUESTRE - Abc-latina","description":"Sur les traces des gauchos ou \u00e0 la rencontre des grands espaces, la randonn\u00e9e \u00e0 cheval vous permettra de jouir de la beaut\u00e9 des paysages d'Am\u00e9rique latine","robots":{"index":"index","follow":"follow","max-snippet":"max-snippet:-1","max-image-preview":"max-image-preview:large","max-video-preview":"max-video-preview:-1"},"canonical":"https:\/\/abc-latina.com\/amerique_latine\/tourisme_equestre_en_amerique_latine\/","og_locale":"fr_FR","og_type":"article","og_title":"TOURISME EQUESTRE - Abc-latina","og_description":"Sur les traces des gauchos ou \u00e0 la rencontre des grands espaces, la randonn\u00e9e \u00e0 cheval vous permettra de jouir de la beaut\u00e9 des paysages d'Am\u00e9rique latine","og_url":"https:\/\/abc-latina.com\/amerique_latine\/tourisme_equestre_en_amerique_latine\/","og_site_name":"Abc-latina","article_modified_time":"2026-04-30T16:24:43+00:00","twitter_card":"summary_large_image","schema":{"@context":"https:\/\/schema.org","@graph":[{"@type":"WebPage","@id":"https:\/\/abc-latina.com\/amerique_latine\/tourisme_equestre_en_amerique_latine\/","url":"https:\/\/abc-latina.com\/amerique_latine\/tourisme_equestre_en_amerique_latine\/","name":"TOURISME EQUESTRE - Abc-latina","isPartOf":{"@id":"https:\/\/abc-latina.com\/#website"},"datePublished":"2013-05-26T02:05:28+00:00","dateModified":"2026-04-30T16:24:43+00:00","description":"Sur les traces des gauchos ou \u00e0 la rencontre des grands espaces, la randonn\u00e9e \u00e0 cheval vous permettra de jouir de la beaut\u00e9 des paysages d'Am\u00e9rique latine","breadcrumb":{"@id":"https:\/\/abc-latina.com\/amerique_latine\/tourisme_equestre_en_amerique_latine\/#breadcrumb"},"inLanguage":"fr-FR","potentialAction":[{"@type":"ReadAction","target":["https:\/\/abc-latina.com\/amerique_latine\/tourisme_equestre_en_amerique_latine\/"]}]},{"@type":"BreadcrumbList","@id":"https:\/\/abc-latina.com\/amerique_latine\/tourisme_equestre_en_amerique_latine\/#breadcrumb","itemListElement":[{"@type":"ListItem","position":1,"name":"Accueil","item":"https:\/\/abc-latina.com\/"},{"@type":"ListItem","position":2,"name":"TOURISME EQUESTRE"}]},{"@type":"WebSite","@id":"https:\/\/abc-latina.com\/#website","url":"https:\/\/abc-latina.com\/","name":"Abc-latina","description":"","publisher":{"@id":"https:\/\/abc-latina.com\/#organization"},"potentialAction":[{"@type":"SearchAction","target":{"@type":"EntryPoint","urlTemplate":"https:\/\/abc-latina.com\/?s={search_term_string}"},"query-input":{"@type":"PropertyValueSpecification","valueRequired":true,"valueName":"search_term_string"}}],"inLanguage":"fr-FR"},{"@type":"Organization","@id":"https:\/\/abc-latina.com\/#organization","name":"Abc-latina","url":"https:\/\/abc-latina.com\/","logo":{"@type":"ImageObject","inLanguage":"fr-FR","@id":"https:\/\/abc-latina.com\/#\/schema\/logo\/image\/","url":"https:\/\/abc-latina.com\/wp-content\/uploads\/2026\/05\/cropped-logo.gif","contentUrl":"https:\/\/abc-latina.com\/wp-content\/uploads\/2026\/05\/cropped-logo.gif","width":89,"height":84,"caption":"Abc-latina"},"image":{"@id":"https:\/\/abc-latina.com\/#\/schema\/logo\/image\/"}}]}},"_links":{"self":[{"href":"https:\/\/abc-latina.com\/wp-json\/wp\/v2\/pages\/2869","targetHints":{"allow":["GET"]}}],"collection":[{"href":"https:\/\/abc-latina.com\/wp-json\/wp\/v2\/pages"}],"about":[{"href":"https:\/\/abc-latina.com\/wp-json\/wp\/v2\/types\/page"}],"author":[{"embeddable":true,"href":"https:\/\/abc-latina.com\/wp-json\/wp\/v2\/users\/3"}],"replies":[{"embeddable":true,"href":"https:\/\/abc-latina.com\/wp-json\/wp\/v2\/comments?post=2869"}],"version-history":[{"count":1,"href":"https:\/\/abc-latina.com\/wp-json\/wp\/v2\/pages\/2869\/revisions"}],"predecessor-version":[{"id":3021,"href":"https:\/\/abc-latina.com\/wp-json\/wp\/v2\/pages\/2869\/revisions\/3021"}],"up":[{"embeddable":true,"href":"https:\/\/abc-latina.com\/wp-json\/wp\/v2\/pages\/2506"}],"wp:attachment":[{"href":"https:\/\/abc-latina.com\/wp-json\/wp\/v2\/media?parent=2869"}],"curies":[{"name":"wp","href":"https:\/\/api.w.org\/{rel}","templated":true}]}}