{"id":2872,"date":"2013-06-12T23:54:31","date_gmt":"2013-06-12T21:54:31","guid":{"rendered":"http:\/\/abc-latina.com\/apprendre-a-danser-a-cuba\/"},"modified":"2026-04-30T18:25:01","modified_gmt":"2026-04-30T16:25:01","slug":"apprendre-a-danser-a-cuba","status":"publish","type":"page","link":"https:\/\/abc-latina.com\/cuba\/apprendre-a-danser-a-cuba\/","title":{"rendered":"APPRENDRE A DANSER A CUBA"},"content":{"rendered":"<div><img loading=\"lazy\" decoding=\"async\" src=\"http:\/\/www.abc-latina.com\/musique\/images\/stage-danse.jpg\" alt=\"\" width=\"220\" vspace=\"9\" hspace=\"15\" height=\"220\" align=\"right\" \/>La musique est le mode d&rsquo;expression principal des cubains, une pratique qui f\u00e9d\u00e8re son peuple.<\/div>\n<div>\n<div>Elle ne s&rsquo;\u00e9coute pas, on la vit, et surtout on la danse \u00e0 tout moment de la journ\u00e9e, en toute occasion. La danse est l&rsquo;affaire de tous, femmes et hommes de tout \u00e2ge, de toutes conditions, de toutes origines.<\/div>\n<div>&nbsp;<\/div>\n<div>Les clich\u00e9s ont la vie dure, ainsi on pourrait facilement dire que les cubains ont le rythme dans la peau, et qu&rsquo;ils apprennent \u00e0 danser d\u00e8s qu&rsquo;ils apprennent \u00e0 marcher.&nbsp;<\/div>\n<div>Mais qu&rsquo;en est-il pour vous ? Qui n&rsquo;a pas eu la chance de tomber dans la marmite quand il \u00e9tait tout petit. La potion magique ne r\u00e9siderait elle pas dans un stage de danse \u00e0 Cuba ?&nbsp;<\/div>\n<div>&nbsp;<\/div>\n<div><span class=\"tourisme-unesco\">Oui mais o\u00f9 apprendre \u00e0 danser \u00e0 Cuba ?<\/span><\/div>\n<div>&nbsp;<\/div>\n<div>Salsa, cha cha, manbo, rumba et danse afro-cubaine sont les danses les plus enseign\u00e9s, sur un rythme de 2 ou 4 heures par jour.<\/div>\n<div>Une semaine peut parfois suffire, &nbsp;si vous vous d\u00e9cidez pour un stage intensif, comptez 15 jours. Sachez aussi que les acad\u00e9mies ouvrent aussi leurs portes pour des p\u00e9riodes beaucoup plus longues, jusqu&rsquo;\u00e0 une ann\u00e9e.<\/div>\n<div>&nbsp;<\/div>\n<div><span class=\"tourisme-unesco\">O\u00f9 ?<\/span><\/div>\n<div>&nbsp;<\/div>\n<div>La Havane vous ouvrira une gamme de choix plus cons\u00e9quente, mais selon vos int\u00e9r\u00eats touristiques et culturels vous trouverez de bonnes \u00e9coles presque partout sur l&rsquo;\u00eele.&nbsp;<\/div>\n<div>Si vous le pouvez, renseignez-vous sur le niveau de formation des professeurs. La Escuela Nacional de Arte (ENA) \u00e0 la Havane, par exemple, a bonne r\u00e9putation.<\/div>\n<div>&nbsp;<\/div>\n<div><span class=\"tourisme-unesco\">Comment faire ?<\/span><\/div>\n<div>&nbsp;<\/div>\n<div>Les agences de voyages offrent une prise en charge compl\u00e8te depuis votre lieu de r\u00e9sidence, elles combineront votre passion \u00e0 la d\u00e9couverte du pays.&nbsp;<\/div>\n<div>&nbsp;<\/div>\n<div>Les \u00e9coles de langues qui combinent l&rsquo;apprentissage de l&rsquo;espagnol et les techniques de danse pour tous niveaux, sont aussi une tr\u00e8s bonne alternative.<\/div>\n<div>Prendre directement contact avec une acad\u00e9mie de danse. La solution la plus \u00e9conomique, surtout si vous vous d\u00e9cidez &nbsp;pour un stage de plusieurs semaines.<\/div>\n<div>&nbsp;<\/div>\n<\/div>\n","protected":false},"excerpt":{"rendered":"<p>La musique est le mode d&rsquo;expression principal des cubains, une pratique qui f\u00e9d\u00e8re son peuple. Elle ne s&rsquo;\u00e9coute pas, on [&hellip;]<\/p>\n","protected":false},"author":3,"featured_media":0,"parent":2302,"menu_order":0,"comment_status":"closed","ping_status":"closed","template":"","meta":{"site-sidebar-layout":"default","site-content-layout":"","ast-site-content-layout":"default","site-content-style":"default","site-sidebar-style":"default","ast-global-header-display":"","ast-banner-title-visibility":"","ast-main-header-display":"","ast-hfb-above-header-display":"","ast-hfb-below-header-display":"","ast-hfb-mobile-header-display":"","site-post-title":"","ast-breadcrumbs-content":"","ast-featured-img":"","footer-sml-layout":"","ast-disable-related-posts":"","theme-transparent-header-meta":"","adv-header-id-meta":"","stick-header-meta":"","header-above-stick-meta":"","header-main-stick-meta":"","header-below-stick-meta":"","astra-migrate-meta-layouts":"default","ast-page-background-enabled":"default","ast-page-background-meta":{"desktop":{"background-color":"var(--ast-global-color-5)","background-image":"","background-repeat":"repeat","background-position":"center center","background-size":"auto","background-attachment":"scroll","background-type":"","background-media":"","overlay-type":"","overlay-color":"","overlay-opacity":"","overlay-gradient":""},"tablet":{"background-color":"","background-image":"","background-repeat":"repeat","background-position":"center center","background-size":"auto","background-attachment":"scroll","background-type":"","background-media":"","overlay-type":"","overlay-color":"","overlay-opacity":"","overlay-gradient":""},"mobile":{"background-color":"","background-image":"","background-repeat":"repeat","background-position":"center center","background-size":"auto","background-attachment":"scroll","background-type":"","background-media":"","overlay-type":"","overlay-color":"","overlay-opacity":"","overlay-gradient":""}},"ast-content-background-meta":{"desktop":{"background-color":"var(--ast-global-color-4)","background-image":"","background-repeat":"repeat","background-position":"center center","background-size":"auto","background-attachment":"scroll","background-type":"","background-media":"","overlay-type":"","overlay-color":"","overlay-opacity":"","overlay-gradient":""},"tablet":{"background-color":"var(--ast-global-color-4)","background-image":"","background-repeat":"repeat","background-position":"center center","background-size":"auto","background-attachment":"scroll","background-type":"","background-media":"","overlay-type":"","overlay-color":"","overlay-opacity":"","overlay-gradient":""},"mobile":{"background-color":"var(--ast-global-color-4)","background-image":"","background-repeat":"repeat","background-position":"center center","background-size":"auto","background-attachment":"scroll","background-type":"","background-media":"","overlay-type":"","overlay-color":"","overlay-opacity":"","overlay-gradient":""}},"footnotes":""},"class_list":["post-2872","page","type-page","status-publish","hentry"],"yoast_head":"<!-- This site is optimized with the Yoast SEO plugin v27.5 - https:\/\/yoast.com\/product\/yoast-seo-wordpress\/ -->\n<title>APPRENDRE A DANSER A CUBA - Abc-latina<\/title>\n<meta name=\"description\" content=\"O\u00f9 et comment prendre des cours de danse \u00e0 Cuba ? voici quelques informations utiles sur le sujet.\" \/>\n<meta name=\"robots\" content=\"index, follow, max-snippet:-1, max-image-preview:large, max-video-preview:-1\" \/>\n<link rel=\"canonical\" href=\"https:\/\/abc-latina.com\/cuba\/apprendre-a-danser-a-cuba\/\" \/>\n<meta property=\"og:locale\" content=\"fr_FR\" \/>\n<meta property=\"og:type\" content=\"article\" \/>\n<meta property=\"og:title\" content=\"APPRENDRE A DANSER A CUBA - Abc-latina\" \/>\n<meta property=\"og:description\" content=\"O\u00f9 et comment prendre des cours de danse \u00e0 Cuba ? voici quelques informations utiles sur le sujet.\" \/>\n<meta property=\"og:url\" content=\"https:\/\/abc-latina.com\/cuba\/apprendre-a-danser-a-cuba\/\" \/>\n<meta property=\"og:site_name\" content=\"Abc-latina\" \/>\n<meta property=\"article:modified_time\" content=\"2026-04-30T16:25:01+00:00\" \/>\n<meta property=\"og:image\" content=\"http:\/\/www.abc-latina.com\/musique\/images\/stage-danse.jpg\" \/>\n<meta name=\"twitter:card\" content=\"summary_large_image\" \/>\n<meta name=\"twitter:label1\" content=\"Dur\u00e9e de lecture estim\u00e9e\" \/>\n\t<meta name=\"twitter:data1\" content=\"2 minutes\" \/>\n<script type=\"application\/ld+json\" class=\"yoast-schema-graph\">{\"@context\":\"https:\\\/\\\/schema.org\",\"@graph\":[{\"@type\":\"WebPage\",\"@id\":\"https:\\\/\\\/abc-latina.com\\\/cuba\\\/apprendre-a-danser-a-cuba\\\/\",\"url\":\"https:\\\/\\\/abc-latina.com\\\/cuba\\\/apprendre-a-danser-a-cuba\\\/\",\"name\":\"APPRENDRE A DANSER A CUBA - Abc-latina\",\"isPartOf\":{\"@id\":\"https:\\\/\\\/abc-latina.com\\\/#website\"},\"primaryImageOfPage\":{\"@id\":\"https:\\\/\\\/abc-latina.com\\\/cuba\\\/apprendre-a-danser-a-cuba\\\/#primaryimage\"},\"image\":{\"@id\":\"https:\\\/\\\/abc-latina.com\\\/cuba\\\/apprendre-a-danser-a-cuba\\\/#primaryimage\"},\"thumbnailUrl\":\"http:\\\/\\\/www.abc-latina.com\\\/musique\\\/images\\\/stage-danse.jpg\",\"datePublished\":\"2013-06-12T21:54:31+00:00\",\"dateModified\":\"2026-04-30T16:25:01+00:00\",\"description\":\"O\u00f9 et comment prendre des cours de danse \u00e0 Cuba ? voici quelques informations utiles sur le sujet.\",\"breadcrumb\":{\"@id\":\"https:\\\/\\\/abc-latina.com\\\/cuba\\\/apprendre-a-danser-a-cuba\\\/#breadcrumb\"},\"inLanguage\":\"fr-FR\",\"potentialAction\":[{\"@type\":\"ReadAction\",\"target\":[\"https:\\\/\\\/abc-latina.com\\\/cuba\\\/apprendre-a-danser-a-cuba\\\/\"]}]},{\"@type\":\"ImageObject\",\"inLanguage\":\"fr-FR\",\"@id\":\"https:\\\/\\\/abc-latina.com\\\/cuba\\\/apprendre-a-danser-a-cuba\\\/#primaryimage\",\"url\":\"http:\\\/\\\/www.abc-latina.com\\\/musique\\\/images\\\/stage-danse.jpg\",\"contentUrl\":\"http:\\\/\\\/www.abc-latina.com\\\/musique\\\/images\\\/stage-danse.jpg\"},{\"@type\":\"BreadcrumbList\",\"@id\":\"https:\\\/\\\/abc-latina.com\\\/cuba\\\/apprendre-a-danser-a-cuba\\\/#breadcrumb\",\"itemListElement\":[{\"@type\":\"ListItem\",\"position\":1,\"name\":\"Accueil\",\"item\":\"https:\\\/\\\/abc-latina.com\\\/\"},{\"@type\":\"ListItem\",\"position\":2,\"name\":\"APPRENDRE A DANSER A CUBA\"}]},{\"@type\":\"WebSite\",\"@id\":\"https:\\\/\\\/abc-latina.com\\\/#website\",\"url\":\"https:\\\/\\\/abc-latina.com\\\/\",\"name\":\"Abc-latina\",\"description\":\"\",\"publisher\":{\"@id\":\"https:\\\/\\\/abc-latina.com\\\/#organization\"},\"potentialAction\":[{\"@type\":\"SearchAction\",\"target\":{\"@type\":\"EntryPoint\",\"urlTemplate\":\"https:\\\/\\\/abc-latina.com\\\/?s={search_term_string}\"},\"query-input\":{\"@type\":\"PropertyValueSpecification\",\"valueRequired\":true,\"valueName\":\"search_term_string\"}}],\"inLanguage\":\"fr-FR\"},{\"@type\":\"Organization\",\"@id\":\"https:\\\/\\\/abc-latina.com\\\/#organization\",\"name\":\"Abc-latina\",\"url\":\"https:\\\/\\\/abc-latina.com\\\/\",\"logo\":{\"@type\":\"ImageObject\",\"inLanguage\":\"fr-FR\",\"@id\":\"https:\\\/\\\/abc-latina.com\\\/#\\\/schema\\\/logo\\\/image\\\/\",\"url\":\"https:\\\/\\\/abc-latina.com\\\/wp-content\\\/uploads\\\/2026\\\/05\\\/cropped-logo.gif\",\"contentUrl\":\"https:\\\/\\\/abc-latina.com\\\/wp-content\\\/uploads\\\/2026\\\/05\\\/cropped-logo.gif\",\"width\":89,\"height\":84,\"caption\":\"Abc-latina\"},\"image\":{\"@id\":\"https:\\\/\\\/abc-latina.com\\\/#\\\/schema\\\/logo\\\/image\\\/\"}}]}<\/script>\n<!-- \/ Yoast SEO plugin. -->","yoast_head_json":{"title":"APPRENDRE A DANSER A CUBA - Abc-latina","description":"O\u00f9 et comment prendre des cours de danse \u00e0 Cuba ? voici quelques informations utiles sur le sujet.","robots":{"index":"index","follow":"follow","max-snippet":"max-snippet:-1","max-image-preview":"max-image-preview:large","max-video-preview":"max-video-preview:-1"},"canonical":"https:\/\/abc-latina.com\/cuba\/apprendre-a-danser-a-cuba\/","og_locale":"fr_FR","og_type":"article","og_title":"APPRENDRE A DANSER A CUBA - Abc-latina","og_description":"O\u00f9 et comment prendre des cours de danse \u00e0 Cuba ? voici quelques informations utiles sur le sujet.","og_url":"https:\/\/abc-latina.com\/cuba\/apprendre-a-danser-a-cuba\/","og_site_name":"Abc-latina","article_modified_time":"2026-04-30T16:25:01+00:00","og_image":[{"url":"http:\/\/www.abc-latina.com\/musique\/images\/stage-danse.jpg","type":"","width":"","height":""}],"twitter_card":"summary_large_image","twitter_misc":{"Dur\u00e9e de lecture estim\u00e9e":"2 minutes"},"schema":{"@context":"https:\/\/schema.org","@graph":[{"@type":"WebPage","@id":"https:\/\/abc-latina.com\/cuba\/apprendre-a-danser-a-cuba\/","url":"https:\/\/abc-latina.com\/cuba\/apprendre-a-danser-a-cuba\/","name":"APPRENDRE A DANSER A CUBA - Abc-latina","isPartOf":{"@id":"https:\/\/abc-latina.com\/#website"},"primaryImageOfPage":{"@id":"https:\/\/abc-latina.com\/cuba\/apprendre-a-danser-a-cuba\/#primaryimage"},"image":{"@id":"https:\/\/abc-latina.com\/cuba\/apprendre-a-danser-a-cuba\/#primaryimage"},"thumbnailUrl":"http:\/\/www.abc-latina.com\/musique\/images\/stage-danse.jpg","datePublished":"2013-06-12T21:54:31+00:00","dateModified":"2026-04-30T16:25:01+00:00","description":"O\u00f9 et comment prendre des cours de danse \u00e0 Cuba ? voici quelques informations utiles sur le sujet.","breadcrumb":{"@id":"https:\/\/abc-latina.com\/cuba\/apprendre-a-danser-a-cuba\/#breadcrumb"},"inLanguage":"fr-FR","potentialAction":[{"@type":"ReadAction","target":["https:\/\/abc-latina.com\/cuba\/apprendre-a-danser-a-cuba\/"]}]},{"@type":"ImageObject","inLanguage":"fr-FR","@id":"https:\/\/abc-latina.com\/cuba\/apprendre-a-danser-a-cuba\/#primaryimage","url":"http:\/\/www.abc-latina.com\/musique\/images\/stage-danse.jpg","contentUrl":"http:\/\/www.abc-latina.com\/musique\/images\/stage-danse.jpg"},{"@type":"BreadcrumbList","@id":"https:\/\/abc-latina.com\/cuba\/apprendre-a-danser-a-cuba\/#breadcrumb","itemListElement":[{"@type":"ListItem","position":1,"name":"Accueil","item":"https:\/\/abc-latina.com\/"},{"@type":"ListItem","position":2,"name":"APPRENDRE A DANSER A CUBA"}]},{"@type":"WebSite","@id":"https:\/\/abc-latina.com\/#website","url":"https:\/\/abc-latina.com\/","name":"Abc-latina","description":"","publisher":{"@id":"https:\/\/abc-latina.com\/#organization"},"potentialAction":[{"@type":"SearchAction","target":{"@type":"EntryPoint","urlTemplate":"https:\/\/abc-latina.com\/?s={search_term_string}"},"query-input":{"@type":"PropertyValueSpecification","valueRequired":true,"valueName":"search_term_string"}}],"inLanguage":"fr-FR"},{"@type":"Organization","@id":"https:\/\/abc-latina.com\/#organization","name":"Abc-latina","url":"https:\/\/abc-latina.com\/","logo":{"@type":"ImageObject","inLanguage":"fr-FR","@id":"https:\/\/abc-latina.com\/#\/schema\/logo\/image\/","url":"https:\/\/abc-latina.com\/wp-content\/uploads\/2026\/05\/cropped-logo.gif","contentUrl":"https:\/\/abc-latina.com\/wp-content\/uploads\/2026\/05\/cropped-logo.gif","width":89,"height":84,"caption":"Abc-latina"},"image":{"@id":"https:\/\/abc-latina.com\/#\/schema\/logo\/image\/"}}]}},"_links":{"self":[{"href":"https:\/\/abc-latina.com\/wp-json\/wp\/v2\/pages\/2872","targetHints":{"allow":["GET"]}}],"collection":[{"href":"https:\/\/abc-latina.com\/wp-json\/wp\/v2\/pages"}],"about":[{"href":"https:\/\/abc-latina.com\/wp-json\/wp\/v2\/types\/page"}],"author":[{"embeddable":true,"href":"https:\/\/abc-latina.com\/wp-json\/wp\/v2\/users\/3"}],"replies":[{"embeddable":true,"href":"https:\/\/abc-latina.com\/wp-json\/wp\/v2\/comments?post=2872"}],"version-history":[{"count":1,"href":"https:\/\/abc-latina.com\/wp-json\/wp\/v2\/pages\/2872\/revisions"}],"predecessor-version":[{"id":3400,"href":"https:\/\/abc-latina.com\/wp-json\/wp\/v2\/pages\/2872\/revisions\/3400"}],"up":[{"embeddable":true,"href":"https:\/\/abc-latina.com\/wp-json\/wp\/v2\/pages\/2302"}],"wp:attachment":[{"href":"https:\/\/abc-latina.com\/wp-json\/wp\/v2\/media?parent=2872"}],"curies":[{"name":"wp","href":"https:\/\/api.w.org\/{rel}","templated":true}]}}