{"id":2885,"date":"2016-05-05T05:40:26","date_gmt":"2016-05-05T03:40:26","guid":{"rendered":"http:\/\/abc-latina.com\/autotour-cuba\/"},"modified":"2026-04-30T18:25:01","modified_gmt":"2026-04-30T16:25:01","slug":"autotour-cuba","status":"publish","type":"page","link":"https:\/\/abc-latina.com\/cuba\/autotour-cuba\/","title":{"rendered":"Les AUTOTOURS \u00e0 CUBA"},"content":{"rendered":"<h3>Cuba : &laquo; Les autotours \u00e0 Cuba ont le vent en poupe &raquo;<\/h3>\n<p>&nbsp;<\/p>\n<p>Avec 3,5 millions de touristes internationaux et une progression de 17%, l&rsquo;\u00eele de Cuba est une destination \u00e0 la mode et en pleine explosion touristique. L&rsquo;un des meilleurs moyens pour explorer les tr\u00e9sors de l&rsquo;\u00eele est l&rsquo;autotour. D\u00e8s l&rsquo;arriv\u00e9e \u00e0 La Havane, vous pouvez louer un v\u00e9hicule et rouler de part et d&rsquo;autre de l&rsquo;\u00eele, et ainsi vous immergez dans la culture locale gr\u00e2ce \u00e0 cette formule 100 % libert\u00e9.<br \/>De l&rsquo;architecture coloniale des centres villes de <a target=\"_blank\" href=\"http:\/\/www.altiplano-voyage.com\/voyage-cuba\/sites-a-visiter-cuba\/visiter-la-havane\/tous-les-sites\/?reference=abclatina\">La Havane<\/a>, jusqu&rsquo;aux paysages karstiques de la <a target=\"_blank\" href=\"http:\/\/www.altiplano-voyage.com\/voyage-cuba\/sites-a-visiter-cuba\/visiter-vinales-et-environs\/tous-les-sites\/?reference=abclatina\">vall\u00e9e de Vi\u00f1ales<\/a>, en passant par les plages de la fameuse <a target=\"_blank\" href=\"http:\/\/www.altiplano-voyage.com\/voyage-cuba\/sites-a-visiter-cuba\/visiter-playa-larga\/tous-les-sites\/\">Baies des Cochons<\/a>, Cuba offre un spectacle saisissant.<\/p>\n<p style=\"text-align: center;\">\n<p>&nbsp;<img loading=\"lazy\" decoding=\"async\" class=\" size-full wp-image-2301\" alt=\"\" src=\"http:\/\/abc-latina.com\/wp-content\/uploads\/2010\/10\/voitures-cuba.jpg\" width=\"460\" height=\"307\" srcset=\"https:\/\/abc-latina.com\/wp-content\/uploads\/2010\/10\/voitures-cuba.jpg 460w, https:\/\/abc-latina.com\/wp-content\/uploads\/2010\/10\/voitures-cuba-300x200.jpg 300w\" sizes=\"auto, (max-width: 460px) 100vw, 460px\" \/><\/p>\n","protected":false},"excerpt":{"rendered":"<p>Cuba : &laquo; Les autotours \u00e0 Cuba ont le vent en poupe &raquo; &nbsp; Avec 3,5 millions de touristes internationaux [&hellip;]<\/p>\n","protected":false},"author":3,"featured_media":2301,"parent":2302,"menu_order":0,"comment_status":"closed","ping_status":"closed","template":"","meta":{"site-sidebar-layout":"default","site-content-layout":"","ast-site-content-layout":"default","site-content-style":"default","site-sidebar-style":"default","ast-global-header-display":"","ast-banner-title-visibility":"","ast-main-header-display":"","ast-hfb-above-header-display":"","ast-hfb-below-header-display":"","ast-hfb-mobile-header-display":"","site-post-title":"","ast-breadcrumbs-content":"","ast-featured-img":"","footer-sml-layout":"","ast-disable-related-posts":"","theme-transparent-header-meta":"","adv-header-id-meta":"","stick-header-meta":"","header-above-stick-meta":"","header-main-stick-meta":"","header-below-stick-meta":"","astra-migrate-meta-layouts":"default","ast-page-background-enabled":"default","ast-page-background-meta":{"desktop":{"background-color":"var(--ast-global-color-5)","background-image":"","background-repeat":"repeat","background-position":"center center","background-size":"auto","background-attachment":"scroll","background-type":"","background-media":"","overlay-type":"","overlay-color":"","overlay-opacity":"","overlay-gradient":""},"tablet":{"background-color":"","background-image":"","background-repeat":"repeat","background-position":"center center","background-size":"auto","background-attachment":"scroll","background-type":"","background-media":"","overlay-type":"","overlay-color":"","overlay-opacity":"","overlay-gradient":""},"mobile":{"background-color":"","background-image":"","background-repeat":"repeat","background-position":"center center","background-size":"auto","background-attachment":"scroll","background-type":"","background-media":"","overlay-type":"","overlay-color":"","overlay-opacity":"","overlay-gradient":""}},"ast-content-background-meta":{"desktop":{"background-color":"var(--ast-global-color-4)","background-image":"","background-repeat":"repeat","background-position":"center center","background-size":"auto","background-attachment":"scroll","background-type":"","background-media":"","overlay-type":"","overlay-color":"","overlay-opacity":"","overlay-gradient":""},"tablet":{"background-color":"var(--ast-global-color-4)","background-image":"","background-repeat":"repeat","background-position":"center center","background-size":"auto","background-attachment":"scroll","background-type":"","background-media":"","overlay-type":"","overlay-color":"","overlay-opacity":"","overlay-gradient":""},"mobile":{"background-color":"var(--ast-global-color-4)","background-image":"","background-repeat":"repeat","background-position":"center center","background-size":"auto","background-attachment":"scroll","background-type":"","background-media":"","overlay-type":"","overlay-color":"","overlay-opacity":"","overlay-gradient":""}},"footnotes":""},"class_list":["post-2885","page","type-page","status-publish","has-post-thumbnail","hentry"],"yoast_head":"<!-- This site is optimized with the Yoast SEO plugin v27.5 - https:\/\/yoast.com\/product\/yoast-seo-wordpress\/ -->\n<title>Les AUTOTOURS \u00e0 CUBA - Abc-latina<\/title>\n<meta name=\"description\" content=\"Tourisme \u00e0 Cuba, Les autotours \u00e0 Cuba ont le vent en poupe.\" \/>\n<meta name=\"robots\" content=\"index, follow, max-snippet:-1, max-image-preview:large, max-video-preview:-1\" \/>\n<link rel=\"canonical\" href=\"https:\/\/abc-latina.com\/cuba\/autotour-cuba\/\" \/>\n<meta property=\"og:locale\" content=\"fr_FR\" \/>\n<meta property=\"og:type\" content=\"article\" \/>\n<meta property=\"og:title\" content=\"Les AUTOTOURS \u00e0 CUBA - Abc-latina\" \/>\n<meta property=\"og:description\" content=\"Tourisme \u00e0 Cuba, Les autotours \u00e0 Cuba ont le vent en poupe.\" \/>\n<meta property=\"og:url\" content=\"https:\/\/abc-latina.com\/cuba\/autotour-cuba\/\" \/>\n<meta property=\"og:site_name\" content=\"Abc-latina\" \/>\n<meta property=\"article:modified_time\" content=\"2026-04-30T16:25:01+00:00\" \/>\n<meta property=\"og:image\" content=\"https:\/\/abc-latina.com\/wp-content\/uploads\/2010\/10\/voitures-cuba.jpg\" \/>\n\t<meta property=\"og:image:width\" content=\"460\" \/>\n\t<meta property=\"og:image:height\" content=\"307\" \/>\n\t<meta property=\"og:image:type\" content=\"image\/jpeg\" \/>\n<meta name=\"twitter:card\" content=\"summary_large_image\" \/>\n<meta name=\"twitter:label1\" content=\"Dur\u00e9e de lecture estim\u00e9e\" \/>\n\t<meta name=\"twitter:data1\" content=\"1 minute\" \/>\n<script type=\"application\/ld+json\" class=\"yoast-schema-graph\">{\"@context\":\"https:\\\/\\\/schema.org\",\"@graph\":[{\"@type\":\"WebPage\",\"@id\":\"https:\\\/\\\/abc-latina.com\\\/cuba\\\/autotour-cuba\\\/\",\"url\":\"https:\\\/\\\/abc-latina.com\\\/cuba\\\/autotour-cuba\\\/\",\"name\":\"Les AUTOTOURS \u00e0 CUBA - Abc-latina\",\"isPartOf\":{\"@id\":\"https:\\\/\\\/abc-latina.com\\\/#website\"},\"primaryImageOfPage\":{\"@id\":\"https:\\\/\\\/abc-latina.com\\\/cuba\\\/autotour-cuba\\\/#primaryimage\"},\"image\":{\"@id\":\"https:\\\/\\\/abc-latina.com\\\/cuba\\\/autotour-cuba\\\/#primaryimage\"},\"thumbnailUrl\":\"https:\\\/\\\/abc-latina.com\\\/wp-content\\\/uploads\\\/2010\\\/10\\\/voitures-cuba.jpg\",\"datePublished\":\"2016-05-05T03:40:26+00:00\",\"dateModified\":\"2026-04-30T16:25:01+00:00\",\"description\":\"Tourisme \u00e0 Cuba, Les autotours \u00e0 Cuba ont le vent en poupe.\",\"breadcrumb\":{\"@id\":\"https:\\\/\\\/abc-latina.com\\\/cuba\\\/autotour-cuba\\\/#breadcrumb\"},\"inLanguage\":\"fr-FR\",\"potentialAction\":[{\"@type\":\"ReadAction\",\"target\":[\"https:\\\/\\\/abc-latina.com\\\/cuba\\\/autotour-cuba\\\/\"]}]},{\"@type\":\"ImageObject\",\"inLanguage\":\"fr-FR\",\"@id\":\"https:\\\/\\\/abc-latina.com\\\/cuba\\\/autotour-cuba\\\/#primaryimage\",\"url\":\"https:\\\/\\\/abc-latina.com\\\/wp-content\\\/uploads\\\/2010\\\/10\\\/voitures-cuba.jpg\",\"contentUrl\":\"https:\\\/\\\/abc-latina.com\\\/wp-content\\\/uploads\\\/2010\\\/10\\\/voitures-cuba.jpg\",\"width\":460,\"height\":307},{\"@type\":\"BreadcrumbList\",\"@id\":\"https:\\\/\\\/abc-latina.com\\\/cuba\\\/autotour-cuba\\\/#breadcrumb\",\"itemListElement\":[{\"@type\":\"ListItem\",\"position\":1,\"name\":\"Accueil\",\"item\":\"https:\\\/\\\/abc-latina.com\\\/\"},{\"@type\":\"ListItem\",\"position\":2,\"name\":\"Les AUTOTOURS \u00e0 CUBA\"}]},{\"@type\":\"WebSite\",\"@id\":\"https:\\\/\\\/abc-latina.com\\\/#website\",\"url\":\"https:\\\/\\\/abc-latina.com\\\/\",\"name\":\"Abc-latina\",\"description\":\"\",\"publisher\":{\"@id\":\"https:\\\/\\\/abc-latina.com\\\/#organization\"},\"potentialAction\":[{\"@type\":\"SearchAction\",\"target\":{\"@type\":\"EntryPoint\",\"urlTemplate\":\"https:\\\/\\\/abc-latina.com\\\/?s={search_term_string}\"},\"query-input\":{\"@type\":\"PropertyValueSpecification\",\"valueRequired\":true,\"valueName\":\"search_term_string\"}}],\"inLanguage\":\"fr-FR\"},{\"@type\":\"Organization\",\"@id\":\"https:\\\/\\\/abc-latina.com\\\/#organization\",\"name\":\"Abc-latina\",\"url\":\"https:\\\/\\\/abc-latina.com\\\/\",\"logo\":{\"@type\":\"ImageObject\",\"inLanguage\":\"fr-FR\",\"@id\":\"https:\\\/\\\/abc-latina.com\\\/#\\\/schema\\\/logo\\\/image\\\/\",\"url\":\"https:\\\/\\\/abc-latina.com\\\/wp-content\\\/uploads\\\/2026\\\/05\\\/cropped-logo.gif\",\"contentUrl\":\"https:\\\/\\\/abc-latina.com\\\/wp-content\\\/uploads\\\/2026\\\/05\\\/cropped-logo.gif\",\"width\":89,\"height\":84,\"caption\":\"Abc-latina\"},\"image\":{\"@id\":\"https:\\\/\\\/abc-latina.com\\\/#\\\/schema\\\/logo\\\/image\\\/\"}}]}<\/script>\n<!-- \/ Yoast SEO plugin. -->","yoast_head_json":{"title":"Les AUTOTOURS \u00e0 CUBA - Abc-latina","description":"Tourisme \u00e0 Cuba, Les autotours \u00e0 Cuba ont le vent en poupe.","robots":{"index":"index","follow":"follow","max-snippet":"max-snippet:-1","max-image-preview":"max-image-preview:large","max-video-preview":"max-video-preview:-1"},"canonical":"https:\/\/abc-latina.com\/cuba\/autotour-cuba\/","og_locale":"fr_FR","og_type":"article","og_title":"Les AUTOTOURS \u00e0 CUBA - Abc-latina","og_description":"Tourisme \u00e0 Cuba, Les autotours \u00e0 Cuba ont le vent en poupe.","og_url":"https:\/\/abc-latina.com\/cuba\/autotour-cuba\/","og_site_name":"Abc-latina","article_modified_time":"2026-04-30T16:25:01+00:00","og_image":[{"width":460,"height":307,"url":"https:\/\/abc-latina.com\/wp-content\/uploads\/2010\/10\/voitures-cuba.jpg","type":"image\/jpeg"}],"twitter_card":"summary_large_image","twitter_misc":{"Dur\u00e9e de lecture estim\u00e9e":"1 minute"},"schema":{"@context":"https:\/\/schema.org","@graph":[{"@type":"WebPage","@id":"https:\/\/abc-latina.com\/cuba\/autotour-cuba\/","url":"https:\/\/abc-latina.com\/cuba\/autotour-cuba\/","name":"Les AUTOTOURS \u00e0 CUBA - Abc-latina","isPartOf":{"@id":"https:\/\/abc-latina.com\/#website"},"primaryImageOfPage":{"@id":"https:\/\/abc-latina.com\/cuba\/autotour-cuba\/#primaryimage"},"image":{"@id":"https:\/\/abc-latina.com\/cuba\/autotour-cuba\/#primaryimage"},"thumbnailUrl":"https:\/\/abc-latina.com\/wp-content\/uploads\/2010\/10\/voitures-cuba.jpg","datePublished":"2016-05-05T03:40:26+00:00","dateModified":"2026-04-30T16:25:01+00:00","description":"Tourisme \u00e0 Cuba, Les autotours \u00e0 Cuba ont le vent en poupe.","breadcrumb":{"@id":"https:\/\/abc-latina.com\/cuba\/autotour-cuba\/#breadcrumb"},"inLanguage":"fr-FR","potentialAction":[{"@type":"ReadAction","target":["https:\/\/abc-latina.com\/cuba\/autotour-cuba\/"]}]},{"@type":"ImageObject","inLanguage":"fr-FR","@id":"https:\/\/abc-latina.com\/cuba\/autotour-cuba\/#primaryimage","url":"https:\/\/abc-latina.com\/wp-content\/uploads\/2010\/10\/voitures-cuba.jpg","contentUrl":"https:\/\/abc-latina.com\/wp-content\/uploads\/2010\/10\/voitures-cuba.jpg","width":460,"height":307},{"@type":"BreadcrumbList","@id":"https:\/\/abc-latina.com\/cuba\/autotour-cuba\/#breadcrumb","itemListElement":[{"@type":"ListItem","position":1,"name":"Accueil","item":"https:\/\/abc-latina.com\/"},{"@type":"ListItem","position":2,"name":"Les AUTOTOURS \u00e0 CUBA"}]},{"@type":"WebSite","@id":"https:\/\/abc-latina.com\/#website","url":"https:\/\/abc-latina.com\/","name":"Abc-latina","description":"","publisher":{"@id":"https:\/\/abc-latina.com\/#organization"},"potentialAction":[{"@type":"SearchAction","target":{"@type":"EntryPoint","urlTemplate":"https:\/\/abc-latina.com\/?s={search_term_string}"},"query-input":{"@type":"PropertyValueSpecification","valueRequired":true,"valueName":"search_term_string"}}],"inLanguage":"fr-FR"},{"@type":"Organization","@id":"https:\/\/abc-latina.com\/#organization","name":"Abc-latina","url":"https:\/\/abc-latina.com\/","logo":{"@type":"ImageObject","inLanguage":"fr-FR","@id":"https:\/\/abc-latina.com\/#\/schema\/logo\/image\/","url":"https:\/\/abc-latina.com\/wp-content\/uploads\/2026\/05\/cropped-logo.gif","contentUrl":"https:\/\/abc-latina.com\/wp-content\/uploads\/2026\/05\/cropped-logo.gif","width":89,"height":84,"caption":"Abc-latina"},"image":{"@id":"https:\/\/abc-latina.com\/#\/schema\/logo\/image\/"}}]}},"_links":{"self":[{"href":"https:\/\/abc-latina.com\/wp-json\/wp\/v2\/pages\/2885","targetHints":{"allow":["GET"]}}],"collection":[{"href":"https:\/\/abc-latina.com\/wp-json\/wp\/v2\/pages"}],"about":[{"href":"https:\/\/abc-latina.com\/wp-json\/wp\/v2\/types\/page"}],"author":[{"embeddable":true,"href":"https:\/\/abc-latina.com\/wp-json\/wp\/v2\/users\/3"}],"replies":[{"embeddable":true,"href":"https:\/\/abc-latina.com\/wp-json\/wp\/v2\/comments?post=2885"}],"version-history":[{"count":1,"href":"https:\/\/abc-latina.com\/wp-json\/wp\/v2\/pages\/2885\/revisions"}],"predecessor-version":[{"id":3402,"href":"https:\/\/abc-latina.com\/wp-json\/wp\/v2\/pages\/2885\/revisions\/3402"}],"up":[{"embeddable":true,"href":"https:\/\/abc-latina.com\/wp-json\/wp\/v2\/pages\/2302"}],"wp:featuredmedia":[{"embeddable":true,"href":"https:\/\/abc-latina.com\/wp-json\/wp\/v2\/media\/2301"}],"wp:attachment":[{"href":"https:\/\/abc-latina.com\/wp-json\/wp\/v2\/media?parent=2885"}],"curies":[{"name":"wp","href":"https:\/\/api.w.org\/{rel}","templated":true}]}}