{"id":2892,"date":"2016-11-14T09:32:33","date_gmt":"2016-11-14T08:32:33","guid":{"rendered":"http:\/\/abc-latina.com\/sur-les-traces-des-anciennes-civilisations-du-mexique\/"},"modified":"2026-04-30T18:25:09","modified_gmt":"2026-04-30T16:25:09","slug":"sur-les-traces-des-anciennes-civilisations-du-mexique","status":"publish","type":"page","link":"https:\/\/abc-latina.com\/mexique\/sur-les-traces-des-anciennes-civilisations-du-mexique\/","title":{"rendered":"Sur les traces des anciennes civilisations du Mexique."},"content":{"rendered":"<h2>Sur les traces des anciennes civilisations du Mexique<\/h2>\n<h3>&nbsp;<\/h3>\n<p><img loading=\"lazy\" decoding=\"async\" class=\" size-full wp-image-2889\" alt=\"\" src=\"http:\/\/abc-latina.com\/wp-content\/uploads\/2016\/11\/site-palenque-chiapas.jpg\" width=\"480\" height=\"360\" srcset=\"https:\/\/abc-latina.com\/wp-content\/uploads\/2016\/11\/site-palenque-chiapas.jpg 480w, https:\/\/abc-latina.com\/wp-content\/uploads\/2016\/11\/site-palenque-chiapas-300x225.jpg 300w\" sizes=\"auto, (max-width: 480px) 100vw, 480px\" \/><\/p>\n<p>Le Mexique est un pays aux nombreuses facettes. D&rsquo;un c\u00f4t\u00e9, les superbes plages de sable blanc de la <a target=\"_blank\" href=\"https:\/\/www.altiplano-voyage.com\/voyage-mexique\/sites-a-visiter-mexique\/visiter-la-riviera-maya\/tous-les-sites\/\">Riviera Maya<\/a> , ses h\u00f4tels de charme typiques et ses f\u00eates locales hautes en couleur. De l&rsquo;autre, des paysages exceptionnels qui se d\u00e9voilent au fil du voyage, des d\u00e9serts parsem\u00e9s de cactus, \u00e0 la jungle luxuriante abritant des tr\u00e9sors mill\u00e9naires !<\/p>\n<p>Car le Mexique poss\u00e8de de nombreux vestiges de civilisations mayas et azt\u00e8ques entre autres, qui ont influenc\u00e9 l&rsquo;histoire, d\u00e9velopp\u00e9 des innovations technologiques et scientifiques, et inspir\u00e9 notre imaginaire gr\u00e2ce \u00e0 leurs mythes et l\u00e9gendes.<\/p>\n<p>Au son des mariachis et un verre de Tequila \u00e0 la main, immergeons-nous un bref instant au c\u0153ur du patrimoine culturel mexicain.<\/p>\n<p>Les Mayas :<\/p>\n<p>Cette civilisation tr\u00e8s ancienne, qui conserve encore aujourd&rsquo;hui de nombreux myst\u00e8res pour la communaut\u00e9 scientifique, a v\u00e9cu en Am\u00e9rique centrale pendant pr\u00e8s de 3000 ans, depuis 2600 av. J-C jusqu&rsquo;\u00e0 leur apog\u00e9e en 200 &#8211; 650 apr. J-C.<\/p>\n<p>C&rsquo;est de cet \u00e2ge d&rsquo;or dont on a d&rsquo;ailleurs r\u00e9cup\u00e9r\u00e9 le plus d&rsquo;\u00e9l\u00e9ments, notamment sur leurs prouesses dans les domaines de l&rsquo;\u00e9criture, l&rsquo;art, l&rsquo;architecture, les math\u00e9matiques et l&rsquo;astronomie.<\/p>\n<p>C&rsquo;est aussi l&rsquo;apog\u00e9e des cit\u00e9s-\u00e9tats de la r\u00e9gion du Yucatan avec l&rsquo;une des plus anciennes et imposantes de ces cit\u00e9s : <a target=\"_blank\" href=\"https:\/\/www.altiplano-voyage.com\/voyage-mexique\/sites-a-visiter-mexique\/visiter-xpujil\/cite-maya-de-calakmul-unesco\/?utm_source=abclatina&amp;utm_medium=article&amp;utm_campaign=mexique#liste-sites\">Calakmul<\/a> . S&rsquo;\u00e9tendant sur 20 Km&sup2;et ayant abrit\u00e9 environ 50 000 personnes durant ses ann\u00e9es de gloire, Calakmul est un petit bijou d&rsquo;architecture maya avec ses 6750 structures identifi\u00e9es dont sa plus haute pyramide qui s&rsquo;\u00e9l\u00e8ve majestueusement \u00e0 45 m\u00e8tres de hauteur.<\/p>\n<p>Apr\u00e8s cet \u00e2ge d&rsquo;or, la civilisation maya n&rsquo;a pu emp\u00eacher le d\u00e9clin. De nombreuses interrogations subsistent encore sur la disparition de ce peuple m\u00eame si plusieurs facteurs sont \u00e9voqu\u00e9s (manque de nourriture, d\u00e9sastre naturelle ou crise religieuse)<\/p>\n<p>Beaucoup de cit\u00e9s furent alors abandonn\u00e9es, la jungle recouvrant rapidement ces espaces non entretenus. Quelques cit\u00e9s surv\u00e9curent jusqu&rsquo;\u00e0 l&rsquo;arriv\u00e9e des conquistadors espagnols au XVI\u00e8me si\u00e8cle notamment dans le <a target=\"_blank\" href=\"https:\/\/www.altiplano-voyage.com\/voyage-mexique\/circuits-mexique\/yucatan-les-secrets-des-mayas\/?utm_source=abclatina&amp;utm_medium=article&amp;utm_campaign=mexique\">Yucatan<\/a> et lutt\u00e8rent plusieurs ann\u00e9es avant de sombrer dans l&rsquo;oubli \u00e0 leur tour.<\/p>\n<p>Il faudra attendre alors le XIX\u00e8me si\u00e8cle pour red\u00e9couvrir cette civilisation et ses vestiges. Aujourd&rsquo;hui on peut visiter les ruines de <a target=\"_blank\" href=\"https:\/\/www.altiplano-voyage.com\/voyage-mexique\/sites-a-visiter-mexique\/visiter-merida\/chichen-itza-unesco\/?utm_source=abclatina&amp;utm_medium=article&amp;utm_campaign=mexique#liste-sites\">Chichen Itz\u00e1<\/a> , de <a target=\"_blank\" href=\"https:\/\/www.altiplano-voyage.com\/voyage-mexique\/sites-a-visiter-mexique\/visiter-palenque\/tous-les-sites\/?utm_source=abclatina&amp;utm_medium=article&amp;utm_campaign=mexique\">Palenque<\/a> ou de Tulum entre autres&#8230;<\/p>\n<p><img loading=\"lazy\" decoding=\"async\" class=\" size-full wp-image-2890\" alt=\"\" src=\"http:\/\/abc-latina.com\/wp-content\/uploads\/2016\/11\/site-chichen-yucatan-.jpg\" width=\"480\" height=\"360\" srcset=\"https:\/\/abc-latina.com\/wp-content\/uploads\/2016\/11\/site-chichen-yucatan-.jpg 480w, https:\/\/abc-latina.com\/wp-content\/uploads\/2016\/11\/site-chichen-yucatan--300x225.jpg 300w\" sizes=\"auto, (max-width: 480px) 100vw, 480px\" \/><\/p>\n<p>Les azt\u00e8ques :<\/p>\n<p>Autre civilisation majeure s&rsquo;\u00e9tant d\u00e9finitivement install\u00e9e dans le plateau central du Mexique au XIV\u00e8me si\u00e8cle et ayant domin\u00e9e la r\u00e9gion en y installant un vaste empire. La capitale de l&rsquo;empire azt\u00e8que est Tenochtitlan, l&rsquo;actuelle Mexico, qui a rayonn\u00e9 dans tout l&rsquo;empire, par sa grandeur et sa puissance.<\/p>\n<p>Les azt\u00e8ques ont men\u00e9 de nombreuses guerres pour asseoir leur pouvoir. Etant un peuple aux croyances religieuses fortes, des chasses \u00e0 l&rsquo;homme r\u00e9guli\u00e8res \u00e9taient organis\u00e9es, visant \u00e0 capturer le maximum d&rsquo;esclaves destin\u00e9s \u00e0 \u00eatre ensuite sacrifi\u00e9s (on estime qu&rsquo;il y avait entre 3000 et 4000 sacrifices par an). Pour les grandes occasions, plusieurs milliers de personnes pouvaient \u00eatre ainsi sacrifi\u00e9es, des esclaves bien s\u00fbr, mais aussi des nobles, des femmes vierges, des bossus. \u00catre sacrifi\u00e9 \u00e9tait consid\u00e9r\u00e9 comme un tr\u00e8s grand honneur et il \u00e9tait courant que certaines personnes se portent volontaires.<\/p>\n<p>L&rsquo;arriv\u00e9e des espagnols en 1519 men\u00e9e par le conquistador Hernan Cortez mis fin au r\u00e8gne des azt\u00e8ques, et infligea un s\u00e9rieux coup \u00e0 la population. Outre la guerre, les maladies apport\u00e8rent aussi leurs flots de d\u00e9c\u00e8s.<\/p>\n<p>Aujourd&rsquo;hui les voyageurs peuvent d\u00e9couvrir de nombreux vestiges tr\u00e8s bien conserv\u00e9s comme la cit\u00e9 des dieux de <a target=\"_blank\" href=\"https:\/\/www.altiplano-voyage.com\/voyage-mexique\/sites-a-visiter-mexique\/visiter-mexico\/teotihuacan-la-cite-des-dieux-unesco\/?utm_source=abclatina&amp;utm_medium=article&amp;utm_campaign=mexique#liste-sites\">Teotihuacan<\/a> , et sa pyramide du Soleil qui culmine \u00e0 60 m\u00e8tres, ou encore Cholula b\u00e2tit par les cholut\u00e8ques sous la domination de l&rsquo;empire azt\u00e8que, ou m\u00eame le templo Mayor situ\u00e9 au c\u0153ur de Mexico.<\/p>\n<p><img loading=\"lazy\" decoding=\"async\" class=\" size-full wp-image-2891\" alt=\"\" src=\"http:\/\/abc-latina.com\/wp-content\/uploads\/2016\/11\/pyramide-cholula.jpg\" width=\"480\" height=\"360\" srcset=\"https:\/\/abc-latina.com\/wp-content\/uploads\/2016\/11\/pyramide-cholula.jpg 480w, https:\/\/abc-latina.com\/wp-content\/uploads\/2016\/11\/pyramide-cholula-300x225.jpg 300w\" sizes=\"auto, (max-width: 480px) 100vw, 480px\" \/><\/p>\n<p>D&rsquo;autres civilisations ont aussi laiss\u00e9 leur empruntes au Mexique, civilisations plus mineures qui ont parfois \u00e9t\u00e9 sous le joug des plus importantes. On peut citer les Olm\u00e8ques, les Zapot\u00e8ques, les Mixt\u00e8ques, les Tolt\u00e8ques, ou encore les Tarasques, chacun ayant poss\u00e9d\u00e9 ses propres sp\u00e9cificit\u00e9s culturelles. Il est tout \u00e0 fait possible de visiter le Mexique dans un <a target=\"_blank\" href=\"https:\/\/www.altiplano-voyage.com\/voyage-mexique\/circuits-mexique\/de-veracruz-a-acapulco\/?utm_source=abclatina&amp;utm_medium=article&amp;utm_campaign=mexique\">circuit sur-mesure<\/a> , centr\u00e9 sur la d\u00e9couverte des merveilles culturelles du pays.<\/p>\n<p>&nbsp;<\/p>\n","protected":false},"excerpt":{"rendered":"<p>Sur les traces des anciennes civilisations du Mexique &nbsp; Le Mexique est un pays aux nombreuses facettes. D&rsquo;un c\u00f4t\u00e9, les [&hellip;]<\/p>\n","protected":false},"author":3,"featured_media":2889,"parent":2308,"menu_order":0,"comment_status":"closed","ping_status":"closed","template":"","meta":{"site-sidebar-layout":"default","site-content-layout":"","ast-site-content-layout":"default","site-content-style":"default","site-sidebar-style":"default","ast-global-header-display":"","ast-banner-title-visibility":"","ast-main-header-display":"","ast-hfb-above-header-display":"","ast-hfb-below-header-display":"","ast-hfb-mobile-header-display":"","site-post-title":"","ast-breadcrumbs-content":"","ast-featured-img":"","footer-sml-layout":"","ast-disable-related-posts":"","theme-transparent-header-meta":"","adv-header-id-meta":"","stick-header-meta":"","header-above-stick-meta":"","header-main-stick-meta":"","header-below-stick-meta":"","astra-migrate-meta-layouts":"default","ast-page-background-enabled":"default","ast-page-background-meta":{"desktop":{"background-color":"var(--ast-global-color-5)","background-image":"","background-repeat":"repeat","background-position":"center center","background-size":"auto","background-attachment":"scroll","background-type":"","background-media":"","overlay-type":"","overlay-color":"","overlay-opacity":"","overlay-gradient":""},"tablet":{"background-color":"","background-image":"","background-repeat":"repeat","background-position":"center center","background-size":"auto","background-attachment":"scroll","background-type":"","background-media":"","overlay-type":"","overlay-color":"","overlay-opacity":"","overlay-gradient":""},"mobile":{"background-color":"","background-image":"","background-repeat":"repeat","background-position":"center center","background-size":"auto","background-attachment":"scroll","background-type":"","background-media":"","overlay-type":"","overlay-color":"","overlay-opacity":"","overlay-gradient":""}},"ast-content-background-meta":{"desktop":{"background-color":"var(--ast-global-color-4)","background-image":"","background-repeat":"repeat","background-position":"center center","background-size":"auto","background-attachment":"scroll","background-type":"","background-media":"","overlay-type":"","overlay-color":"","overlay-opacity":"","overlay-gradient":""},"tablet":{"background-color":"var(--ast-global-color-4)","background-image":"","background-repeat":"repeat","background-position":"center center","background-size":"auto","background-attachment":"scroll","background-type":"","background-media":"","overlay-type":"","overlay-color":"","overlay-opacity":"","overlay-gradient":""},"mobile":{"background-color":"var(--ast-global-color-4)","background-image":"","background-repeat":"repeat","background-position":"center center","background-size":"auto","background-attachment":"scroll","background-type":"","background-media":"","overlay-type":"","overlay-color":"","overlay-opacity":"","overlay-gradient":""}},"footnotes":""},"class_list":["post-2892","page","type-page","status-publish","has-post-thumbnail","hentry"],"yoast_head":"<!-- This site is optimized with the Yoast SEO plugin v27.5 - https:\/\/yoast.com\/product\/yoast-seo-wordpress\/ -->\n<title>Sur les traces des anciennes civilisations du Mexique. - Abc-latina<\/title>\n<meta name=\"robots\" content=\"index, follow, max-snippet:-1, max-image-preview:large, max-video-preview:-1\" \/>\n<link rel=\"canonical\" href=\"https:\/\/abc-latina.com\/mexique\/sur-les-traces-des-anciennes-civilisations-du-mexique\/\" \/>\n<meta property=\"og:locale\" content=\"fr_FR\" \/>\n<meta property=\"og:type\" content=\"article\" \/>\n<meta property=\"og:title\" content=\"Sur les traces des anciennes civilisations du Mexique. - Abc-latina\" \/>\n<meta property=\"og:description\" content=\"Sur les traces des anciennes civilisations du Mexique &nbsp; Le Mexique est un pays aux nombreuses facettes. D&rsquo;un c\u00f4t\u00e9, les [&hellip;]\" \/>\n<meta property=\"og:url\" content=\"https:\/\/abc-latina.com\/mexique\/sur-les-traces-des-anciennes-civilisations-du-mexique\/\" \/>\n<meta property=\"og:site_name\" content=\"Abc-latina\" \/>\n<meta property=\"article:modified_time\" content=\"2026-04-30T16:25:09+00:00\" \/>\n<meta property=\"og:image\" content=\"https:\/\/abc-latina.com\/wp-content\/uploads\/2016\/11\/site-palenque-chiapas.jpg\" \/>\n\t<meta property=\"og:image:width\" content=\"480\" \/>\n\t<meta property=\"og:image:height\" content=\"360\" \/>\n\t<meta property=\"og:image:type\" content=\"image\/jpeg\" \/>\n<meta name=\"twitter:card\" content=\"summary_large_image\" \/>\n<meta name=\"twitter:label1\" content=\"Dur\u00e9e de lecture estim\u00e9e\" \/>\n\t<meta name=\"twitter:data1\" content=\"4 minutes\" \/>\n<script type=\"application\/ld+json\" class=\"yoast-schema-graph\">{\"@context\":\"https:\\\/\\\/schema.org\",\"@graph\":[{\"@type\":\"WebPage\",\"@id\":\"https:\\\/\\\/abc-latina.com\\\/mexique\\\/sur-les-traces-des-anciennes-civilisations-du-mexique\\\/\",\"url\":\"https:\\\/\\\/abc-latina.com\\\/mexique\\\/sur-les-traces-des-anciennes-civilisations-du-mexique\\\/\",\"name\":\"Sur les traces des anciennes civilisations du Mexique. - Abc-latina\",\"isPartOf\":{\"@id\":\"https:\\\/\\\/abc-latina.com\\\/#website\"},\"primaryImageOfPage\":{\"@id\":\"https:\\\/\\\/abc-latina.com\\\/mexique\\\/sur-les-traces-des-anciennes-civilisations-du-mexique\\\/#primaryimage\"},\"image\":{\"@id\":\"https:\\\/\\\/abc-latina.com\\\/mexique\\\/sur-les-traces-des-anciennes-civilisations-du-mexique\\\/#primaryimage\"},\"thumbnailUrl\":\"https:\\\/\\\/abc-latina.com\\\/wp-content\\\/uploads\\\/2016\\\/11\\\/site-palenque-chiapas.jpg\",\"datePublished\":\"2016-11-14T08:32:33+00:00\",\"dateModified\":\"2026-04-30T16:25:09+00:00\",\"breadcrumb\":{\"@id\":\"https:\\\/\\\/abc-latina.com\\\/mexique\\\/sur-les-traces-des-anciennes-civilisations-du-mexique\\\/#breadcrumb\"},\"inLanguage\":\"fr-FR\",\"potentialAction\":[{\"@type\":\"ReadAction\",\"target\":[\"https:\\\/\\\/abc-latina.com\\\/mexique\\\/sur-les-traces-des-anciennes-civilisations-du-mexique\\\/\"]}]},{\"@type\":\"ImageObject\",\"inLanguage\":\"fr-FR\",\"@id\":\"https:\\\/\\\/abc-latina.com\\\/mexique\\\/sur-les-traces-des-anciennes-civilisations-du-mexique\\\/#primaryimage\",\"url\":\"https:\\\/\\\/abc-latina.com\\\/wp-content\\\/uploads\\\/2016\\\/11\\\/site-palenque-chiapas.jpg\",\"contentUrl\":\"https:\\\/\\\/abc-latina.com\\\/wp-content\\\/uploads\\\/2016\\\/11\\\/site-palenque-chiapas.jpg\",\"width\":480,\"height\":360},{\"@type\":\"BreadcrumbList\",\"@id\":\"https:\\\/\\\/abc-latina.com\\\/mexique\\\/sur-les-traces-des-anciennes-civilisations-du-mexique\\\/#breadcrumb\",\"itemListElement\":[{\"@type\":\"ListItem\",\"position\":1,\"name\":\"Accueil\",\"item\":\"https:\\\/\\\/abc-latina.com\\\/\"},{\"@type\":\"ListItem\",\"position\":2,\"name\":\"Sur les traces des anciennes civilisations du Mexique.\"}]},{\"@type\":\"WebSite\",\"@id\":\"https:\\\/\\\/abc-latina.com\\\/#website\",\"url\":\"https:\\\/\\\/abc-latina.com\\\/\",\"name\":\"Abc-latina\",\"description\":\"\",\"publisher\":{\"@id\":\"https:\\\/\\\/abc-latina.com\\\/#organization\"},\"potentialAction\":[{\"@type\":\"SearchAction\",\"target\":{\"@type\":\"EntryPoint\",\"urlTemplate\":\"https:\\\/\\\/abc-latina.com\\\/?s={search_term_string}\"},\"query-input\":{\"@type\":\"PropertyValueSpecification\",\"valueRequired\":true,\"valueName\":\"search_term_string\"}}],\"inLanguage\":\"fr-FR\"},{\"@type\":\"Organization\",\"@id\":\"https:\\\/\\\/abc-latina.com\\\/#organization\",\"name\":\"Abc-latina\",\"url\":\"https:\\\/\\\/abc-latina.com\\\/\",\"logo\":{\"@type\":\"ImageObject\",\"inLanguage\":\"fr-FR\",\"@id\":\"https:\\\/\\\/abc-latina.com\\\/#\\\/schema\\\/logo\\\/image\\\/\",\"url\":\"https:\\\/\\\/abc-latina.com\\\/wp-content\\\/uploads\\\/2026\\\/05\\\/cropped-logo.gif\",\"contentUrl\":\"https:\\\/\\\/abc-latina.com\\\/wp-content\\\/uploads\\\/2026\\\/05\\\/cropped-logo.gif\",\"width\":89,\"height\":84,\"caption\":\"Abc-latina\"},\"image\":{\"@id\":\"https:\\\/\\\/abc-latina.com\\\/#\\\/schema\\\/logo\\\/image\\\/\"}}]}<\/script>\n<!-- \/ Yoast SEO plugin. -->","yoast_head_json":{"title":"Sur les traces des anciennes civilisations du Mexique. - Abc-latina","robots":{"index":"index","follow":"follow","max-snippet":"max-snippet:-1","max-image-preview":"max-image-preview:large","max-video-preview":"max-video-preview:-1"},"canonical":"https:\/\/abc-latina.com\/mexique\/sur-les-traces-des-anciennes-civilisations-du-mexique\/","og_locale":"fr_FR","og_type":"article","og_title":"Sur les traces des anciennes civilisations du Mexique. - Abc-latina","og_description":"Sur les traces des anciennes civilisations du Mexique &nbsp; Le Mexique est un pays aux nombreuses facettes. D&rsquo;un c\u00f4t\u00e9, les [&hellip;]","og_url":"https:\/\/abc-latina.com\/mexique\/sur-les-traces-des-anciennes-civilisations-du-mexique\/","og_site_name":"Abc-latina","article_modified_time":"2026-04-30T16:25:09+00:00","og_image":[{"width":480,"height":360,"url":"https:\/\/abc-latina.com\/wp-content\/uploads\/2016\/11\/site-palenque-chiapas.jpg","type":"image\/jpeg"}],"twitter_card":"summary_large_image","twitter_misc":{"Dur\u00e9e de lecture estim\u00e9e":"4 minutes"},"schema":{"@context":"https:\/\/schema.org","@graph":[{"@type":"WebPage","@id":"https:\/\/abc-latina.com\/mexique\/sur-les-traces-des-anciennes-civilisations-du-mexique\/","url":"https:\/\/abc-latina.com\/mexique\/sur-les-traces-des-anciennes-civilisations-du-mexique\/","name":"Sur les traces des anciennes civilisations du Mexique. - Abc-latina","isPartOf":{"@id":"https:\/\/abc-latina.com\/#website"},"primaryImageOfPage":{"@id":"https:\/\/abc-latina.com\/mexique\/sur-les-traces-des-anciennes-civilisations-du-mexique\/#primaryimage"},"image":{"@id":"https:\/\/abc-latina.com\/mexique\/sur-les-traces-des-anciennes-civilisations-du-mexique\/#primaryimage"},"thumbnailUrl":"https:\/\/abc-latina.com\/wp-content\/uploads\/2016\/11\/site-palenque-chiapas.jpg","datePublished":"2016-11-14T08:32:33+00:00","dateModified":"2026-04-30T16:25:09+00:00","breadcrumb":{"@id":"https:\/\/abc-latina.com\/mexique\/sur-les-traces-des-anciennes-civilisations-du-mexique\/#breadcrumb"},"inLanguage":"fr-FR","potentialAction":[{"@type":"ReadAction","target":["https:\/\/abc-latina.com\/mexique\/sur-les-traces-des-anciennes-civilisations-du-mexique\/"]}]},{"@type":"ImageObject","inLanguage":"fr-FR","@id":"https:\/\/abc-latina.com\/mexique\/sur-les-traces-des-anciennes-civilisations-du-mexique\/#primaryimage","url":"https:\/\/abc-latina.com\/wp-content\/uploads\/2016\/11\/site-palenque-chiapas.jpg","contentUrl":"https:\/\/abc-latina.com\/wp-content\/uploads\/2016\/11\/site-palenque-chiapas.jpg","width":480,"height":360},{"@type":"BreadcrumbList","@id":"https:\/\/abc-latina.com\/mexique\/sur-les-traces-des-anciennes-civilisations-du-mexique\/#breadcrumb","itemListElement":[{"@type":"ListItem","position":1,"name":"Accueil","item":"https:\/\/abc-latina.com\/"},{"@type":"ListItem","position":2,"name":"Sur les traces des anciennes civilisations du Mexique."}]},{"@type":"WebSite","@id":"https:\/\/abc-latina.com\/#website","url":"https:\/\/abc-latina.com\/","name":"Abc-latina","description":"","publisher":{"@id":"https:\/\/abc-latina.com\/#organization"},"potentialAction":[{"@type":"SearchAction","target":{"@type":"EntryPoint","urlTemplate":"https:\/\/abc-latina.com\/?s={search_term_string}"},"query-input":{"@type":"PropertyValueSpecification","valueRequired":true,"valueName":"search_term_string"}}],"inLanguage":"fr-FR"},{"@type":"Organization","@id":"https:\/\/abc-latina.com\/#organization","name":"Abc-latina","url":"https:\/\/abc-latina.com\/","logo":{"@type":"ImageObject","inLanguage":"fr-FR","@id":"https:\/\/abc-latina.com\/#\/schema\/logo\/image\/","url":"https:\/\/abc-latina.com\/wp-content\/uploads\/2026\/05\/cropped-logo.gif","contentUrl":"https:\/\/abc-latina.com\/wp-content\/uploads\/2026\/05\/cropped-logo.gif","width":89,"height":84,"caption":"Abc-latina"},"image":{"@id":"https:\/\/abc-latina.com\/#\/schema\/logo\/image\/"}}]}},"_links":{"self":[{"href":"https:\/\/abc-latina.com\/wp-json\/wp\/v2\/pages\/2892","targetHints":{"allow":["GET"]}}],"collection":[{"href":"https:\/\/abc-latina.com\/wp-json\/wp\/v2\/pages"}],"about":[{"href":"https:\/\/abc-latina.com\/wp-json\/wp\/v2\/types\/page"}],"author":[{"embeddable":true,"href":"https:\/\/abc-latina.com\/wp-json\/wp\/v2\/users\/3"}],"replies":[{"embeddable":true,"href":"https:\/\/abc-latina.com\/wp-json\/wp\/v2\/comments?post=2892"}],"version-history":[{"count":1,"href":"https:\/\/abc-latina.com\/wp-json\/wp\/v2\/pages\/2892\/revisions"}],"predecessor-version":[{"id":3557,"href":"https:\/\/abc-latina.com\/wp-json\/wp\/v2\/pages\/2892\/revisions\/3557"}],"up":[{"embeddable":true,"href":"https:\/\/abc-latina.com\/wp-json\/wp\/v2\/pages\/2308"}],"wp:featuredmedia":[{"embeddable":true,"href":"https:\/\/abc-latina.com\/wp-json\/wp\/v2\/media\/2889"}],"wp:attachment":[{"href":"https:\/\/abc-latina.com\/wp-json\/wp\/v2\/media?parent=2892"}],"curies":[{"name":"wp","href":"https:\/\/api.w.org\/{rel}","templated":true}]}}