{"id":332,"date":"2010-06-04T22:55:00","date_gmt":"2010-06-04T20:55:00","guid":{"rendered":"http:\/\/abc-latina.com\/oaxaca-htm\/"},"modified":"2018-06-10T19:37:23","modified_gmt":"2018-06-10T17:37:23","slug":"oaxaca","status":"publish","type":"page","link":"https:\/\/abc-latina.com\/mexique\/oaxaca\/","title":{"rendered":"OAXACA"},"content":{"rendered":"<div><img loading=\"lazy\" decoding=\"async\" class=\" alignright size-full wp-image-331\" src=\"http:\/\/abc-latina.com\/wp-content\/uploads\/2010\/06\/oaxaca.jpg\" title=\"OAXACA\" alt=\"\" width=\"250\" vspace=\"9\" hspace=\"9\" height=\"250\" align=\"right\" srcset=\"https:\/\/abc-latina.com\/wp-content\/uploads\/2010\/06\/oaxaca.jpg 250w, https:\/\/abc-latina.com\/wp-content\/uploads\/2010\/06\/oaxaca-150x150.jpg 150w\" sizes=\"auto, (max-width: 250px) 100vw, 250px\" \/>L&rsquo;<span class=\"tourisme-chapitre\">Etat d&rsquo; Oaxaca<\/span>, dont la capitale du m\u00eame nom attire de nombreux touristes, est consid\u00e9r\u00e9 comme le plus &quot; indien &quot; du Mexique. Les nombreuses tribus qui y vivent ont conserv\u00e9 leur mode de vie comme si les Espagnols n&rsquo;avaient jamais conquis le pays, contrastant avec la ville d&rsquo; Oaxaca qui a conserv\u00e9 son cachet colonial.<\/div>\n<div>Vingt pour cent de la population indienne globale du Mexique vit dans cet Etat, et 20 % de cette m\u00eame population ne parle pas un mot d&rsquo;espagnol. Les Mixt\u00e8ques et les <a href=\"https:\/\/www.abc-latina.com\/civilisations\/zapoteque.php\" target=\"_blank\">Zapot\u00e8ques<\/a> sont les ethnies les plus importantes de la r\u00e9gion d&rsquo; Oaxaca, qui est \u00e9galement peupl\u00e9 de quinze autres tribus.&nbsp;<\/div>\n<div>&nbsp;<\/div>\n<div>A 1500 m\u00e8tres d&rsquo;altitude, quasiment au pied de <a href=\"https:\/\/www.abc-latina.com\/mexique\/voyages\/monte_alban.php\">Monte Alban<\/a>, Oaxaca situ\u00e9e \u00e0 l&rsquo;intersection de trois grandes vall\u00e9es, est entour\u00e9e de montagnes de 2000 m\u00e8tres. A leur sommet, s&rsquo;\u00e9l\u00e8vent des constructions imposantes \u00e9rig\u00e9es jadis par les Indiens.<\/div>\n<div>&nbsp;<\/div>\n<div><span class=\"tourisme-chapitre\">La ville d&rsquo; Oaxaca<\/span><\/div>\n<div>Oaxaca s&rsquo;enorgueillit de poss\u00e9der la plus belle \u00e9glise du Mexique : Santo Domingo, b\u00e2tie par des Dominicains \u00e0 partir de 1575. La pi\u00e8ce ma\u00eetresse de cette \u00e9glise, est &quot; l&rsquo;arbre g\u00e9n\u00e9alogique de Marie &quot;, chef-d&rsquo;oeuvre de stuc dor\u00e9 retra\u00e7ant les origines de la madone.<\/div>\n<div>mus\u00e9e r\u00e9gional de Oaxaca<\/div>\n<div>Log\u00e9 dans l&rsquo;ancien couvent Santo Domingo, ce formidable mus\u00e9e expose des objets d&rsquo;art et d&rsquo;int\u00e9r\u00eat ethnologique, y compris l&rsquo;artisanat tribal et r\u00e9gional. Mais les tr\u00e9sors principaux de ses collections sont l&rsquo;or et le jade retrouv\u00e9s dans le septi\u00e8me tombeau de Monte Alban.<\/div>\n<div>Mus\u00e9e Casa <a href=\"https:\/\/www.abc-latina.com\/personnalites\/benito_juarez\" target=\"_blank\">Benito Juarez<\/a><\/div>\n<div>C&rsquo;est la maison ou le futur pr\u00e9sident, alors jeune gar\u00e7on, avait \u00e9t\u00e9 employ\u00e9 en qualit\u00e9 de domestique. Le mus\u00e9e nous renseigne sur les conditions de vie de la classe moyenne au d\u00e9but du XIXe si\u00e8cle \u00e0 Oaxaca. Il expose \u00e9galement des documents, dont la correspondance de Juarez, et le masque mortuaire du pr\u00e9sident.<\/div>\n<div>Mus\u00e9e communautaire indien<\/div>\n<div>Dix communaut\u00e9s indiennes exposent des objets de la vie quotidienne et aident \u00e0 comprendre l&rsquo;histoire des villages indig\u00e8nes.<\/div>\n<div>&nbsp;<\/div>\n<div><span class=\"tourisme-chapitre\"><a href=\"..\/tour_operateur\" target=\"_blank\"><img loading=\"lazy\" decoding=\"async\" class=\" size-full wp-image-41\" alt=\"\" class=\"touroperateur\" src=\"http:\/\/abc-latina.com\/wp-content\/uploads\/2010\/04\/timbre_to.gif\" width=\"125\" height=\"90\" \/><\/a>Dans les environs de Oaxaca<\/span><\/div>\n<div>A 2.000 m\u00e8tre d&rsquo;altitude, le Monte Alban fut b\u00e2ti par un peuple inconnu, probablement influenc\u00e9 par les <a href=\"https:\/\/www.abc-latina.com\/civilisations\/olmeque\" target=\"_blank\">Olm\u00e8ques<\/a>. C&rsquo;est l&rsquo;un des ensembles arch\u00e9ologiques les plus impressionnants du Mexique, qui \u00e0 son apog\u00e9e comptait 35 000 habitants, et couvrait une superficie de 40 km&sup2; \u00e0 l&rsquo;\u00e9tape finale.&nbsp;<\/div>\n<h3>Pr\u00e9parez votre voyage \u00e0 Oaxaca:<\/h3>\n<div><a href=\"https:\/\/www.abc-latina.com\/mexique\/agence_de_voyages\">Agences de voyage g\u00e9n\u00e9ralistes et discounteurs<\/a><\/div>\n<div><a href=\"https:\/\/www.abc-latina.com\/mexique\/tour_operateur\">Tours Op\u00e9rateurs sp\u00e9cialistes du Mexique<\/a><\/div>\n<div><a href=\"https:\/\/www.abc-latina.com\/to\/reservation_billet_avion\" target=\"_blank\">R\u00e9servez votre billet d&rsquo;avion<\/a><\/div>\n<div><a href=\"https:\/\/www.abc-latina.com\/mexique\/hotels\">R\u00e9servez votre h\u00f4tel \u00e0 Oaxaca<\/a>&nbsp;<\/div>\n<div><a href=\"https:\/\/www.abc-latina.com\/to\/location_de_voiture_mexique\" target=\"_blank\">Location de voiture<\/a><\/div>\n<p>&nbsp;<\/p>\n","protected":false},"excerpt":{"rendered":"<p>L&rsquo;Etat d&rsquo; Oaxaca, dont la capitale du m\u00eame nom attire de nombreux touristes, est consid\u00e9r\u00e9 comme le plus &quot; indien [&hellip;]<\/p>\n","protected":false},"author":3,"featured_media":331,"parent":2308,"menu_order":0,"comment_status":"closed","ping_status":"closed","template":"","meta":{"site-sidebar-layout":"default","site-content-layout":"","ast-site-content-layout":"default","site-content-style":"default","site-sidebar-style":"default","ast-global-header-display":"","ast-banner-title-visibility":"","ast-main-header-display":"","ast-hfb-above-header-display":"","ast-hfb-below-header-display":"","ast-hfb-mobile-header-display":"","site-post-title":"","ast-breadcrumbs-content":"","ast-featured-img":"","footer-sml-layout":"","ast-disable-related-posts":"","theme-transparent-header-meta":"","adv-header-id-meta":"","stick-header-meta":"","header-above-stick-meta":"","header-main-stick-meta":"","header-below-stick-meta":"","astra-migrate-meta-layouts":"default","ast-page-background-enabled":"default","ast-page-background-meta":{"desktop":{"background-color":"var(--ast-global-color-5)","background-image":"","background-repeat":"repeat","background-position":"center center","background-size":"auto","background-attachment":"scroll","background-type":"","background-media":"","overlay-type":"","overlay-color":"","overlay-opacity":"","overlay-gradient":""},"tablet":{"background-color":"","background-image":"","background-repeat":"repeat","background-position":"center center","background-size":"auto","background-attachment":"scroll","background-type":"","background-media":"","overlay-type":"","overlay-color":"","overlay-opacity":"","overlay-gradient":""},"mobile":{"background-color":"","background-image":"","background-repeat":"repeat","background-position":"center center","background-size":"auto","background-attachment":"scroll","background-type":"","background-media":"","overlay-type":"","overlay-color":"","overlay-opacity":"","overlay-gradient":""}},"ast-content-background-meta":{"desktop":{"background-color":"var(--ast-global-color-4)","background-image":"","background-repeat":"repeat","background-position":"center center","background-size":"auto","background-attachment":"scroll","background-type":"","background-media":"","overlay-type":"","overlay-color":"","overlay-opacity":"","overlay-gradient":""},"tablet":{"background-color":"var(--ast-global-color-4)","background-image":"","background-repeat":"repeat","background-position":"center center","background-size":"auto","background-attachment":"scroll","background-type":"","background-media":"","overlay-type":"","overlay-color":"","overlay-opacity":"","overlay-gradient":""},"mobile":{"background-color":"var(--ast-global-color-4)","background-image":"","background-repeat":"repeat","background-position":"center center","background-size":"auto","background-attachment":"scroll","background-type":"","background-media":"","overlay-type":"","overlay-color":"","overlay-opacity":"","overlay-gradient":""}},"footnotes":""},"class_list":["post-332","page","type-page","status-publish","has-post-thumbnail","hentry"],"yoast_head":"<!-- This site is optimized with the Yoast SEO plugin v27.5 - https:\/\/yoast.com\/product\/yoast-seo-wordpress\/ -->\n<title>OAXACA - Abc-latina<\/title>\n<meta name=\"description\" content=\"Visite et d\u00e9couverte du Mexique: La r\u00e9gion et la ville d&#039;Oaxaca.\" \/>\n<meta name=\"robots\" content=\"index, follow, max-snippet:-1, max-image-preview:large, max-video-preview:-1\" \/>\n<link rel=\"canonical\" href=\"https:\/\/abc-latina.com\/mexique\/oaxaca\/\" \/>\n<meta property=\"og:locale\" content=\"fr_FR\" \/>\n<meta property=\"og:type\" content=\"article\" \/>\n<meta property=\"og:title\" content=\"OAXACA - Abc-latina\" \/>\n<meta property=\"og:description\" content=\"Visite et d\u00e9couverte du Mexique: La r\u00e9gion et la ville d&#039;Oaxaca.\" \/>\n<meta property=\"og:url\" content=\"https:\/\/abc-latina.com\/mexique\/oaxaca\/\" \/>\n<meta property=\"og:site_name\" content=\"Abc-latina\" \/>\n<meta property=\"article:modified_time\" content=\"2018-06-10T17:37:23+00:00\" \/>\n<meta property=\"og:image\" content=\"https:\/\/abc-latina.com\/wp-content\/uploads\/2010\/06\/oaxaca.jpg\" \/>\n\t<meta property=\"og:image:width\" content=\"250\" \/>\n\t<meta property=\"og:image:height\" content=\"250\" \/>\n\t<meta property=\"og:image:type\" content=\"image\/jpeg\" \/>\n<meta name=\"twitter:card\" content=\"summary_large_image\" \/>\n<meta name=\"twitter:label1\" content=\"Dur\u00e9e de lecture estim\u00e9e\" \/>\n\t<meta name=\"twitter:data1\" content=\"2 minutes\" \/>\n<script type=\"application\/ld+json\" class=\"yoast-schema-graph\">{\"@context\":\"https:\\\/\\\/schema.org\",\"@graph\":[{\"@type\":\"WebPage\",\"@id\":\"https:\\\/\\\/abc-latina.com\\\/mexique\\\/oaxaca\\\/\",\"url\":\"https:\\\/\\\/abc-latina.com\\\/mexique\\\/oaxaca\\\/\",\"name\":\"OAXACA - Abc-latina\",\"isPartOf\":{\"@id\":\"https:\\\/\\\/abc-latina.com\\\/#website\"},\"primaryImageOfPage\":{\"@id\":\"https:\\\/\\\/abc-latina.com\\\/mexique\\\/oaxaca\\\/#primaryimage\"},\"image\":{\"@id\":\"https:\\\/\\\/abc-latina.com\\\/mexique\\\/oaxaca\\\/#primaryimage\"},\"thumbnailUrl\":\"https:\\\/\\\/abc-latina.com\\\/wp-content\\\/uploads\\\/2010\\\/06\\\/oaxaca.jpg\",\"datePublished\":\"2010-06-04T20:55:00+00:00\",\"dateModified\":\"2018-06-10T17:37:23+00:00\",\"description\":\"Visite et d\u00e9couverte du Mexique: La r\u00e9gion et la ville d'Oaxaca.\",\"breadcrumb\":{\"@id\":\"https:\\\/\\\/abc-latina.com\\\/mexique\\\/oaxaca\\\/#breadcrumb\"},\"inLanguage\":\"fr-FR\",\"potentialAction\":[{\"@type\":\"ReadAction\",\"target\":[\"https:\\\/\\\/abc-latina.com\\\/mexique\\\/oaxaca\\\/\"]}]},{\"@type\":\"ImageObject\",\"inLanguage\":\"fr-FR\",\"@id\":\"https:\\\/\\\/abc-latina.com\\\/mexique\\\/oaxaca\\\/#primaryimage\",\"url\":\"https:\\\/\\\/abc-latina.com\\\/wp-content\\\/uploads\\\/2010\\\/06\\\/oaxaca.jpg\",\"contentUrl\":\"https:\\\/\\\/abc-latina.com\\\/wp-content\\\/uploads\\\/2010\\\/06\\\/oaxaca.jpg\",\"width\":250,\"height\":250,\"caption\":\"OAXACA\"},{\"@type\":\"BreadcrumbList\",\"@id\":\"https:\\\/\\\/abc-latina.com\\\/mexique\\\/oaxaca\\\/#breadcrumb\",\"itemListElement\":[{\"@type\":\"ListItem\",\"position\":1,\"name\":\"Accueil\",\"item\":\"https:\\\/\\\/abc-latina.com\\\/\"},{\"@type\":\"ListItem\",\"position\":2,\"name\":\"OAXACA\"}]},{\"@type\":\"WebSite\",\"@id\":\"https:\\\/\\\/abc-latina.com\\\/#website\",\"url\":\"https:\\\/\\\/abc-latina.com\\\/\",\"name\":\"Abc-latina\",\"description\":\"\",\"publisher\":{\"@id\":\"https:\\\/\\\/abc-latina.com\\\/#organization\"},\"potentialAction\":[{\"@type\":\"SearchAction\",\"target\":{\"@type\":\"EntryPoint\",\"urlTemplate\":\"https:\\\/\\\/abc-latina.com\\\/?s={search_term_string}\"},\"query-input\":{\"@type\":\"PropertyValueSpecification\",\"valueRequired\":true,\"valueName\":\"search_term_string\"}}],\"inLanguage\":\"fr-FR\"},{\"@type\":\"Organization\",\"@id\":\"https:\\\/\\\/abc-latina.com\\\/#organization\",\"name\":\"Abc-latina\",\"url\":\"https:\\\/\\\/abc-latina.com\\\/\",\"logo\":{\"@type\":\"ImageObject\",\"inLanguage\":\"fr-FR\",\"@id\":\"https:\\\/\\\/abc-latina.com\\\/#\\\/schema\\\/logo\\\/image\\\/\",\"url\":\"https:\\\/\\\/abc-latina.com\\\/wp-content\\\/uploads\\\/2026\\\/05\\\/cropped-logo.gif\",\"contentUrl\":\"https:\\\/\\\/abc-latina.com\\\/wp-content\\\/uploads\\\/2026\\\/05\\\/cropped-logo.gif\",\"width\":89,\"height\":84,\"caption\":\"Abc-latina\"},\"image\":{\"@id\":\"https:\\\/\\\/abc-latina.com\\\/#\\\/schema\\\/logo\\\/image\\\/\"}}]}<\/script>\n<!-- \/ Yoast SEO plugin. -->","yoast_head_json":{"title":"OAXACA - Abc-latina","description":"Visite et d\u00e9couverte du Mexique: La r\u00e9gion et la ville d'Oaxaca.","robots":{"index":"index","follow":"follow","max-snippet":"max-snippet:-1","max-image-preview":"max-image-preview:large","max-video-preview":"max-video-preview:-1"},"canonical":"https:\/\/abc-latina.com\/mexique\/oaxaca\/","og_locale":"fr_FR","og_type":"article","og_title":"OAXACA - Abc-latina","og_description":"Visite et d\u00e9couverte du Mexique: La r\u00e9gion et la ville d'Oaxaca.","og_url":"https:\/\/abc-latina.com\/mexique\/oaxaca\/","og_site_name":"Abc-latina","article_modified_time":"2018-06-10T17:37:23+00:00","og_image":[{"width":250,"height":250,"url":"https:\/\/abc-latina.com\/wp-content\/uploads\/2010\/06\/oaxaca.jpg","type":"image\/jpeg"}],"twitter_card":"summary_large_image","twitter_misc":{"Dur\u00e9e de lecture estim\u00e9e":"2 minutes"},"schema":{"@context":"https:\/\/schema.org","@graph":[{"@type":"WebPage","@id":"https:\/\/abc-latina.com\/mexique\/oaxaca\/","url":"https:\/\/abc-latina.com\/mexique\/oaxaca\/","name":"OAXACA - Abc-latina","isPartOf":{"@id":"https:\/\/abc-latina.com\/#website"},"primaryImageOfPage":{"@id":"https:\/\/abc-latina.com\/mexique\/oaxaca\/#primaryimage"},"image":{"@id":"https:\/\/abc-latina.com\/mexique\/oaxaca\/#primaryimage"},"thumbnailUrl":"https:\/\/abc-latina.com\/wp-content\/uploads\/2010\/06\/oaxaca.jpg","datePublished":"2010-06-04T20:55:00+00:00","dateModified":"2018-06-10T17:37:23+00:00","description":"Visite et d\u00e9couverte du Mexique: La r\u00e9gion et la ville d'Oaxaca.","breadcrumb":{"@id":"https:\/\/abc-latina.com\/mexique\/oaxaca\/#breadcrumb"},"inLanguage":"fr-FR","potentialAction":[{"@type":"ReadAction","target":["https:\/\/abc-latina.com\/mexique\/oaxaca\/"]}]},{"@type":"ImageObject","inLanguage":"fr-FR","@id":"https:\/\/abc-latina.com\/mexique\/oaxaca\/#primaryimage","url":"https:\/\/abc-latina.com\/wp-content\/uploads\/2010\/06\/oaxaca.jpg","contentUrl":"https:\/\/abc-latina.com\/wp-content\/uploads\/2010\/06\/oaxaca.jpg","width":250,"height":250,"caption":"OAXACA"},{"@type":"BreadcrumbList","@id":"https:\/\/abc-latina.com\/mexique\/oaxaca\/#breadcrumb","itemListElement":[{"@type":"ListItem","position":1,"name":"Accueil","item":"https:\/\/abc-latina.com\/"},{"@type":"ListItem","position":2,"name":"OAXACA"}]},{"@type":"WebSite","@id":"https:\/\/abc-latina.com\/#website","url":"https:\/\/abc-latina.com\/","name":"Abc-latina","description":"","publisher":{"@id":"https:\/\/abc-latina.com\/#organization"},"potentialAction":[{"@type":"SearchAction","target":{"@type":"EntryPoint","urlTemplate":"https:\/\/abc-latina.com\/?s={search_term_string}"},"query-input":{"@type":"PropertyValueSpecification","valueRequired":true,"valueName":"search_term_string"}}],"inLanguage":"fr-FR"},{"@type":"Organization","@id":"https:\/\/abc-latina.com\/#organization","name":"Abc-latina","url":"https:\/\/abc-latina.com\/","logo":{"@type":"ImageObject","inLanguage":"fr-FR","@id":"https:\/\/abc-latina.com\/#\/schema\/logo\/image\/","url":"https:\/\/abc-latina.com\/wp-content\/uploads\/2026\/05\/cropped-logo.gif","contentUrl":"https:\/\/abc-latina.com\/wp-content\/uploads\/2026\/05\/cropped-logo.gif","width":89,"height":84,"caption":"Abc-latina"},"image":{"@id":"https:\/\/abc-latina.com\/#\/schema\/logo\/image\/"}}]}},"_links":{"self":[{"href":"https:\/\/abc-latina.com\/wp-json\/wp\/v2\/pages\/332","targetHints":{"allow":["GET"]}}],"collection":[{"href":"https:\/\/abc-latina.com\/wp-json\/wp\/v2\/pages"}],"about":[{"href":"https:\/\/abc-latina.com\/wp-json\/wp\/v2\/types\/page"}],"author":[{"embeddable":true,"href":"https:\/\/abc-latina.com\/wp-json\/wp\/v2\/users\/3"}],"replies":[{"embeddable":true,"href":"https:\/\/abc-latina.com\/wp-json\/wp\/v2\/comments?post=332"}],"version-history":[{"count":0,"href":"https:\/\/abc-latina.com\/wp-json\/wp\/v2\/pages\/332\/revisions"}],"up":[{"embeddable":true,"href":"https:\/\/abc-latina.com\/wp-json\/wp\/v2\/pages\/2308"}],"wp:featuredmedia":[{"embeddable":true,"href":"https:\/\/abc-latina.com\/wp-json\/wp\/v2\/media\/331"}],"wp:attachment":[{"href":"https:\/\/abc-latina.com\/wp-json\/wp\/v2\/media?parent=332"}],"curies":[{"name":"wp","href":"https:\/\/api.w.org\/{rel}","templated":true}]}}