{"id":367,"date":"2010-06-06T00:05:00","date_gmt":"2010-06-05T22:05:00","guid":{"rendered":"http:\/\/abc-latina.com\/montelimar-php\/"},"modified":"2018-06-12T16:38:32","modified_gmt":"2018-06-12T14:38:32","slug":"montelimar","status":"publish","type":"page","link":"https:\/\/abc-latina.com\/nicaragua\/montelimar\/","title":{"rendered":"MONTELIMAR"},"content":{"rendered":"<div><img loading=\"lazy\" decoding=\"async\" class=\" alignright size-full wp-image-366\" src=\"http:\/\/abc-latina.com\/wp-content\/uploads\/2010\/06\/montelimar.jpg\" title=\"MONTELIMAR - NICARAGUA\" alt=\"MONTELIMAR - NICARAGUA\" width=\"220\" vspace=\"9\" hspace=\"15\" height=\"220\" align=\"right\" srcset=\"https:\/\/abc-latina.com\/wp-content\/uploads\/2010\/06\/montelimar.jpg 220w, https:\/\/abc-latina.com\/wp-content\/uploads\/2010\/06\/montelimar-150x150.jpg 150w\" sizes=\"auto, (max-width: 220px) 100vw, 220px\" \/>A <span class=\"tourisme-chapitre\">Montelimar<\/span>, l&rsquo;histoire du Montelimar Beach Resort and Casino a \u00e9t\u00e9 model\u00e9e par les courants politiques qui ont parcouru le pays. Auparavant, toute la r\u00e9gion appartenait \u00e0 <a target=\"_blank\" href=\"https:\/\/www.abc-latina.com\/personnalites\/anastasio_somoza\">Somoza<\/a>, qui en avait fait un lieu de r\u00e9sidence et de retraite pour lui-m\u00eame et pour ses proches parents et amis. Il y avait fait construire une piste d&rsquo;atterrissage pour ses avions priv\u00e9s, \u00e9rig\u00e9 la jet\u00e9e qui se trouve au sud du complexe et cr\u00e9\u00e9 de toutes pi\u00e8ces une autoroute entre son royaume et Managua, la route de montagne passant par San Rafael del Sur\u00e9tant beaucoup trop fastidieuse.<\/div>\n<div>&nbsp;<\/div>\n<div>Lorsque les sandinistes s&#8217;empar\u00e8rent du pouvoir en 1979, ils confisqu\u00e8rent les lieux. Puis, en 1986, on r\u00e9solut de transformer l&rsquo;endroit en complexe touristique, et c&rsquo;est avec l&rsquo;aide d&rsquo;investisseurs italiens que les sandinistes firent am\u00e9nager les bungalows, le pavillon d&rsquo;accueil et la piscine. Apr\u00e8s que le gouvernement eut chang\u00e9 de mains en 1990, le site demeura pendant deux ans un parc r\u00e9cr\u00e9atif sous la tutelle de l&rsquo;\u00c9tat. Le propri\u00e9taire actuel, la cha\u00eene h\u00f4teli\u00e8re espagnole Barcel\u00f3, a fait l&rsquo;acquisition du complexe en 1992 et l&rsquo;a renomm\u00e9 le Barcel\u00f3 Playa Montelimar, dont l&rsquo;\u00e9blouissante beaut\u00e9 naturelle vaut \u00e0 elle seule le d\u00e9placement, mais le reste du complexe ne fera qu&rsquo;ajouter \u00e0 votre plaisir..<\/div>\n<div>&nbsp;<\/div>\n<div>\n<div><a target=\"_blank\" href=\"..\/tour_operateur\"><img loading=\"lazy\" decoding=\"async\" class=\" size-full wp-image-41\" src=\"http:\/\/abc-latina.com\/wp-content\/uploads\/2010\/04\/timbre_to.gif\" class=\"touroperateur\" alt=\"\" width=\"125\" height=\"90\" \/><\/a><\/div>\n<p>De tous les b\u00e2timents qui se trouvent aujourd&rsquo;hui sur le site, seulement deux datent de l&rsquo;\u00e9poque de Somoza. La Casona, qui abrite le restaurant et le casino au sommet de la falaise, servait de r\u00e9sidence d&rsquo;\u00e9t\u00e9 au dictateur. La construction originale n&rsquo;\u00e9tait pas suffisamment r\u00e9sistante aux tremblements de terre, si bien qu&rsquo;elle fut d\u00e9truite et reb\u00e2tie de mani\u00e8re \u00e0 retrouver exactement son apparence initiale, mais cette fois de fa\u00e7on \u00e0 pouvoir r\u00e9sister \u00e0 un tremblement de terre de force 8 sur l&rsquo;\u00e9chelle de Richter. El Oc\u00e9ano, le restaurant \u00e0 aire ouverte qui repose en bordure de la plage, fut quant \u00e0 lui \u00e9rig\u00e9 \u00e0 l&rsquo;occasion du mariage de la fille de Somoza. Une bonne partie des mat\u00e9riaux de construction fut import\u00e9e de Tahiti, et le b\u00e2timent lui-m\u00eame n&rsquo;a subi aucun changement.<\/p><\/div>\n<div>La plage, une \u00e9tendue de sable volcanique gris de 11 km, n&rsquo;a pratiquement pas \u00e9t\u00e9 touch\u00e9e, et l&rsquo;on n&rsquo;y remarque que quelques am\u00e9nagements paysagers.<\/div>\n","protected":false},"excerpt":{"rendered":"<p>A Montelimar, l&rsquo;histoire du Montelimar Beach Resort and Casino a \u00e9t\u00e9 model\u00e9e par les courants politiques qui ont parcouru le [&hellip;]<\/p>\n","protected":false},"author":3,"featured_media":366,"parent":2310,"menu_order":0,"comment_status":"closed","ping_status":"closed","template":"","meta":{"site-sidebar-layout":"default","site-content-layout":"","ast-site-content-layout":"default","site-content-style":"default","site-sidebar-style":"default","ast-global-header-display":"","ast-banner-title-visibility":"","ast-main-header-display":"","ast-hfb-above-header-display":"","ast-hfb-below-header-display":"","ast-hfb-mobile-header-display":"","site-post-title":"","ast-breadcrumbs-content":"","ast-featured-img":"","footer-sml-layout":"","ast-disable-related-posts":"","theme-transparent-header-meta":"","adv-header-id-meta":"","stick-header-meta":"","header-above-stick-meta":"","header-main-stick-meta":"","header-below-stick-meta":"","astra-migrate-meta-layouts":"default","ast-page-background-enabled":"default","ast-page-background-meta":{"desktop":{"background-color":"var(--ast-global-color-5)","background-image":"","background-repeat":"repeat","background-position":"center center","background-size":"auto","background-attachment":"scroll","background-type":"","background-media":"","overlay-type":"","overlay-color":"","overlay-opacity":"","overlay-gradient":""},"tablet":{"background-color":"","background-image":"","background-repeat":"repeat","background-position":"center center","background-size":"auto","background-attachment":"scroll","background-type":"","background-media":"","overlay-type":"","overlay-color":"","overlay-opacity":"","overlay-gradient":""},"mobile":{"background-color":"","background-image":"","background-repeat":"repeat","background-position":"center center","background-size":"auto","background-attachment":"scroll","background-type":"","background-media":"","overlay-type":"","overlay-color":"","overlay-opacity":"","overlay-gradient":""}},"ast-content-background-meta":{"desktop":{"background-color":"var(--ast-global-color-4)","background-image":"","background-repeat":"repeat","background-position":"center center","background-size":"auto","background-attachment":"scroll","background-type":"","background-media":"","overlay-type":"","overlay-color":"","overlay-opacity":"","overlay-gradient":""},"tablet":{"background-color":"var(--ast-global-color-4)","background-image":"","background-repeat":"repeat","background-position":"center center","background-size":"auto","background-attachment":"scroll","background-type":"","background-media":"","overlay-type":"","overlay-color":"","overlay-opacity":"","overlay-gradient":""},"mobile":{"background-color":"var(--ast-global-color-4)","background-image":"","background-repeat":"repeat","background-position":"center center","background-size":"auto","background-attachment":"scroll","background-type":"","background-media":"","overlay-type":"","overlay-color":"","overlay-opacity":"","overlay-gradient":""}},"footnotes":""},"class_list":["post-367","page","type-page","status-publish","has-post-thumbnail","hentry"],"yoast_head":"<!-- This site is optimized with the Yoast SEO plugin v27.5 - https:\/\/yoast.com\/product\/yoast-seo-wordpress\/ -->\n<title>MONTELIMAR - Abc-latina<\/title>\n<meta name=\"description\" content=\"Montelimar, tourisme et voyage au Nicaragua.\" \/>\n<meta name=\"robots\" content=\"index, follow, max-snippet:-1, max-image-preview:large, max-video-preview:-1\" \/>\n<link rel=\"canonical\" href=\"https:\/\/abc-latina.com\/nicaragua\/montelimar\/\" \/>\n<meta property=\"og:locale\" content=\"fr_FR\" \/>\n<meta property=\"og:type\" content=\"article\" \/>\n<meta property=\"og:title\" content=\"MONTELIMAR - Abc-latina\" \/>\n<meta property=\"og:description\" content=\"Montelimar, tourisme et voyage au Nicaragua.\" \/>\n<meta property=\"og:url\" content=\"https:\/\/abc-latina.com\/nicaragua\/montelimar\/\" \/>\n<meta property=\"og:site_name\" content=\"Abc-latina\" \/>\n<meta property=\"article:modified_time\" content=\"2018-06-12T14:38:32+00:00\" \/>\n<meta property=\"og:image\" content=\"https:\/\/abc-latina.com\/wp-content\/uploads\/2010\/06\/montelimar.jpg\" \/>\n\t<meta property=\"og:image:width\" content=\"220\" \/>\n\t<meta property=\"og:image:height\" content=\"220\" \/>\n\t<meta property=\"og:image:type\" content=\"image\/jpeg\" \/>\n<meta name=\"twitter:card\" content=\"summary_large_image\" \/>\n<meta name=\"twitter:label1\" content=\"Dur\u00e9e de lecture estim\u00e9e\" \/>\n\t<meta name=\"twitter:data1\" content=\"2 minutes\" \/>\n<script type=\"application\/ld+json\" class=\"yoast-schema-graph\">{\"@context\":\"https:\\\/\\\/schema.org\",\"@graph\":[{\"@type\":\"WebPage\",\"@id\":\"https:\\\/\\\/abc-latina.com\\\/nicaragua\\\/montelimar\\\/\",\"url\":\"https:\\\/\\\/abc-latina.com\\\/nicaragua\\\/montelimar\\\/\",\"name\":\"MONTELIMAR - Abc-latina\",\"isPartOf\":{\"@id\":\"https:\\\/\\\/abc-latina.com\\\/#website\"},\"primaryImageOfPage\":{\"@id\":\"https:\\\/\\\/abc-latina.com\\\/nicaragua\\\/montelimar\\\/#primaryimage\"},\"image\":{\"@id\":\"https:\\\/\\\/abc-latina.com\\\/nicaragua\\\/montelimar\\\/#primaryimage\"},\"thumbnailUrl\":\"https:\\\/\\\/abc-latina.com\\\/wp-content\\\/uploads\\\/2010\\\/06\\\/montelimar.jpg\",\"datePublished\":\"2010-06-05T22:05:00+00:00\",\"dateModified\":\"2018-06-12T14:38:32+00:00\",\"description\":\"Montelimar, tourisme et voyage au Nicaragua.\",\"breadcrumb\":{\"@id\":\"https:\\\/\\\/abc-latina.com\\\/nicaragua\\\/montelimar\\\/#breadcrumb\"},\"inLanguage\":\"fr-FR\",\"potentialAction\":[{\"@type\":\"ReadAction\",\"target\":[\"https:\\\/\\\/abc-latina.com\\\/nicaragua\\\/montelimar\\\/\"]}]},{\"@type\":\"ImageObject\",\"inLanguage\":\"fr-FR\",\"@id\":\"https:\\\/\\\/abc-latina.com\\\/nicaragua\\\/montelimar\\\/#primaryimage\",\"url\":\"https:\\\/\\\/abc-latina.com\\\/wp-content\\\/uploads\\\/2010\\\/06\\\/montelimar.jpg\",\"contentUrl\":\"https:\\\/\\\/abc-latina.com\\\/wp-content\\\/uploads\\\/2010\\\/06\\\/montelimar.jpg\",\"width\":220,\"height\":220,\"caption\":\"MONTELIMAR - NICARAGUA\"},{\"@type\":\"BreadcrumbList\",\"@id\":\"https:\\\/\\\/abc-latina.com\\\/nicaragua\\\/montelimar\\\/#breadcrumb\",\"itemListElement\":[{\"@type\":\"ListItem\",\"position\":1,\"name\":\"Accueil\",\"item\":\"https:\\\/\\\/abc-latina.com\\\/\"},{\"@type\":\"ListItem\",\"position\":2,\"name\":\"MONTELIMAR\"}]},{\"@type\":\"WebSite\",\"@id\":\"https:\\\/\\\/abc-latina.com\\\/#website\",\"url\":\"https:\\\/\\\/abc-latina.com\\\/\",\"name\":\"Abc-latina\",\"description\":\"\",\"publisher\":{\"@id\":\"https:\\\/\\\/abc-latina.com\\\/#organization\"},\"potentialAction\":[{\"@type\":\"SearchAction\",\"target\":{\"@type\":\"EntryPoint\",\"urlTemplate\":\"https:\\\/\\\/abc-latina.com\\\/?s={search_term_string}\"},\"query-input\":{\"@type\":\"PropertyValueSpecification\",\"valueRequired\":true,\"valueName\":\"search_term_string\"}}],\"inLanguage\":\"fr-FR\"},{\"@type\":\"Organization\",\"@id\":\"https:\\\/\\\/abc-latina.com\\\/#organization\",\"name\":\"Abc-latina\",\"url\":\"https:\\\/\\\/abc-latina.com\\\/\",\"logo\":{\"@type\":\"ImageObject\",\"inLanguage\":\"fr-FR\",\"@id\":\"https:\\\/\\\/abc-latina.com\\\/#\\\/schema\\\/logo\\\/image\\\/\",\"url\":\"https:\\\/\\\/abc-latina.com\\\/wp-content\\\/uploads\\\/2026\\\/05\\\/cropped-logo.gif\",\"contentUrl\":\"https:\\\/\\\/abc-latina.com\\\/wp-content\\\/uploads\\\/2026\\\/05\\\/cropped-logo.gif\",\"width\":89,\"height\":84,\"caption\":\"Abc-latina\"},\"image\":{\"@id\":\"https:\\\/\\\/abc-latina.com\\\/#\\\/schema\\\/logo\\\/image\\\/\"}}]}<\/script>\n<!-- \/ Yoast SEO plugin. -->","yoast_head_json":{"title":"MONTELIMAR - Abc-latina","description":"Montelimar, tourisme et voyage au Nicaragua.","robots":{"index":"index","follow":"follow","max-snippet":"max-snippet:-1","max-image-preview":"max-image-preview:large","max-video-preview":"max-video-preview:-1"},"canonical":"https:\/\/abc-latina.com\/nicaragua\/montelimar\/","og_locale":"fr_FR","og_type":"article","og_title":"MONTELIMAR - Abc-latina","og_description":"Montelimar, tourisme et voyage au Nicaragua.","og_url":"https:\/\/abc-latina.com\/nicaragua\/montelimar\/","og_site_name":"Abc-latina","article_modified_time":"2018-06-12T14:38:32+00:00","og_image":[{"width":220,"height":220,"url":"https:\/\/abc-latina.com\/wp-content\/uploads\/2010\/06\/montelimar.jpg","type":"image\/jpeg"}],"twitter_card":"summary_large_image","twitter_misc":{"Dur\u00e9e de lecture estim\u00e9e":"2 minutes"},"schema":{"@context":"https:\/\/schema.org","@graph":[{"@type":"WebPage","@id":"https:\/\/abc-latina.com\/nicaragua\/montelimar\/","url":"https:\/\/abc-latina.com\/nicaragua\/montelimar\/","name":"MONTELIMAR - Abc-latina","isPartOf":{"@id":"https:\/\/abc-latina.com\/#website"},"primaryImageOfPage":{"@id":"https:\/\/abc-latina.com\/nicaragua\/montelimar\/#primaryimage"},"image":{"@id":"https:\/\/abc-latina.com\/nicaragua\/montelimar\/#primaryimage"},"thumbnailUrl":"https:\/\/abc-latina.com\/wp-content\/uploads\/2010\/06\/montelimar.jpg","datePublished":"2010-06-05T22:05:00+00:00","dateModified":"2018-06-12T14:38:32+00:00","description":"Montelimar, tourisme et voyage au Nicaragua.","breadcrumb":{"@id":"https:\/\/abc-latina.com\/nicaragua\/montelimar\/#breadcrumb"},"inLanguage":"fr-FR","potentialAction":[{"@type":"ReadAction","target":["https:\/\/abc-latina.com\/nicaragua\/montelimar\/"]}]},{"@type":"ImageObject","inLanguage":"fr-FR","@id":"https:\/\/abc-latina.com\/nicaragua\/montelimar\/#primaryimage","url":"https:\/\/abc-latina.com\/wp-content\/uploads\/2010\/06\/montelimar.jpg","contentUrl":"https:\/\/abc-latina.com\/wp-content\/uploads\/2010\/06\/montelimar.jpg","width":220,"height":220,"caption":"MONTELIMAR - NICARAGUA"},{"@type":"BreadcrumbList","@id":"https:\/\/abc-latina.com\/nicaragua\/montelimar\/#breadcrumb","itemListElement":[{"@type":"ListItem","position":1,"name":"Accueil","item":"https:\/\/abc-latina.com\/"},{"@type":"ListItem","position":2,"name":"MONTELIMAR"}]},{"@type":"WebSite","@id":"https:\/\/abc-latina.com\/#website","url":"https:\/\/abc-latina.com\/","name":"Abc-latina","description":"","publisher":{"@id":"https:\/\/abc-latina.com\/#organization"},"potentialAction":[{"@type":"SearchAction","target":{"@type":"EntryPoint","urlTemplate":"https:\/\/abc-latina.com\/?s={search_term_string}"},"query-input":{"@type":"PropertyValueSpecification","valueRequired":true,"valueName":"search_term_string"}}],"inLanguage":"fr-FR"},{"@type":"Organization","@id":"https:\/\/abc-latina.com\/#organization","name":"Abc-latina","url":"https:\/\/abc-latina.com\/","logo":{"@type":"ImageObject","inLanguage":"fr-FR","@id":"https:\/\/abc-latina.com\/#\/schema\/logo\/image\/","url":"https:\/\/abc-latina.com\/wp-content\/uploads\/2026\/05\/cropped-logo.gif","contentUrl":"https:\/\/abc-latina.com\/wp-content\/uploads\/2026\/05\/cropped-logo.gif","width":89,"height":84,"caption":"Abc-latina"},"image":{"@id":"https:\/\/abc-latina.com\/#\/schema\/logo\/image\/"}}]}},"_links":{"self":[{"href":"https:\/\/abc-latina.com\/wp-json\/wp\/v2\/pages\/367","targetHints":{"allow":["GET"]}}],"collection":[{"href":"https:\/\/abc-latina.com\/wp-json\/wp\/v2\/pages"}],"about":[{"href":"https:\/\/abc-latina.com\/wp-json\/wp\/v2\/types\/page"}],"author":[{"embeddable":true,"href":"https:\/\/abc-latina.com\/wp-json\/wp\/v2\/users\/3"}],"replies":[{"embeddable":true,"href":"https:\/\/abc-latina.com\/wp-json\/wp\/v2\/comments?post=367"}],"version-history":[{"count":0,"href":"https:\/\/abc-latina.com\/wp-json\/wp\/v2\/pages\/367\/revisions"}],"up":[{"embeddable":true,"href":"https:\/\/abc-latina.com\/wp-json\/wp\/v2\/pages\/2310"}],"wp:featuredmedia":[{"embeddable":true,"href":"https:\/\/abc-latina.com\/wp-json\/wp\/v2\/media\/366"}],"wp:attachment":[{"href":"https:\/\/abc-latina.com\/wp-json\/wp\/v2\/media?parent=367"}],"curies":[{"name":"wp","href":"https:\/\/api.w.org\/{rel}","templated":true}]}}