{"id":37,"date":"2010-04-17T18:41:50","date_gmt":"2010-04-17T16:41:50","guid":{"rendered":"http:\/\/abc-latina.com\/index-html\/"},"modified":"2026-05-04T23:33:57","modified_gmt":"2026-05-04T21:33:57","slug":"index-html","status":"publish","type":"page","link":"https:\/\/abc-latina.com\/","title":{"rendered":"AMERIQUE LATINE"},"content":{"rendered":"<div class=\"accueil\">\n<p>D\u00e9couvrez l&rsquo; Am\u00e9rique latine, la grande vari\u00e9t\u00e9 de ses paysages, ses peuples aux traditions mill\u00e9naires. Ce site \u00e0 pour but de vous faire conna\u00eetre ce merveilleux continent, sous tous les angles: touristique &#8211; historique &#8211; \u00e9conomique &#8211; culturel &#8230;<\/p>\n<p style=\"text-align: center;\"><img loading=\"lazy\" decoding=\"async\" class=\" size-full wp-image-32\" title=\"AMERIQUE LATINE\" src=\"http:\/\/abc-latina.com\/wp-content\/uploads\/2010\/04\/amerique-latine.jpg\" alt=\"AMERIQUE LATINE\" width=\"450\" height=\"140\" align=\"middle\" srcset=\"https:\/\/abc-latina.com\/wp-content\/uploads\/2010\/04\/amerique-latine.jpg 450w, https:\/\/abc-latina.com\/wp-content\/uploads\/2010\/04\/amerique-latine-300x93.jpg 300w\" sizes=\"auto, (max-width: 450px) 100vw, 450px\" \/><\/p>\n<\/div>\n<p>&nbsp;<\/p>\n<p><strong>ABC LATINA<\/strong>, c\u2019est l\u2019Am\u00e9rique latine sous tous les angles:<br \/>Tout d\u2019abord le\u00a0<a href=\"https:\/\/www.abc-latina.com\/amerique_latine\/tourisme.htm\">TOURISME<\/a>\u00a0qui pr\u00e9sente tous les pays par villes et r\u00e9gions, mais aussi des rubriques\u00a0<a href=\"https:\/\/www.abc-latina.com\/amerique_latine\/recits_de_voyages.htm\">RECITS DE VOYAGES<\/a>\u00a0qui apportent l\u2019indispensable et souvent fort int\u00e9ressant avis des internautes. Les\u00a0<a href=\"https:\/\/www.abc-latina.com\/amerique_latine\/information_pratique.htm\">INFORMATIONS PRATIQUES<\/a>\u00a0vous donneront toutes les indications avant de partir \u00e0 la d\u00e9couverte de ce merveilleux continent.<\/p>\n<p>L\u2019\u00a0<a href=\"https:\/\/www.abc-latina.com\/amerique_latine\/histoire.htm\">HISTOIRE<\/a>\u00a0de chaque pays est abord\u00e9e chronologiquement, ainsi que l\u2019histoire des principales\u00a0<a href=\"https:\/\/www.abc-latina.com\/civilisations\" target=\"_blank\" rel=\"noopener\">CIVILISATIONS PRECOLOMBIENNES<\/a><\/p>\n<p>Les principaux faits politiques, \u00e9conomiques, sociaux sont r\u00e9sum\u00e9s dans la rubrique\u00a0<a href=\"https:\/\/www.abc-latina.com\/amerique_latine\/news.htm\">NEWS<\/a>, tous les quotidiens et magazines latinos am\u00e9ricains sont r\u00e9pertori\u00e9s sur la page PRESSE<\/p>\n<p>Les rubriques\u00a0<a href=\"https:\/\/www.abc-latina.com\/amerique_latine\/economie.htm\">ECONOMIQUE<\/a>,\u00a0<a href=\"https:\/\/www.abc-latina.com\/amerique_latine\/geographie.htm\">GEOGRAPHIQUE<\/a>\u00a0et\u00a0<a href=\"https:\/\/www.abc-latina.com\/amerique_latine\/photos.htm\">PHOTOGRAPHIQUE<\/a>\u00a0compl\u00e9te la pr\u00e9sentation de chaque pays.<\/p>\n<p>N\u2019h\u00e9sitez pas \u00e0 consulter et \u00e0 utiliser le\u00a0<a href=\"https:\/\/www.abc-latina.com\/forum\/\" target=\"_blank\" rel=\"noopener\">FORUM DE DISCUSSION<\/a><\/p>\n<p>Voyez aussi les autres rubriques :<br \/>MUSIQUE<br \/><a href=\"https:\/\/www.abc-latina.com\/musique\" target=\"_blank\" rel=\"noopener\">Les genres musicaux et les artistes latinos am\u00e9ricains<\/a><\/p>\n<p>GASTRONOMIE<br \/>La cuisine d\u2019Am\u00e9rique latine riche et vari\u00e9es, qui compte parmi les meilleures du monde \u2026<br \/><a href=\"https:\/\/www.restos-latinos.com\/\" target=\"_blank\" rel=\"noopener\">Les restaurants latinos en France \u2026<\/a><\/p>\n<p>TELEVISIONS \u2013 RADIOS<br \/><a href=\"https:\/\/www.abc-latina.com\/amerique_latine\/television.htm\">Regardez et \u00e9coutez en direct les t\u00e9l\u00e9visions et radios latinos-am\u00e9ricaines \u2026<\/a><\/p>\n<p>ASSOCIATIONS<br \/><a href=\"https:\/\/www.abc-latina.com\/amerique_latine\/association.htm\">Les associations cultuelles, humanitaires li\u00e9es \u00e0 l\u2019Am\u00e9rique latine en France et dans le monde francophone (Canada- Belgique-Suisse)\u2026<\/a><\/p>\n<p>Bien d\u2019autres rubriques sont trait\u00e9es selon les pays, d\u00e9couvrez les en surfant sur le site \u2026<\/p>\n<div class=\"accueil\">\n<h2><strong>A LA UNE <\/strong><\/h2>\n<h3>Roman : \u00ab Azt\u00e8ques harem\u00bb<\/h3>\n<p style=\"text-align: left;\"><img loading=\"lazy\" decoding=\"async\" class=\" alignleft size-full wp-image-33\" title=\"Autotour \u00e0 Cuba\" src=\"http:\/\/abc-latina.com\/wp-content\/uploads\/2010\/04\/azteques-harem2.jpg\" alt=\"Autotour \u00e0 Cuba\" width=\"195\" height=\"130\" align=\"left\" hspace=\"10\" \/>A lire: <br \/>Une attaque des Azt\u00e8ques, une fille de chef vendue comme esclave dans un harem. Intrigues, manipulations et meurtres au coeur de la\u00a0 civilisation pr\u00e9colombienne.\u2026 \u00a0\u00a0 <a href=\"https:\/\/costaeric.fr\/\" target=\"_blank\" rel=\"noopener\"><strong>La suite<\/strong><\/a><\/p>\n<h3>\u00a0<\/h3>\n<h3>Mexique: Sur les traces des anciennes civilisations<\/h3>\n<p><img loading=\"lazy\" decoding=\"async\" class=\" alignleft size-full wp-image-34\" title=\"Mexique: anciennes civilisations\" src=\"http:\/\/abc-latina.com\/wp-content\/uploads\/2010\/04\/site-palenque-chiapas-2.jpg\" alt=\"Mexique: anciennes civilisations\" width=\"173\" height=\"130\" align=\"left\" hspace=\"10\" \/>Le Mexique poss\u00e8de de nombreux vestiges de civilisations mayas et azt\u00e8ques entre autres, qui ont influenc\u00e9 l\u2019histoire, d\u00e9velopp\u00e9 des innovations technologiques et scientifiques, et inspir\u00e9 notre imaginaire gr\u00e2ce \u00e0 leurs mythes et l\u00e9gendes. <a href=\"https:\/\/www.abc-latina.com\/mexique\/sur-les-traces-des-anciennes-civilisations-du-mexique\"><strong>La suite <\/strong><\/a><\/p>\n<p>&nbsp;<\/p>\n<h3>\u00a0<\/h3>\n<h3>Chili: L\u2019\u00eele de P\u00e2ques a encore des secrets \u00e0 r\u00e9v\u00e9ler<\/h3>\n<p><img loading=\"lazy\" decoding=\"async\" class=\" alignleft size-full wp-image-35\" title=\"L\u2019\u00eele de P\u00e2ques a encore des secrets \u00e0 r\u00e9v\u00e9ler\" src=\"http:\/\/abc-latina.com\/wp-content\/uploads\/2010\/04\/chili-iledepaques.jpg\" alt=\"L\u2019\u00eele de P\u00e2ques a encore des secrets \u00e0 r\u00e9v\u00e9ler\" width=\"173\" height=\"130\" align=\"left\" hspace=\"10\" srcset=\"https:\/\/abc-latina.com\/wp-content\/uploads\/2010\/04\/chili-iledepaques.jpg 1280w, https:\/\/abc-latina.com\/wp-content\/uploads\/2010\/04\/chili-iledepaques-300x225.jpg 300w, https:\/\/abc-latina.com\/wp-content\/uploads\/2010\/04\/chili-iledepaques-1024x768.jpg 1024w, https:\/\/abc-latina.com\/wp-content\/uploads\/2010\/04\/chili-iledepaques-768x576.jpg 768w\" sizes=\"auto, (max-width: 173px) 100vw, 173px\" \/>S\u2019il y a bien une \u00eele du Pacifique qui n\u2019est plus \u00e0 pr\u00e9senter, c\u2019est bien l\u2019\u00eele de P\u00e2ques ! Le myst\u00e8re de ses quelques 900 statues achev\u00e9es et inachev\u00e9es, a toujours passionn\u00e9 historiens et arch\u00e9ologues ; comment de tels monuments ont pu \u00eatre \u00e9rig\u00e9s, et quelles raisons ont pouss\u00e9es un peuple \u00e0 se lancer dans un tel chantier.\u00a0\u00a0\u00a0 <a href=\"https:\/\/www.abc-latina.com\/chili\/ile-de-paques-des-secrets-a-reveler\"><strong>La suite<\/strong><\/a><\/p>\n<h3>\u00a0<\/h3>\n<h3>Costa Rica : \u00ab Les tr\u00e9sors naturels du Costa Rica \u00bb<\/h3>\n<p><img loading=\"lazy\" decoding=\"async\" class=\" alignleft size-full wp-image-36\" title=\"L\u2019\u00eele de P\u00e2ques a encore des secrets \u00e0 r\u00e9v\u00e9ler\" src=\"http:\/\/abc-latina.com\/wp-content\/uploads\/2010\/04\/cheval-monteverde.jpg\" alt=\"L\u2019\u00eele de P\u00e2ques a encore des secrets \u00e0 r\u00e9v\u00e9ler\" width=\"196\" height=\"130\" align=\"left\" hspace=\"10\" srcset=\"https:\/\/abc-latina.com\/wp-content\/uploads\/2010\/04\/cheval-monteverde.jpg 460w, https:\/\/abc-latina.com\/wp-content\/uploads\/2010\/04\/cheval-monteverde-300x199.jpg 300w\" sizes=\"auto, (max-width: 196px) 100vw, 196px\" \/>Depuis son ouverture au tourisme dans les ann\u00e9es 80, le Costa Rica s\u2019est orient\u00e9 vers l\u2019\u00e9cotourisme et la protection de l\u2019environnement. Il existe aujourd\u2019hui 28 parcs nationaux\u2026 \u00a0\u00a0 <a href=\"https:\/\/www.abc-latina.com\/costarica\/tresors-naturels-du-costa-rica\"><strong>La suite<\/strong><\/a><\/p>\n<h3>\u00a0<\/h3>\n<\/div>\n<p>&nbsp;<\/p>\n\n\n<p><\/p>\n","protected":false},"excerpt":{"rendered":"<p>D\u00e9couvrez l&rsquo; Am\u00e9rique latine, la grande vari\u00e9t\u00e9 de ses paysages, ses peuples aux traditions mill\u00e9naires. Ce site \u00e0 pour but [&hellip;]<\/p>\n","protected":false},"author":2,"featured_media":32,"parent":0,"menu_order":0,"comment_status":"closed","ping_status":"closed","template":"","meta":{"site-sidebar-layout":"left-sidebar","site-content-layout":"","ast-site-content-layout":"default","site-content-style":"default","site-sidebar-style":"default","ast-global-header-display":"","ast-banner-title-visibility":"","ast-main-header-display":"","ast-hfb-above-header-display":"","ast-hfb-below-header-display":"","ast-hfb-mobile-header-display":"","site-post-title":"","ast-breadcrumbs-content":"","ast-featured-img":"","footer-sml-layout":"","ast-disable-related-posts":"","theme-transparent-header-meta":"","adv-header-id-meta":"","stick-header-meta":"","header-above-stick-meta":"","header-main-stick-meta":"","header-below-stick-meta":"","astra-migrate-meta-layouts":"default","ast-page-background-enabled":"default","ast-page-background-meta":{"desktop":{"background-color":"var(--ast-global-color-5)","background-image":"","background-repeat":"repeat","background-position":"center center","background-size":"auto","background-attachment":"scroll","background-type":"","background-media":"","overlay-type":"","overlay-color":"","overlay-opacity":"","overlay-gradient":""},"tablet":{"background-color":"","background-image":"","background-repeat":"repeat","background-position":"center center","background-size":"auto","background-attachment":"scroll","background-type":"","background-media":"","overlay-type":"","overlay-color":"","overlay-opacity":"","overlay-gradient":""},"mobile":{"background-color":"","background-image":"","background-repeat":"repeat","background-position":"center center","background-size":"auto","background-attachment":"scroll","background-type":"","background-media":"","overlay-type":"","overlay-color":"","overlay-opacity":"","overlay-gradient":""}},"ast-content-background-meta":{"desktop":{"background-color":"var(--ast-global-color-4)","background-image":"","background-repeat":"repeat","background-position":"center center","background-size":"auto","background-attachment":"scroll","background-type":"","background-media":"","overlay-type":"","overlay-color":"","overlay-opacity":"","overlay-gradient":""},"tablet":{"background-color":"var(--ast-global-color-4)","background-image":"","background-repeat":"repeat","background-position":"center center","background-size":"auto","background-attachment":"scroll","background-type":"","background-media":"","overlay-type":"","overlay-color":"","overlay-opacity":"","overlay-gradient":""},"mobile":{"background-color":"var(--ast-global-color-4)","background-image":"","background-repeat":"repeat","background-position":"center center","background-size":"auto","background-attachment":"scroll","background-type":"","background-media":"","overlay-type":"","overlay-color":"","overlay-opacity":"","overlay-gradient":""}},"footnotes":""},"class_list":["post-37","page","type-page","status-publish","has-post-thumbnail","hentry"],"yoast_head":"<!-- This site is optimized with the Yoast SEO plugin v27.5 - https:\/\/yoast.com\/product\/yoast-seo-wordpress\/ -->\n<title>AMERIQUE LATINE - Abc-latina<\/title>\n<meta name=\"robots\" content=\"noindex, follow\" \/>\n<meta property=\"og:locale\" content=\"fr_FR\" \/>\n<meta property=\"og:type\" content=\"article\" \/>\n<meta property=\"og:title\" content=\"AMERIQUE LATINE - Abc-latina\" \/>\n<meta property=\"og:description\" content=\"D\u00e9couvrez l&rsquo; Am\u00e9rique latine, la grande vari\u00e9t\u00e9 de ses paysages, ses peuples aux traditions mill\u00e9naires. Ce site \u00e0 pour but [&hellip;]\" \/>\n<meta property=\"og:url\" content=\"https:\/\/abc-latina.com\/\" \/>\n<meta property=\"og:site_name\" content=\"Abc-latina\" \/>\n<meta property=\"article:modified_time\" content=\"2026-05-04T21:33:57+00:00\" \/>\n<meta property=\"og:image\" content=\"https:\/\/abc-latina.com\/wp-content\/uploads\/2010\/04\/amerique-latine.jpg\" \/>\n\t<meta property=\"og:image:width\" content=\"450\" \/>\n\t<meta property=\"og:image:height\" content=\"140\" \/>\n\t<meta property=\"og:image:type\" content=\"image\/jpeg\" \/>\n<meta name=\"twitter:card\" content=\"summary_large_image\" \/>\n<meta name=\"twitter:label1\" content=\"Dur\u00e9e de lecture estim\u00e9e\" \/>\n\t<meta name=\"twitter:data1\" content=\"4 minutes\" \/>\n<script type=\"application\/ld+json\" class=\"yoast-schema-graph\">{\"@context\":\"https:\\\/\\\/schema.org\",\"@graph\":[{\"@type\":\"WebPage\",\"@id\":\"https:\\\/\\\/abc-latina.com\\\/\",\"url\":\"https:\\\/\\\/abc-latina.com\\\/\",\"name\":\"AMERIQUE LATINE - Abc-latina\",\"isPartOf\":{\"@id\":\"https:\\\/\\\/abc-latina.com\\\/#website\"},\"primaryImageOfPage\":{\"@id\":\"https:\\\/\\\/abc-latina.com\\\/#primaryimage\"},\"image\":{\"@id\":\"https:\\\/\\\/abc-latina.com\\\/#primaryimage\"},\"thumbnailUrl\":\"https:\\\/\\\/abc-latina.com\\\/wp-content\\\/uploads\\\/2010\\\/04\\\/amerique-latine.jpg\",\"datePublished\":\"2010-04-17T16:41:50+00:00\",\"dateModified\":\"2026-05-04T21:33:57+00:00\",\"breadcrumb\":{\"@id\":\"https:\\\/\\\/abc-latina.com\\\/#breadcrumb\"},\"inLanguage\":\"fr-FR\",\"potentialAction\":[{\"@type\":\"ReadAction\",\"target\":[\"https:\\\/\\\/abc-latina.com\\\/\"]}]},{\"@type\":\"ImageObject\",\"inLanguage\":\"fr-FR\",\"@id\":\"https:\\\/\\\/abc-latina.com\\\/#primaryimage\",\"url\":\"https:\\\/\\\/abc-latina.com\\\/wp-content\\\/uploads\\\/2010\\\/04\\\/amerique-latine.jpg\",\"contentUrl\":\"https:\\\/\\\/abc-latina.com\\\/wp-content\\\/uploads\\\/2010\\\/04\\\/amerique-latine.jpg\",\"width\":450,\"height\":140,\"caption\":\"AMERIQUE LATINE\"},{\"@type\":\"BreadcrumbList\",\"@id\":\"https:\\\/\\\/abc-latina.com\\\/#breadcrumb\",\"itemListElement\":[{\"@type\":\"ListItem\",\"position\":1,\"name\":\"Accueil\",\"item\":\"https:\\\/\\\/abc-latina.com\\\/\"},{\"@type\":\"ListItem\",\"position\":2,\"name\":\"AMERIQUE LATINE\"}]},{\"@type\":\"WebSite\",\"@id\":\"https:\\\/\\\/abc-latina.com\\\/#website\",\"url\":\"https:\\\/\\\/abc-latina.com\\\/\",\"name\":\"Abc-latina\",\"description\":\"\",\"publisher\":{\"@id\":\"https:\\\/\\\/abc-latina.com\\\/#organization\"},\"potentialAction\":[{\"@type\":\"SearchAction\",\"target\":{\"@type\":\"EntryPoint\",\"urlTemplate\":\"https:\\\/\\\/abc-latina.com\\\/?s={search_term_string}\"},\"query-input\":{\"@type\":\"PropertyValueSpecification\",\"valueRequired\":true,\"valueName\":\"search_term_string\"}}],\"inLanguage\":\"fr-FR\"},{\"@type\":\"Organization\",\"@id\":\"https:\\\/\\\/abc-latina.com\\\/#organization\",\"name\":\"Abc-latina\",\"url\":\"https:\\\/\\\/abc-latina.com\\\/\",\"logo\":{\"@type\":\"ImageObject\",\"inLanguage\":\"fr-FR\",\"@id\":\"https:\\\/\\\/abc-latina.com\\\/#\\\/schema\\\/logo\\\/image\\\/\",\"url\":\"https:\\\/\\\/abc-latina.com\\\/wp-content\\\/uploads\\\/2026\\\/05\\\/cropped-logo.gif\",\"contentUrl\":\"https:\\\/\\\/abc-latina.com\\\/wp-content\\\/uploads\\\/2026\\\/05\\\/cropped-logo.gif\",\"width\":89,\"height\":84,\"caption\":\"Abc-latina\"},\"image\":{\"@id\":\"https:\\\/\\\/abc-latina.com\\\/#\\\/schema\\\/logo\\\/image\\\/\"}}]}<\/script>\n<!-- \/ Yoast SEO plugin. -->","yoast_head_json":{"title":"AMERIQUE LATINE - Abc-latina","robots":{"index":"noindex","follow":"follow"},"og_locale":"fr_FR","og_type":"article","og_title":"AMERIQUE LATINE - Abc-latina","og_description":"D\u00e9couvrez l&rsquo; Am\u00e9rique latine, la grande vari\u00e9t\u00e9 de ses paysages, ses peuples aux traditions mill\u00e9naires. Ce site \u00e0 pour but [&hellip;]","og_url":"https:\/\/abc-latina.com\/","og_site_name":"Abc-latina","article_modified_time":"2026-05-04T21:33:57+00:00","og_image":[{"width":450,"height":140,"url":"https:\/\/abc-latina.com\/wp-content\/uploads\/2010\/04\/amerique-latine.jpg","type":"image\/jpeg"}],"twitter_card":"summary_large_image","twitter_misc":{"Dur\u00e9e de lecture estim\u00e9e":"4 minutes"},"schema":{"@context":"https:\/\/schema.org","@graph":[{"@type":"WebPage","@id":"https:\/\/abc-latina.com\/","url":"https:\/\/abc-latina.com\/","name":"AMERIQUE LATINE - Abc-latina","isPartOf":{"@id":"https:\/\/abc-latina.com\/#website"},"primaryImageOfPage":{"@id":"https:\/\/abc-latina.com\/#primaryimage"},"image":{"@id":"https:\/\/abc-latina.com\/#primaryimage"},"thumbnailUrl":"https:\/\/abc-latina.com\/wp-content\/uploads\/2010\/04\/amerique-latine.jpg","datePublished":"2010-04-17T16:41:50+00:00","dateModified":"2026-05-04T21:33:57+00:00","breadcrumb":{"@id":"https:\/\/abc-latina.com\/#breadcrumb"},"inLanguage":"fr-FR","potentialAction":[{"@type":"ReadAction","target":["https:\/\/abc-latina.com\/"]}]},{"@type":"ImageObject","inLanguage":"fr-FR","@id":"https:\/\/abc-latina.com\/#primaryimage","url":"https:\/\/abc-latina.com\/wp-content\/uploads\/2010\/04\/amerique-latine.jpg","contentUrl":"https:\/\/abc-latina.com\/wp-content\/uploads\/2010\/04\/amerique-latine.jpg","width":450,"height":140,"caption":"AMERIQUE LATINE"},{"@type":"BreadcrumbList","@id":"https:\/\/abc-latina.com\/#breadcrumb","itemListElement":[{"@type":"ListItem","position":1,"name":"Accueil","item":"https:\/\/abc-latina.com\/"},{"@type":"ListItem","position":2,"name":"AMERIQUE LATINE"}]},{"@type":"WebSite","@id":"https:\/\/abc-latina.com\/#website","url":"https:\/\/abc-latina.com\/","name":"Abc-latina","description":"","publisher":{"@id":"https:\/\/abc-latina.com\/#organization"},"potentialAction":[{"@type":"SearchAction","target":{"@type":"EntryPoint","urlTemplate":"https:\/\/abc-latina.com\/?s={search_term_string}"},"query-input":{"@type":"PropertyValueSpecification","valueRequired":true,"valueName":"search_term_string"}}],"inLanguage":"fr-FR"},{"@type":"Organization","@id":"https:\/\/abc-latina.com\/#organization","name":"Abc-latina","url":"https:\/\/abc-latina.com\/","logo":{"@type":"ImageObject","inLanguage":"fr-FR","@id":"https:\/\/abc-latina.com\/#\/schema\/logo\/image\/","url":"https:\/\/abc-latina.com\/wp-content\/uploads\/2026\/05\/cropped-logo.gif","contentUrl":"https:\/\/abc-latina.com\/wp-content\/uploads\/2026\/05\/cropped-logo.gif","width":89,"height":84,"caption":"Abc-latina"},"image":{"@id":"https:\/\/abc-latina.com\/#\/schema\/logo\/image\/"}}]}},"_links":{"self":[{"href":"https:\/\/abc-latina.com\/index.php?rest_route=\/wp\/v2\/pages\/37","targetHints":{"allow":["GET"]}}],"collection":[{"href":"https:\/\/abc-latina.com\/index.php?rest_route=\/wp\/v2\/pages"}],"about":[{"href":"https:\/\/abc-latina.com\/index.php?rest_route=\/wp\/v2\/types\/page"}],"author":[{"embeddable":true,"href":"https:\/\/abc-latina.com\/index.php?rest_route=\/wp\/v2\/users\/2"}],"replies":[{"embeddable":true,"href":"https:\/\/abc-latina.com\/index.php?rest_route=%2Fwp%2Fv2%2Fcomments&post=37"}],"version-history":[{"count":2,"href":"https:\/\/abc-latina.com\/index.php?rest_route=\/wp\/v2\/pages\/37\/revisions"}],"predecessor-version":[{"id":5839,"href":"https:\/\/abc-latina.com\/index.php?rest_route=\/wp\/v2\/pages\/37\/revisions\/5839"}],"wp:featuredmedia":[{"embeddable":true,"href":"https:\/\/abc-latina.com\/index.php?rest_route=\/wp\/v2\/media\/32"}],"wp:attachment":[{"href":"https:\/\/abc-latina.com\/index.php?rest_route=%2Fwp%2Fv2%2Fmedia&parent=37"}],"curies":[{"name":"wp","href":"https:\/\/api.w.org\/{rel}","templated":true}]}}