{"id":373,"date":"2010-06-06T00:11:44","date_gmt":"2010-06-05T22:11:44","guid":{"rendered":"http:\/\/abc-latina.com\/boquete-php\/"},"modified":"2026-04-30T18:25:11","modified_gmt":"2026-04-30T16:25:11","slug":"boquete","status":"publish","type":"page","link":"https:\/\/abc-latina.com\/panama\/boquete\/","title":{"rendered":"BOQUETE"},"content":{"rendered":"<div><img loading=\"lazy\" decoding=\"async\" class=\" alignright size-full wp-image-372\" src=\"http:\/\/abc-latina.com\/wp-content\/uploads\/2010\/06\/boquete.jpg\" title=\"BOQUETE\" alt=\"BOQUETE\" width=\"220\" vspace=\"9\" hspace=\"15\" height=\"220\" align=\"right\" srcset=\"https:\/\/abc-latina.com\/wp-content\/uploads\/2010\/06\/boquete.jpg 220w, https:\/\/abc-latina.com\/wp-content\/uploads\/2010\/06\/boquete-150x150.jpg 150w\" sizes=\"auto, (max-width: 220px) 100vw, 220px\" \/>Peupl\u00e9 depuis 1880 par les paysans de la r\u00e9gion et par des \u00e9migr\u00e9s venus de pays aussi diff\u00e9rents que la Suisse, l&rsquo;ancienne Yougoslavie, l&rsquo;Allemagne et m\u00eame les \u00c9tats-Unis, <span class=\"tourisme-chapitre\">Boquete <\/span>est probablement l&rsquo;endroit le plus agr\u00e9able de la province de Chiriqu\u00ed.<\/div>\n<div>Situ\u00e9 \u00e0 1 600 m d&rsquo;altitude et b\u00e9n\u00e9ficiant d&rsquo;une temp\u00e9rature id\u00e9ale qui avoisine les 20oC tout au long de l&rsquo;ann\u00e9e, ce village est devenu un lieu de vill\u00e9giature tr\u00e8s appr\u00e9ci\u00e9 des Panam\u00e9ens. De plus, avec son paysage compos\u00e9 de superbes montagnes, sa tumultueuse rivi\u00e8re (R\u00edo Caldera) qui traverse la municipalit\u00e9 et ses nombreuses routes parsem\u00e9es de fleurs, le tout \u00e0 moins de 40 km de David, cet endroit a tout pour \u00eatre qualifi\u00e9 d&rsquo;idyllique. Aussi y verrez-vous un grand nombre de primev\u00e8res, de lys, d&rsquo;impatientes, d&rsquo;\u0153illets, de roses et bien d&rsquo;autres encore pousser abondamment partout. De cette richesse, Boquete sut se faire une r\u00e9putation, et la culture de fleurs est devenue une activit\u00e9 commerciale importante.<\/div>\n<div>&nbsp;<\/div>\n<div><a href=\"tour_operateur\" target=\"_blank\"><img loading=\"lazy\" decoding=\"async\" class=\" size-full wp-image-41\" alt=\"\" class=\"touroperateur\" src=\"http:\/\/abc-latina.com\/wp-content\/uploads\/2010\/04\/timbre_to.gif\" width=\"125\" height=\"90\" \/><\/a><\/div>\n<div>Boquete est \u00e9galement r\u00e9put\u00e9e pour son excellent caf\u00e9. Trois grandes sortes de caf\u00e9 sont en effet cultiv\u00e9es dans les environs, dont le c\u00e9l\u00e8bre Arabica. Ainsi, durant la saison de la cueillette des cerises de caf\u00e9, la r\u00e9gion attire un grand nombre de Guaym\u00edes en provenance de Tol\u00e9 et des montagnes avoisinantes, qui viennent alors s&rsquo;engager comme travailleurs saisonniers. Enfin, attrait suppl\u00e9mentaire, et non des moindres, la r\u00e9gion de Boquete est reconnue comme \u00e9tant l&rsquo;une des plus propices \u00e0 l&rsquo;observation des oiseaux tropicaux, entre autres le c\u00e9l\u00e8bre quetzal. Selon les ornithologues, la p\u00e9riode la plus favorable \u00e0 l&rsquo;observation de cette esp\u00e8ce se situe aux mois d&rsquo;avril et de mai.<\/div>\n<div>&nbsp;<\/div>\n","protected":false},"excerpt":{"rendered":"<p>Peupl\u00e9 depuis 1880 par les paysans de la r\u00e9gion et par des \u00e9migr\u00e9s venus de pays aussi diff\u00e9rents que la [&hellip;]<\/p>\n","protected":false},"author":3,"featured_media":372,"parent":2312,"menu_order":0,"comment_status":"closed","ping_status":"closed","template":"","meta":{"site-sidebar-layout":"default","site-content-layout":"","ast-site-content-layout":"default","site-content-style":"default","site-sidebar-style":"default","ast-global-header-display":"","ast-banner-title-visibility":"","ast-main-header-display":"","ast-hfb-above-header-display":"","ast-hfb-below-header-display":"","ast-hfb-mobile-header-display":"","site-post-title":"","ast-breadcrumbs-content":"","ast-featured-img":"","footer-sml-layout":"","ast-disable-related-posts":"","theme-transparent-header-meta":"","adv-header-id-meta":"","stick-header-meta":"","header-above-stick-meta":"","header-main-stick-meta":"","header-below-stick-meta":"","astra-migrate-meta-layouts":"default","ast-page-background-enabled":"default","ast-page-background-meta":{"desktop":{"background-color":"var(--ast-global-color-5)","background-image":"","background-repeat":"repeat","background-position":"center center","background-size":"auto","background-attachment":"scroll","background-type":"","background-media":"","overlay-type":"","overlay-color":"","overlay-opacity":"","overlay-gradient":""},"tablet":{"background-color":"","background-image":"","background-repeat":"repeat","background-position":"center center","background-size":"auto","background-attachment":"scroll","background-type":"","background-media":"","overlay-type":"","overlay-color":"","overlay-opacity":"","overlay-gradient":""},"mobile":{"background-color":"","background-image":"","background-repeat":"repeat","background-position":"center center","background-size":"auto","background-attachment":"scroll","background-type":"","background-media":"","overlay-type":"","overlay-color":"","overlay-opacity":"","overlay-gradient":""}},"ast-content-background-meta":{"desktop":{"background-color":"var(--ast-global-color-4)","background-image":"","background-repeat":"repeat","background-position":"center center","background-size":"auto","background-attachment":"scroll","background-type":"","background-media":"","overlay-type":"","overlay-color":"","overlay-opacity":"","overlay-gradient":""},"tablet":{"background-color":"var(--ast-global-color-4)","background-image":"","background-repeat":"repeat","background-position":"center center","background-size":"auto","background-attachment":"scroll","background-type":"","background-media":"","overlay-type":"","overlay-color":"","overlay-opacity":"","overlay-gradient":""},"mobile":{"background-color":"var(--ast-global-color-4)","background-image":"","background-repeat":"repeat","background-position":"center center","background-size":"auto","background-attachment":"scroll","background-type":"","background-media":"","overlay-type":"","overlay-color":"","overlay-opacity":"","overlay-gradient":""}},"footnotes":""},"class_list":["post-373","page","type-page","status-publish","has-post-thumbnail","hentry"],"yoast_head":"<!-- This site is optimized with the Yoast SEO plugin v27.5 - https:\/\/yoast.com\/product\/yoast-seo-wordpress\/ -->\n<title>BOQUETE - Abc-latina<\/title>\n<meta name=\"description\" content=\"Situ\u00e9 \u00e0 1 600 m et b\u00e9n\u00e9ficiant d&#039;une temp\u00e9rature de 20oC tout au long de l&#039;ann\u00e9e, ce village est devenu un lieu de vill\u00e9giature des Panam\u00e9ens\" \/>\n<meta name=\"robots\" content=\"index, follow, max-snippet:-1, max-image-preview:large, max-video-preview:-1\" \/>\n<link rel=\"canonical\" href=\"https:\/\/abc-latina.com\/panama\/boquete\/\" \/>\n<meta property=\"og:locale\" content=\"fr_FR\" \/>\n<meta property=\"og:type\" content=\"article\" \/>\n<meta property=\"og:title\" content=\"BOQUETE - Abc-latina\" \/>\n<meta property=\"og:description\" content=\"Situ\u00e9 \u00e0 1 600 m et b\u00e9n\u00e9ficiant d&#039;une temp\u00e9rature de 20oC tout au long de l&#039;ann\u00e9e, ce village est devenu un lieu de vill\u00e9giature des Panam\u00e9ens\" \/>\n<meta property=\"og:url\" content=\"https:\/\/abc-latina.com\/panama\/boquete\/\" \/>\n<meta property=\"og:site_name\" content=\"Abc-latina\" \/>\n<meta property=\"article:modified_time\" content=\"2026-04-30T16:25:11+00:00\" \/>\n<meta property=\"og:image\" content=\"https:\/\/abc-latina.com\/wp-content\/uploads\/2010\/06\/boquete.jpg\" \/>\n\t<meta property=\"og:image:width\" content=\"220\" \/>\n\t<meta property=\"og:image:height\" content=\"220\" \/>\n\t<meta property=\"og:image:type\" content=\"image\/jpeg\" \/>\n<meta name=\"twitter:card\" content=\"summary_large_image\" \/>\n<meta name=\"twitter:label1\" content=\"Dur\u00e9e de lecture estim\u00e9e\" \/>\n\t<meta name=\"twitter:data1\" content=\"1 minute\" \/>\n<script type=\"application\/ld+json\" class=\"yoast-schema-graph\">{\"@context\":\"https:\\\/\\\/schema.org\",\"@graph\":[{\"@type\":\"WebPage\",\"@id\":\"https:\\\/\\\/abc-latina.com\\\/panama\\\/boquete\\\/\",\"url\":\"https:\\\/\\\/abc-latina.com\\\/panama\\\/boquete\\\/\",\"name\":\"BOQUETE - Abc-latina\",\"isPartOf\":{\"@id\":\"https:\\\/\\\/abc-latina.com\\\/#website\"},\"primaryImageOfPage\":{\"@id\":\"https:\\\/\\\/abc-latina.com\\\/panama\\\/boquete\\\/#primaryimage\"},\"image\":{\"@id\":\"https:\\\/\\\/abc-latina.com\\\/panama\\\/boquete\\\/#primaryimage\"},\"thumbnailUrl\":\"https:\\\/\\\/abc-latina.com\\\/wp-content\\\/uploads\\\/2010\\\/06\\\/boquete.jpg\",\"datePublished\":\"2010-06-05T22:11:44+00:00\",\"dateModified\":\"2026-04-30T16:25:11+00:00\",\"description\":\"Situ\u00e9 \u00e0 1 600 m et b\u00e9n\u00e9ficiant d'une temp\u00e9rature de 20oC tout au long de l'ann\u00e9e, ce village est devenu un lieu de vill\u00e9giature des Panam\u00e9ens\",\"breadcrumb\":{\"@id\":\"https:\\\/\\\/abc-latina.com\\\/panama\\\/boquete\\\/#breadcrumb\"},\"inLanguage\":\"fr-FR\",\"potentialAction\":[{\"@type\":\"ReadAction\",\"target\":[\"https:\\\/\\\/abc-latina.com\\\/panama\\\/boquete\\\/\"]}]},{\"@type\":\"ImageObject\",\"inLanguage\":\"fr-FR\",\"@id\":\"https:\\\/\\\/abc-latina.com\\\/panama\\\/boquete\\\/#primaryimage\",\"url\":\"https:\\\/\\\/abc-latina.com\\\/wp-content\\\/uploads\\\/2010\\\/06\\\/boquete.jpg\",\"contentUrl\":\"https:\\\/\\\/abc-latina.com\\\/wp-content\\\/uploads\\\/2010\\\/06\\\/boquete.jpg\",\"width\":220,\"height\":220,\"caption\":\"BOQUETE\"},{\"@type\":\"BreadcrumbList\",\"@id\":\"https:\\\/\\\/abc-latina.com\\\/panama\\\/boquete\\\/#breadcrumb\",\"itemListElement\":[{\"@type\":\"ListItem\",\"position\":1,\"name\":\"Accueil\",\"item\":\"https:\\\/\\\/abc-latina.com\\\/\"},{\"@type\":\"ListItem\",\"position\":2,\"name\":\"BOQUETE\"}]},{\"@type\":\"WebSite\",\"@id\":\"https:\\\/\\\/abc-latina.com\\\/#website\",\"url\":\"https:\\\/\\\/abc-latina.com\\\/\",\"name\":\"Abc-latina\",\"description\":\"\",\"publisher\":{\"@id\":\"https:\\\/\\\/abc-latina.com\\\/#organization\"},\"potentialAction\":[{\"@type\":\"SearchAction\",\"target\":{\"@type\":\"EntryPoint\",\"urlTemplate\":\"https:\\\/\\\/abc-latina.com\\\/?s={search_term_string}\"},\"query-input\":{\"@type\":\"PropertyValueSpecification\",\"valueRequired\":true,\"valueName\":\"search_term_string\"}}],\"inLanguage\":\"fr-FR\"},{\"@type\":\"Organization\",\"@id\":\"https:\\\/\\\/abc-latina.com\\\/#organization\",\"name\":\"Abc-latina\",\"url\":\"https:\\\/\\\/abc-latina.com\\\/\",\"logo\":{\"@type\":\"ImageObject\",\"inLanguage\":\"fr-FR\",\"@id\":\"https:\\\/\\\/abc-latina.com\\\/#\\\/schema\\\/logo\\\/image\\\/\",\"url\":\"https:\\\/\\\/abc-latina.com\\\/wp-content\\\/uploads\\\/2026\\\/05\\\/cropped-logo.gif\",\"contentUrl\":\"https:\\\/\\\/abc-latina.com\\\/wp-content\\\/uploads\\\/2026\\\/05\\\/cropped-logo.gif\",\"width\":89,\"height\":84,\"caption\":\"Abc-latina\"},\"image\":{\"@id\":\"https:\\\/\\\/abc-latina.com\\\/#\\\/schema\\\/logo\\\/image\\\/\"}}]}<\/script>\n<!-- \/ Yoast SEO plugin. -->","yoast_head_json":{"title":"BOQUETE - Abc-latina","description":"Situ\u00e9 \u00e0 1 600 m et b\u00e9n\u00e9ficiant d'une temp\u00e9rature de 20oC tout au long de l'ann\u00e9e, ce village est devenu un lieu de vill\u00e9giature des Panam\u00e9ens","robots":{"index":"index","follow":"follow","max-snippet":"max-snippet:-1","max-image-preview":"max-image-preview:large","max-video-preview":"max-video-preview:-1"},"canonical":"https:\/\/abc-latina.com\/panama\/boquete\/","og_locale":"fr_FR","og_type":"article","og_title":"BOQUETE - Abc-latina","og_description":"Situ\u00e9 \u00e0 1 600 m et b\u00e9n\u00e9ficiant d'une temp\u00e9rature de 20oC tout au long de l'ann\u00e9e, ce village est devenu un lieu de vill\u00e9giature des Panam\u00e9ens","og_url":"https:\/\/abc-latina.com\/panama\/boquete\/","og_site_name":"Abc-latina","article_modified_time":"2026-04-30T16:25:11+00:00","og_image":[{"width":220,"height":220,"url":"https:\/\/abc-latina.com\/wp-content\/uploads\/2010\/06\/boquete.jpg","type":"image\/jpeg"}],"twitter_card":"summary_large_image","twitter_misc":{"Dur\u00e9e de lecture estim\u00e9e":"1 minute"},"schema":{"@context":"https:\/\/schema.org","@graph":[{"@type":"WebPage","@id":"https:\/\/abc-latina.com\/panama\/boquete\/","url":"https:\/\/abc-latina.com\/panama\/boquete\/","name":"BOQUETE - Abc-latina","isPartOf":{"@id":"https:\/\/abc-latina.com\/#website"},"primaryImageOfPage":{"@id":"https:\/\/abc-latina.com\/panama\/boquete\/#primaryimage"},"image":{"@id":"https:\/\/abc-latina.com\/panama\/boquete\/#primaryimage"},"thumbnailUrl":"https:\/\/abc-latina.com\/wp-content\/uploads\/2010\/06\/boquete.jpg","datePublished":"2010-06-05T22:11:44+00:00","dateModified":"2026-04-30T16:25:11+00:00","description":"Situ\u00e9 \u00e0 1 600 m et b\u00e9n\u00e9ficiant d'une temp\u00e9rature de 20oC tout au long de l'ann\u00e9e, ce village est devenu un lieu de vill\u00e9giature des Panam\u00e9ens","breadcrumb":{"@id":"https:\/\/abc-latina.com\/panama\/boquete\/#breadcrumb"},"inLanguage":"fr-FR","potentialAction":[{"@type":"ReadAction","target":["https:\/\/abc-latina.com\/panama\/boquete\/"]}]},{"@type":"ImageObject","inLanguage":"fr-FR","@id":"https:\/\/abc-latina.com\/panama\/boquete\/#primaryimage","url":"https:\/\/abc-latina.com\/wp-content\/uploads\/2010\/06\/boquete.jpg","contentUrl":"https:\/\/abc-latina.com\/wp-content\/uploads\/2010\/06\/boquete.jpg","width":220,"height":220,"caption":"BOQUETE"},{"@type":"BreadcrumbList","@id":"https:\/\/abc-latina.com\/panama\/boquete\/#breadcrumb","itemListElement":[{"@type":"ListItem","position":1,"name":"Accueil","item":"https:\/\/abc-latina.com\/"},{"@type":"ListItem","position":2,"name":"BOQUETE"}]},{"@type":"WebSite","@id":"https:\/\/abc-latina.com\/#website","url":"https:\/\/abc-latina.com\/","name":"Abc-latina","description":"","publisher":{"@id":"https:\/\/abc-latina.com\/#organization"},"potentialAction":[{"@type":"SearchAction","target":{"@type":"EntryPoint","urlTemplate":"https:\/\/abc-latina.com\/?s={search_term_string}"},"query-input":{"@type":"PropertyValueSpecification","valueRequired":true,"valueName":"search_term_string"}}],"inLanguage":"fr-FR"},{"@type":"Organization","@id":"https:\/\/abc-latina.com\/#organization","name":"Abc-latina","url":"https:\/\/abc-latina.com\/","logo":{"@type":"ImageObject","inLanguage":"fr-FR","@id":"https:\/\/abc-latina.com\/#\/schema\/logo\/image\/","url":"https:\/\/abc-latina.com\/wp-content\/uploads\/2026\/05\/cropped-logo.gif","contentUrl":"https:\/\/abc-latina.com\/wp-content\/uploads\/2026\/05\/cropped-logo.gif","width":89,"height":84,"caption":"Abc-latina"},"image":{"@id":"https:\/\/abc-latina.com\/#\/schema\/logo\/image\/"}}]}},"_links":{"self":[{"href":"https:\/\/abc-latina.com\/wp-json\/wp\/v2\/pages\/373","targetHints":{"allow":["GET"]}}],"collection":[{"href":"https:\/\/abc-latina.com\/wp-json\/wp\/v2\/pages"}],"about":[{"href":"https:\/\/abc-latina.com\/wp-json\/wp\/v2\/types\/page"}],"author":[{"embeddable":true,"href":"https:\/\/abc-latina.com\/wp-json\/wp\/v2\/users\/3"}],"replies":[{"embeddable":true,"href":"https:\/\/abc-latina.com\/wp-json\/wp\/v2\/comments?post=373"}],"version-history":[{"count":1,"href":"https:\/\/abc-latina.com\/wp-json\/wp\/v2\/pages\/373\/revisions"}],"predecessor-version":[{"id":3610,"href":"https:\/\/abc-latina.com\/wp-json\/wp\/v2\/pages\/373\/revisions\/3610"}],"up":[{"embeddable":true,"href":"https:\/\/abc-latina.com\/wp-json\/wp\/v2\/pages\/2312"}],"wp:featuredmedia":[{"embeddable":true,"href":"https:\/\/abc-latina.com\/wp-json\/wp\/v2\/media\/372"}],"wp:attachment":[{"href":"https:\/\/abc-latina.com\/wp-json\/wp\/v2\/media?parent=373"}],"curies":[{"name":"wp","href":"https:\/\/api.w.org\/{rel}","templated":true}]}}