{"id":383,"date":"2010-06-06T00:28:07","date_gmt":"2010-06-05T22:28:07","guid":{"rendered":"http:\/\/abc-latina.com\/amazonie-htm-3\/"},"modified":"2026-04-30T18:25:13","modified_gmt":"2026-04-30T16:25:13","slug":"amazonie","status":"publish","type":"page","link":"https:\/\/abc-latina.com\/perou\/amazonie\/","title":{"rendered":"AMAZONIE &#8211; P\u00e9rou"},"content":{"rendered":"<p><img loading=\"lazy\" decoding=\"async\" class=\" alignright size-full wp-image-206\" src=\"http:\/\/abc-latina.com\/wp-content\/uploads\/2010\/06\/amazonie.jpg\" title=\"AMAZONIE PEROU\" alt=\"\" width=\"250\" vspace=\"9\" hspace=\"9\" height=\"250\" align=\"right\" srcset=\"https:\/\/abc-latina.com\/wp-content\/uploads\/2010\/06\/amazonie.jpg 220w, https:\/\/abc-latina.com\/wp-content\/uploads\/2010\/06\/amazonie-150x150.jpg 150w\" sizes=\"auto, (max-width: 250px) 100vw, 250px\" \/>Le P\u00e9rou pratique une politique active de protection de sa for\u00eat tropicale, qui repr\u00e9sente 60% de son territoire. La meilleures fa\u00e7on de visiter et d&rsquo;appr\u00e9cier l&rsquo;amazonie est de partir dans la for\u00eat pour trois, quatre, dix jours ou plus dans un lodge (sorte de bungalows sur pilotis avec plus ou moins de confort), o\u00f9 de l\u00e0 vous pourrez partir \u00e0 la d\u00e9couverte de l&rsquo;enfer vert.&nbsp;<\/p>\n<p><span class=\"tourisme-chapitre\">Au sud<\/span><br \/>Plusieurs sites, \u00e0 l&rsquo;est de <a href=\"cuzco\">Cuzco<\/a>, ont \u00e9t\u00e9 transform\u00e9s en r\u00e9serves naturelles, tel le <a href=\"https:\/\/www.abc-latina.com\/perou\/parcs\/parc_manu\">parc national de Manu<\/a>, o\u00f9 l&rsquo;on trouve l&rsquo;une des plus importantes concentrations d&rsquo;animaux sauvage au monde et aussi la r\u00e9serve de Tambopata et le Parc National de Bahuaja.<\/p>\n<div><strong>Puerto Maldonado<\/strong>, ville r\u00e9cente qui doit son essor \u00e0 la fi\u00e8vre de l&rsquo;or dans les ann\u00e9es 70, a pour elle d&rsquo;\u00eatre \u00e0 proximit\u00e9 de quatre grandes r\u00e9serves naturelles qui comptent parmi les plus belles du monde, parmi elles: <strong>Le Parc national du Manu<\/strong> est la plus grande r\u00e9serve de for\u00eat tropicale du monde (1,8 millions ha) et le plus riche d&rsquo;un point de vue biologique. Alors que beaucoup d&rsquo;esp\u00e8ces sont en voie de disparition dans d&rsquo;autres Parc, Ici la faune et la flore prolif\u00e8rent.<\/div>\n<div>On y trouve plus de 1000 esp\u00e8ces d&rsquo;oiseaux, 200 sortes de mammif\u00e8res, 13 types de singes et 5000 esp\u00e8ces v\u00e9g\u00e9tales.&nbsp;<\/div>\n<div><strong>La r\u00e9serve de Tambopata<\/strong><\/div>\n<div>Cette zone prot\u00e9g\u00e9e de 1,5 million d&rsquo;hectares, cr\u00e9\u00e9e en 1989, est \u00e0 la fois une &quot; r\u00e9serve d&rsquo;extraction &quot; (latex, noix du Br\u00e9sil et autres produits de la for\u00eat) et un parc d&rsquo;\u00e9cotourisme. Elle enclave la totalit\u00e9 des magnifiques chutes du Tambopata.&nbsp;<\/div>\n<div>&nbsp;<\/div>\n<div><span class=\"tourisme-chapitre\">Au nord<\/span><\/div>\n<div>Nich\u00e9e au coeur de la jungle, la ville d&rsquo;<strong><a style=\"color: rgb(141, 110, 0); \" href=\"https:\/\/www.abc-latina.com\/perou\/tourisme\/iquitos\">Iquitos<\/a>&nbsp;<\/strong>se trouve \u00e0 3700 km de l&#8217;embouchure de l&rsquo;Amazone. Aucune route n&rsquo;y conduit. Sa population de plus de 400.000 habitants n&rsquo;est reli\u00e9e au reste du monde que par voie fluviale ou a\u00e9rienne.<\/div>\n<div>Cette ville, fond\u00e9e par les j\u00e9suites au 18\u00e9me si\u00e8cle et qui fut, \u00e0 son apog\u00e9e, le port d&#8217;embarquement de milliers de tonnes de caoutchouc \u00e0 destination de l&rsquo; Europe. Aujourd&rsquo;hui, c&rsquo;est une cit\u00e9 color\u00e9e et indolente, qui vit au rythme des tropiques.<\/div>\n<div>Le quartier le plus anim\u00e9 de la ville est sans aucun doute celui de Belen, cette zone semi-aquatique, v\u00e9ritable labyrinthe de canaux, de pontons, d&#8217;embarcations et de boutiques.<\/div>\n<div>Belen est avant tout un march\u00e9 o\u00f9 se vendent tous les produits de la jungle: fruits tropicaux, poissons, tortues d&rsquo;eau, herbes m\u00e9dicinales, gibier &#8230;<\/div>\n<div>On peut y trouver aussi les produits de l&rsquo;artisanat local: papillons d&rsquo;Amazonie, colliers de graines, hamacs, \u00e9ventails de plumes, arcs, fl\u00e8ches, masques et c\u00e9ramiques aux dessins na\u00effs.<\/div>\n<div>Iquitos est aussi le point de d\u00e9part des excursions dans la jungle &#8230;<\/div>\n<div>&nbsp;<\/div>\n<div>La meilleure fa\u00e7on de visiter l&rsquo;Amazonie est de s&rsquo;adresser \u00e0 un tour-op\u00e9rateur ou Lodge qui se chargera d&rsquo;obtenir les permis et entr\u00e9es dans les <a href=\"https:\/\/www.abc-latina.com\/perou\/parcs\/\">Parcs et R\u00e9serves<\/a>. Ils vous permettront de d\u00e9couvrir la flore et d&rsquo;observer les animaux dans leurs milieux naturels.&nbsp;<\/div>\n<div><a target=\"_blank\" href=\"http:\/\/voyage.abc-latina.com\/voyage_perou\/perou\"><span class=\"sejour-circuit\"><br \/><\/span><\/a><\/div>\n<h3>Pr\u00e9parez votre voyage en Amazonie :<\/h3>\n<div><a href=\"https:\/\/www.abc-latina.com\/perou\/agence_de_voyages\">Agences de voyage g\u00e9n\u00e9ralistes et discounteurs<\/a><\/div>\n<div><a href=\"https:\/\/www.abc-latina.com\/perou\/tour_operateur\">Tours Op\u00e9rateurs sp\u00e9cialistes du P\u00e9rou<\/a><\/div>\n<div><a target=\"_blank\" href=\"https:\/\/www.abc-latina.com\/to\/reservation_billet_avion\">R\u00e9servez votre billet d&rsquo;avion<\/a><\/div>\n<div><a href=\"https:\/\/www.abc-latina.com\/perou\/hotels\">R\u00e9servez votre h\u00f4tel en Amazonie<\/a>&nbsp;<\/div>\n<div><a target=\"_blank\" href=\"https:\/\/www.abc-latina.com\/to\/location_de_voiture_perou\">Location de voiture<\/a><\/div>\n","protected":false},"excerpt":{"rendered":"<p>Le P\u00e9rou pratique une politique active de protection de sa for\u00eat tropicale, qui repr\u00e9sente 60% de son territoire. La meilleures [&hellip;]<\/p>\n","protected":false},"author":3,"featured_media":206,"parent":2118,"menu_order":0,"comment_status":"closed","ping_status":"closed","template":"","meta":{"site-sidebar-layout":"default","site-content-layout":"","ast-site-content-layout":"default","site-content-style":"default","site-sidebar-style":"default","ast-global-header-display":"","ast-banner-title-visibility":"","ast-main-header-display":"","ast-hfb-above-header-display":"","ast-hfb-below-header-display":"","ast-hfb-mobile-header-display":"","site-post-title":"","ast-breadcrumbs-content":"","ast-featured-img":"","footer-sml-layout":"","ast-disable-related-posts":"","theme-transparent-header-meta":"","adv-header-id-meta":"","stick-header-meta":"","header-above-stick-meta":"","header-main-stick-meta":"","header-below-stick-meta":"","astra-migrate-meta-layouts":"default","ast-page-background-enabled":"default","ast-page-background-meta":{"desktop":{"background-color":"var(--ast-global-color-5)","background-image":"","background-repeat":"repeat","background-position":"center center","background-size":"auto","background-attachment":"scroll","background-type":"","background-media":"","overlay-type":"","overlay-color":"","overlay-opacity":"","overlay-gradient":""},"tablet":{"background-color":"","background-image":"","background-repeat":"repeat","background-position":"center center","background-size":"auto","background-attachment":"scroll","background-type":"","background-media":"","overlay-type":"","overlay-color":"","overlay-opacity":"","overlay-gradient":""},"mobile":{"background-color":"","background-image":"","background-repeat":"repeat","background-position":"center center","background-size":"auto","background-attachment":"scroll","background-type":"","background-media":"","overlay-type":"","overlay-color":"","overlay-opacity":"","overlay-gradient":""}},"ast-content-background-meta":{"desktop":{"background-color":"var(--ast-global-color-4)","background-image":"","background-repeat":"repeat","background-position":"center center","background-size":"auto","background-attachment":"scroll","background-type":"","background-media":"","overlay-type":"","overlay-color":"","overlay-opacity":"","overlay-gradient":""},"tablet":{"background-color":"var(--ast-global-color-4)","background-image":"","background-repeat":"repeat","background-position":"center center","background-size":"auto","background-attachment":"scroll","background-type":"","background-media":"","overlay-type":"","overlay-color":"","overlay-opacity":"","overlay-gradient":""},"mobile":{"background-color":"var(--ast-global-color-4)","background-image":"","background-repeat":"repeat","background-position":"center center","background-size":"auto","background-attachment":"scroll","background-type":"","background-media":"","overlay-type":"","overlay-color":"","overlay-opacity":"","overlay-gradient":""}},"footnotes":""},"class_list":["post-383","page","type-page","status-publish","has-post-thumbnail","hentry"],"yoast_head":"<!-- This site is optimized with the Yoast SEO plugin v27.5 - https:\/\/yoast.com\/product\/yoast-seo-wordpress\/ -->\n<title>AMAZONIE - P\u00e9rou - Abc-latina<\/title>\n<meta name=\"description\" content=\"L&#039;Amazonie occupe les 2\/3 du territoire p\u00e9ruvien, voici des informations et un guide touristique de l&#039;enfer vert au P\u00e9rou.\" \/>\n<meta name=\"robots\" content=\"index, follow, max-snippet:-1, max-image-preview:large, max-video-preview:-1\" \/>\n<link rel=\"canonical\" href=\"https:\/\/abc-latina.com\/perou\/amazonie\/\" \/>\n<meta property=\"og:locale\" content=\"fr_FR\" \/>\n<meta property=\"og:type\" content=\"article\" \/>\n<meta property=\"og:title\" content=\"AMAZONIE - P\u00e9rou - Abc-latina\" \/>\n<meta property=\"og:description\" content=\"L&#039;Amazonie occupe les 2\/3 du territoire p\u00e9ruvien, voici des informations et un guide touristique de l&#039;enfer vert au P\u00e9rou.\" \/>\n<meta property=\"og:url\" content=\"https:\/\/abc-latina.com\/perou\/amazonie\/\" \/>\n<meta property=\"og:site_name\" content=\"Abc-latina\" \/>\n<meta property=\"article:modified_time\" content=\"2026-04-30T16:25:13+00:00\" \/>\n<meta property=\"og:image\" content=\"https:\/\/abc-latina.com\/wp-content\/uploads\/2010\/06\/amazonie.jpg\" \/>\n\t<meta property=\"og:image:width\" content=\"220\" \/>\n\t<meta property=\"og:image:height\" content=\"220\" \/>\n\t<meta property=\"og:image:type\" content=\"image\/jpeg\" \/>\n<meta name=\"twitter:card\" content=\"summary_large_image\" \/>\n<meta name=\"twitter:label1\" content=\"Dur\u00e9e de lecture estim\u00e9e\" \/>\n\t<meta name=\"twitter:data1\" content=\"3 minutes\" \/>\n<script type=\"application\/ld+json\" class=\"yoast-schema-graph\">{\"@context\":\"https:\\\/\\\/schema.org\",\"@graph\":[{\"@type\":\"WebPage\",\"@id\":\"https:\\\/\\\/abc-latina.com\\\/perou\\\/amazonie\\\/\",\"url\":\"https:\\\/\\\/abc-latina.com\\\/perou\\\/amazonie\\\/\",\"name\":\"AMAZONIE - P\u00e9rou - Abc-latina\",\"isPartOf\":{\"@id\":\"https:\\\/\\\/abc-latina.com\\\/#website\"},\"primaryImageOfPage\":{\"@id\":\"https:\\\/\\\/abc-latina.com\\\/perou\\\/amazonie\\\/#primaryimage\"},\"image\":{\"@id\":\"https:\\\/\\\/abc-latina.com\\\/perou\\\/amazonie\\\/#primaryimage\"},\"thumbnailUrl\":\"https:\\\/\\\/abc-latina.com\\\/wp-content\\\/uploads\\\/2010\\\/06\\\/amazonie.jpg\",\"datePublished\":\"2010-06-05T22:28:07+00:00\",\"dateModified\":\"2026-04-30T16:25:13+00:00\",\"description\":\"L'Amazonie occupe les 2\\\/3 du territoire p\u00e9ruvien, voici des informations et un guide touristique de l'enfer vert au P\u00e9rou.\",\"breadcrumb\":{\"@id\":\"https:\\\/\\\/abc-latina.com\\\/perou\\\/amazonie\\\/#breadcrumb\"},\"inLanguage\":\"fr-FR\",\"potentialAction\":[{\"@type\":\"ReadAction\",\"target\":[\"https:\\\/\\\/abc-latina.com\\\/perou\\\/amazonie\\\/\"]}]},{\"@type\":\"ImageObject\",\"inLanguage\":\"fr-FR\",\"@id\":\"https:\\\/\\\/abc-latina.com\\\/perou\\\/amazonie\\\/#primaryimage\",\"url\":\"https:\\\/\\\/abc-latina.com\\\/wp-content\\\/uploads\\\/2010\\\/06\\\/amazonie.jpg\",\"contentUrl\":\"https:\\\/\\\/abc-latina.com\\\/wp-content\\\/uploads\\\/2010\\\/06\\\/amazonie.jpg\",\"width\":220,\"height\":220,\"caption\":\"AMAZONIE\"},{\"@type\":\"BreadcrumbList\",\"@id\":\"https:\\\/\\\/abc-latina.com\\\/perou\\\/amazonie\\\/#breadcrumb\",\"itemListElement\":[{\"@type\":\"ListItem\",\"position\":1,\"name\":\"Accueil\",\"item\":\"https:\\\/\\\/abc-latina.com\\\/\"},{\"@type\":\"ListItem\",\"position\":2,\"name\":\"AMAZONIE &#8211; P\u00e9rou\"}]},{\"@type\":\"WebSite\",\"@id\":\"https:\\\/\\\/abc-latina.com\\\/#website\",\"url\":\"https:\\\/\\\/abc-latina.com\\\/\",\"name\":\"Abc-latina\",\"description\":\"\",\"publisher\":{\"@id\":\"https:\\\/\\\/abc-latina.com\\\/#organization\"},\"potentialAction\":[{\"@type\":\"SearchAction\",\"target\":{\"@type\":\"EntryPoint\",\"urlTemplate\":\"https:\\\/\\\/abc-latina.com\\\/?s={search_term_string}\"},\"query-input\":{\"@type\":\"PropertyValueSpecification\",\"valueRequired\":true,\"valueName\":\"search_term_string\"}}],\"inLanguage\":\"fr-FR\"},{\"@type\":\"Organization\",\"@id\":\"https:\\\/\\\/abc-latina.com\\\/#organization\",\"name\":\"Abc-latina\",\"url\":\"https:\\\/\\\/abc-latina.com\\\/\",\"logo\":{\"@type\":\"ImageObject\",\"inLanguage\":\"fr-FR\",\"@id\":\"https:\\\/\\\/abc-latina.com\\\/#\\\/schema\\\/logo\\\/image\\\/\",\"url\":\"https:\\\/\\\/abc-latina.com\\\/wp-content\\\/uploads\\\/2026\\\/05\\\/cropped-logo.gif\",\"contentUrl\":\"https:\\\/\\\/abc-latina.com\\\/wp-content\\\/uploads\\\/2026\\\/05\\\/cropped-logo.gif\",\"width\":89,\"height\":84,\"caption\":\"Abc-latina\"},\"image\":{\"@id\":\"https:\\\/\\\/abc-latina.com\\\/#\\\/schema\\\/logo\\\/image\\\/\"}}]}<\/script>\n<!-- \/ Yoast SEO plugin. -->","yoast_head_json":{"title":"AMAZONIE - P\u00e9rou - Abc-latina","description":"L'Amazonie occupe les 2\/3 du territoire p\u00e9ruvien, voici des informations et un guide touristique de l'enfer vert au P\u00e9rou.","robots":{"index":"index","follow":"follow","max-snippet":"max-snippet:-1","max-image-preview":"max-image-preview:large","max-video-preview":"max-video-preview:-1"},"canonical":"https:\/\/abc-latina.com\/perou\/amazonie\/","og_locale":"fr_FR","og_type":"article","og_title":"AMAZONIE - P\u00e9rou - Abc-latina","og_description":"L'Amazonie occupe les 2\/3 du territoire p\u00e9ruvien, voici des informations et un guide touristique de l'enfer vert au P\u00e9rou.","og_url":"https:\/\/abc-latina.com\/perou\/amazonie\/","og_site_name":"Abc-latina","article_modified_time":"2026-04-30T16:25:13+00:00","og_image":[{"width":220,"height":220,"url":"https:\/\/abc-latina.com\/wp-content\/uploads\/2010\/06\/amazonie.jpg","type":"image\/jpeg"}],"twitter_card":"summary_large_image","twitter_misc":{"Dur\u00e9e de lecture estim\u00e9e":"3 minutes"},"schema":{"@context":"https:\/\/schema.org","@graph":[{"@type":"WebPage","@id":"https:\/\/abc-latina.com\/perou\/amazonie\/","url":"https:\/\/abc-latina.com\/perou\/amazonie\/","name":"AMAZONIE - P\u00e9rou - Abc-latina","isPartOf":{"@id":"https:\/\/abc-latina.com\/#website"},"primaryImageOfPage":{"@id":"https:\/\/abc-latina.com\/perou\/amazonie\/#primaryimage"},"image":{"@id":"https:\/\/abc-latina.com\/perou\/amazonie\/#primaryimage"},"thumbnailUrl":"https:\/\/abc-latina.com\/wp-content\/uploads\/2010\/06\/amazonie.jpg","datePublished":"2010-06-05T22:28:07+00:00","dateModified":"2026-04-30T16:25:13+00:00","description":"L'Amazonie occupe les 2\/3 du territoire p\u00e9ruvien, voici des informations et un guide touristique de l'enfer vert au P\u00e9rou.","breadcrumb":{"@id":"https:\/\/abc-latina.com\/perou\/amazonie\/#breadcrumb"},"inLanguage":"fr-FR","potentialAction":[{"@type":"ReadAction","target":["https:\/\/abc-latina.com\/perou\/amazonie\/"]}]},{"@type":"ImageObject","inLanguage":"fr-FR","@id":"https:\/\/abc-latina.com\/perou\/amazonie\/#primaryimage","url":"https:\/\/abc-latina.com\/wp-content\/uploads\/2010\/06\/amazonie.jpg","contentUrl":"https:\/\/abc-latina.com\/wp-content\/uploads\/2010\/06\/amazonie.jpg","width":220,"height":220,"caption":"AMAZONIE"},{"@type":"BreadcrumbList","@id":"https:\/\/abc-latina.com\/perou\/amazonie\/#breadcrumb","itemListElement":[{"@type":"ListItem","position":1,"name":"Accueil","item":"https:\/\/abc-latina.com\/"},{"@type":"ListItem","position":2,"name":"AMAZONIE &#8211; P\u00e9rou"}]},{"@type":"WebSite","@id":"https:\/\/abc-latina.com\/#website","url":"https:\/\/abc-latina.com\/","name":"Abc-latina","description":"","publisher":{"@id":"https:\/\/abc-latina.com\/#organization"},"potentialAction":[{"@type":"SearchAction","target":{"@type":"EntryPoint","urlTemplate":"https:\/\/abc-latina.com\/?s={search_term_string}"},"query-input":{"@type":"PropertyValueSpecification","valueRequired":true,"valueName":"search_term_string"}}],"inLanguage":"fr-FR"},{"@type":"Organization","@id":"https:\/\/abc-latina.com\/#organization","name":"Abc-latina","url":"https:\/\/abc-latina.com\/","logo":{"@type":"ImageObject","inLanguage":"fr-FR","@id":"https:\/\/abc-latina.com\/#\/schema\/logo\/image\/","url":"https:\/\/abc-latina.com\/wp-content\/uploads\/2026\/05\/cropped-logo.gif","contentUrl":"https:\/\/abc-latina.com\/wp-content\/uploads\/2026\/05\/cropped-logo.gif","width":89,"height":84,"caption":"Abc-latina"},"image":{"@id":"https:\/\/abc-latina.com\/#\/schema\/logo\/image\/"}}]}},"_links":{"self":[{"href":"https:\/\/abc-latina.com\/wp-json\/wp\/v2\/pages\/383","targetHints":{"allow":["GET"]}}],"collection":[{"href":"https:\/\/abc-latina.com\/wp-json\/wp\/v2\/pages"}],"about":[{"href":"https:\/\/abc-latina.com\/wp-json\/wp\/v2\/types\/page"}],"author":[{"embeddable":true,"href":"https:\/\/abc-latina.com\/wp-json\/wp\/v2\/users\/3"}],"replies":[{"embeddable":true,"href":"https:\/\/abc-latina.com\/wp-json\/wp\/v2\/comments?post=383"}],"version-history":[{"count":1,"href":"https:\/\/abc-latina.com\/wp-json\/wp\/v2\/pages\/383\/revisions"}],"predecessor-version":[{"id":3660,"href":"https:\/\/abc-latina.com\/wp-json\/wp\/v2\/pages\/383\/revisions\/3660"}],"up":[{"embeddable":true,"href":"https:\/\/abc-latina.com\/wp-json\/wp\/v2\/pages\/2118"}],"wp:featuredmedia":[{"embeddable":true,"href":"https:\/\/abc-latina.com\/wp-json\/wp\/v2\/media\/206"}],"wp:attachment":[{"href":"https:\/\/abc-latina.com\/wp-json\/wp\/v2\/media?parent=383"}],"curies":[{"name":"wp","href":"https:\/\/api.w.org\/{rel}","templated":true}]}}