{"id":392,"date":"2010-06-07T18:44:45","date_gmt":"2010-06-07T16:44:45","guid":{"rendered":"http:\/\/abc-latina.com\/caral-php\/"},"modified":"2026-04-30T18:25:14","modified_gmt":"2026-04-30T16:25:14","slug":"caral","status":"publish","type":"page","link":"https:\/\/abc-latina.com\/perou\/caral\/","title":{"rendered":"CARAL"},"content":{"rendered":"<p><span class=\"tourisme-chapitre\"><img loading=\"lazy\" decoding=\"async\" class=\" alignright size-full wp-image-391\" src=\"http:\/\/abc-latina.com\/wp-content\/uploads\/2010\/06\/caral.jpg\" title=\"CARAL\" alt=\"\" width=\"250\" vspace=\"9\" hspace=\"15\" height=\"172\" align=\"right\" \/>CARAL, La plus vieille ville d&rsquo;Am\u00e9rique&nbsp;<\/span><\/p>\n<p>Entre 4000 et 4600 : l&rsquo;\u00e2ge de la plus vieille ville am\u00e9ricaine a \u00e9t\u00e9 d\u00e9voil\u00e9 par des roseaux cach\u00e9s dans d&rsquo;imposantes pyramides.&nbsp;<\/p>\n<p>Le village de Caral, au P\u00e9rou, aurait abrit\u00e9 la premi\u00e8re civilisation am\u00e9ricaine entre 2600 et 2000 ans avant J\u00e9sus-Christ.&nbsp;<\/p>\n<p>Six pyramides t\u00e9moignent de cette culture ant\u00e9rieure aux <a href=\"https:\/\/www.abc-latina.com\/civilisations\/Inca\" target=\"_blank\">Incas<\/a>. Pour d\u00e9terminer l&rsquo;\u00e2ge de ces hautes structures de pierre, Ruth Shady Solis et ses coll\u00e8gues ont dat\u00e9 au radiocarbone&#8230; des roseaux. Les ouvriers qui ont b\u00e2ti les pyramides, en effet, transportaient les roches de la rivi\u00e8re au chantier dans des sacs de roseaux. Mais, plut\u00f4t que de vider leur sac, ils le jetaient avec son contenu dans la pyramide. De bons indices de l&rsquo;\u00e9poque, laiss\u00e9s intacts par le temps sec du P\u00e9rou.&nbsp;<\/p>\n<p><a href=\"tour_operateur\" target=\"_blank\"><img loading=\"lazy\" decoding=\"async\" class=\" size-full wp-image-41\" alt=\"\" class=\"touroperateur\" src=\"http:\/\/abc-latina.com\/wp-content\/uploads\/2010\/04\/timbre_to.gif\" width=\"125\" height=\"90\" \/><\/a>L&rsquo;ensemble du site, \u00e9crivent les chercheurs dans le dernier Science, couvre une superficie de 65 000 m\u00e8tres carr\u00e9s. Les pyramides, entour\u00e9es par plusieurs maisons, sont elles-m\u00eames plac\u00e9es autour d&rsquo;une grande place publique. Munies d&rsquo;un escalier, ces pyramides ne sont pas pointues comme celles d&rsquo;Egypte : elles se terminent par un \u00e9tage plat o\u00f9 se trouvent quelques pi\u00e8ces et un foyer.&nbsp;<\/p>\n<p>Ces grandes structures de pierre (la pyramide la plus imposante s&rsquo;\u00e9l\u00e8ve \u00e0 18 m\u00e8tres et a une base de 150 par 160 m\u00e8tres) secouent une id\u00e9e courante : que les civilisations sont d&rsquo;abord apparues sur les c\u00f4tes. Situ\u00e9e \u00e0 23 kilom\u00e8tres de l&rsquo;oc\u00e9an, en effet, Caral aurait le m\u00eame \u00e2ge qu&rsquo;une ville c\u00f4ti\u00e8re tr\u00e8s connue, Aspero.&nbsp;<\/p>\n<p>Caral, d\u00e9couverte en 1905 mais rest\u00e9e peu explor\u00e9e parce qu&rsquo;elle ne recelait ni poteries ni or, a s\u00fbrement bien des choses \u00e0 d\u00e9voiler. Pour les d\u00e9couvrir, ne reste plus qu&rsquo;\u00e0 d\u00e9blayer le reste du sable et des gravats qui la recouvrent encore.<\/p>\n<p>Source: Anick Labelle &#8211; www.cybersciences.com<\/p>\n<h3>Pr\u00e9parez votre voyage \u00e0 Caral:<\/h3>\n<div><a href=\"https:\/\/www.abc-latina.com\/perou\/agence_de_voyages\">Agences de voyage g\u00e9n\u00e9ralistes et discounteurs<\/a><\/div>\n<div><a href=\"https:\/\/www.abc-latina.com\/perou\/tour_operateur\">Tours Op\u00e9rateurs sp\u00e9cialistes du P\u00e9rou<\/a><\/div>\n<div><a href=\"https:\/\/www.abc-latina.com\/to\/reservation_billet_avion\" target=\"_blank\">R\u00e9servez votre billet d&rsquo;avion<\/a><\/div>\n<div><a href=\"https:\/\/www.abc-latina.com\/perou\/hotels\">R\u00e9servez votre h\u00f4tel \u00e0 Caral<\/a>&nbsp;<\/div>\n<div><a href=\"https:\/\/www.abc-latina.com\/to\/location_de_voiture_perou\" target=\"_blank\">Location de voiture<\/a><\/div>\n","protected":false},"excerpt":{"rendered":"<p>CARAL, La plus vieille ville d&rsquo;Am\u00e9rique&nbsp; Entre 4000 et 4600 : l&rsquo;\u00e2ge de la plus vieille ville am\u00e9ricaine a \u00e9t\u00e9 [&hellip;]<\/p>\n","protected":false},"author":3,"featured_media":391,"parent":2118,"menu_order":0,"comment_status":"closed","ping_status":"closed","template":"","meta":{"site-sidebar-layout":"default","site-content-layout":"","ast-site-content-layout":"default","site-content-style":"default","site-sidebar-style":"default","ast-global-header-display":"","ast-banner-title-visibility":"","ast-main-header-display":"","ast-hfb-above-header-display":"","ast-hfb-below-header-display":"","ast-hfb-mobile-header-display":"","site-post-title":"","ast-breadcrumbs-content":"","ast-featured-img":"","footer-sml-layout":"","ast-disable-related-posts":"","theme-transparent-header-meta":"","adv-header-id-meta":"","stick-header-meta":"","header-above-stick-meta":"","header-main-stick-meta":"","header-below-stick-meta":"","astra-migrate-meta-layouts":"default","ast-page-background-enabled":"default","ast-page-background-meta":{"desktop":{"background-color":"var(--ast-global-color-5)","background-image":"","background-repeat":"repeat","background-position":"center center","background-size":"auto","background-attachment":"scroll","background-type":"","background-media":"","overlay-type":"","overlay-color":"","overlay-opacity":"","overlay-gradient":""},"tablet":{"background-color":"","background-image":"","background-repeat":"repeat","background-position":"center center","background-size":"auto","background-attachment":"scroll","background-type":"","background-media":"","overlay-type":"","overlay-color":"","overlay-opacity":"","overlay-gradient":""},"mobile":{"background-color":"","background-image":"","background-repeat":"repeat","background-position":"center center","background-size":"auto","background-attachment":"scroll","background-type":"","background-media":"","overlay-type":"","overlay-color":"","overlay-opacity":"","overlay-gradient":""}},"ast-content-background-meta":{"desktop":{"background-color":"var(--ast-global-color-4)","background-image":"","background-repeat":"repeat","background-position":"center center","background-size":"auto","background-attachment":"scroll","background-type":"","background-media":"","overlay-type":"","overlay-color":"","overlay-opacity":"","overlay-gradient":""},"tablet":{"background-color":"var(--ast-global-color-4)","background-image":"","background-repeat":"repeat","background-position":"center center","background-size":"auto","background-attachment":"scroll","background-type":"","background-media":"","overlay-type":"","overlay-color":"","overlay-opacity":"","overlay-gradient":""},"mobile":{"background-color":"var(--ast-global-color-4)","background-image":"","background-repeat":"repeat","background-position":"center center","background-size":"auto","background-attachment":"scroll","background-type":"","background-media":"","overlay-type":"","overlay-color":"","overlay-opacity":"","overlay-gradient":""}},"footnotes":""},"class_list":["post-392","page","type-page","status-publish","has-post-thumbnail","hentry"],"yoast_head":"<!-- This site is optimized with the Yoast SEO plugin v27.5 - https:\/\/yoast.com\/product\/yoast-seo-wordpress\/ -->\n<title>CARAL - Abc-latina<\/title>\n<meta name=\"description\" content=\"Entre 4000 et 4600 : l&#039;\u00e2ge de la plus vieille ville am\u00e9ricaine a \u00e9t\u00e9 d\u00e9voil\u00e9 par des roseaux cach\u00e9s dans d&#039;imposantes pyramides.\" \/>\n<meta name=\"robots\" content=\"index, follow, max-snippet:-1, max-image-preview:large, max-video-preview:-1\" \/>\n<link rel=\"canonical\" href=\"https:\/\/abc-latina.com\/perou\/caral\/\" \/>\n<meta property=\"og:locale\" content=\"fr_FR\" \/>\n<meta property=\"og:type\" content=\"article\" \/>\n<meta property=\"og:title\" content=\"CARAL - Abc-latina\" \/>\n<meta property=\"og:description\" content=\"Entre 4000 et 4600 : l&#039;\u00e2ge de la plus vieille ville am\u00e9ricaine a \u00e9t\u00e9 d\u00e9voil\u00e9 par des roseaux cach\u00e9s dans d&#039;imposantes pyramides.\" \/>\n<meta property=\"og:url\" content=\"https:\/\/abc-latina.com\/perou\/caral\/\" \/>\n<meta property=\"og:site_name\" content=\"Abc-latina\" \/>\n<meta property=\"article:modified_time\" content=\"2026-04-30T16:25:14+00:00\" \/>\n<meta property=\"og:image\" content=\"https:\/\/abc-latina.com\/wp-content\/uploads\/2010\/06\/caral.jpg\" \/>\n\t<meta property=\"og:image:width\" content=\"250\" \/>\n\t<meta property=\"og:image:height\" content=\"172\" \/>\n\t<meta property=\"og:image:type\" content=\"image\/jpeg\" \/>\n<meta name=\"twitter:card\" content=\"summary_large_image\" \/>\n<meta name=\"twitter:label1\" content=\"Dur\u00e9e de lecture estim\u00e9e\" \/>\n\t<meta name=\"twitter:data1\" content=\"2 minutes\" \/>\n<script type=\"application\/ld+json\" class=\"yoast-schema-graph\">{\"@context\":\"https:\\\/\\\/schema.org\",\"@graph\":[{\"@type\":\"WebPage\",\"@id\":\"https:\\\/\\\/abc-latina.com\\\/perou\\\/caral\\\/\",\"url\":\"https:\\\/\\\/abc-latina.com\\\/perou\\\/caral\\\/\",\"name\":\"CARAL - Abc-latina\",\"isPartOf\":{\"@id\":\"https:\\\/\\\/abc-latina.com\\\/#website\"},\"primaryImageOfPage\":{\"@id\":\"https:\\\/\\\/abc-latina.com\\\/perou\\\/caral\\\/#primaryimage\"},\"image\":{\"@id\":\"https:\\\/\\\/abc-latina.com\\\/perou\\\/caral\\\/#primaryimage\"},\"thumbnailUrl\":\"https:\\\/\\\/abc-latina.com\\\/wp-content\\\/uploads\\\/2010\\\/06\\\/caral.jpg\",\"datePublished\":\"2010-06-07T16:44:45+00:00\",\"dateModified\":\"2026-04-30T16:25:14+00:00\",\"description\":\"Entre 4000 et 4600 : l'\u00e2ge de la plus vieille ville am\u00e9ricaine a \u00e9t\u00e9 d\u00e9voil\u00e9 par des roseaux cach\u00e9s dans d'imposantes pyramides.\",\"breadcrumb\":{\"@id\":\"https:\\\/\\\/abc-latina.com\\\/perou\\\/caral\\\/#breadcrumb\"},\"inLanguage\":\"fr-FR\",\"potentialAction\":[{\"@type\":\"ReadAction\",\"target\":[\"https:\\\/\\\/abc-latina.com\\\/perou\\\/caral\\\/\"]}]},{\"@type\":\"ImageObject\",\"inLanguage\":\"fr-FR\",\"@id\":\"https:\\\/\\\/abc-latina.com\\\/perou\\\/caral\\\/#primaryimage\",\"url\":\"https:\\\/\\\/abc-latina.com\\\/wp-content\\\/uploads\\\/2010\\\/06\\\/caral.jpg\",\"contentUrl\":\"https:\\\/\\\/abc-latina.com\\\/wp-content\\\/uploads\\\/2010\\\/06\\\/caral.jpg\",\"width\":250,\"height\":172,\"caption\":\"CARAL\"},{\"@type\":\"BreadcrumbList\",\"@id\":\"https:\\\/\\\/abc-latina.com\\\/perou\\\/caral\\\/#breadcrumb\",\"itemListElement\":[{\"@type\":\"ListItem\",\"position\":1,\"name\":\"Accueil\",\"item\":\"https:\\\/\\\/abc-latina.com\\\/\"},{\"@type\":\"ListItem\",\"position\":2,\"name\":\"CARAL\"}]},{\"@type\":\"WebSite\",\"@id\":\"https:\\\/\\\/abc-latina.com\\\/#website\",\"url\":\"https:\\\/\\\/abc-latina.com\\\/\",\"name\":\"Abc-latina\",\"description\":\"\",\"publisher\":{\"@id\":\"https:\\\/\\\/abc-latina.com\\\/#organization\"},\"potentialAction\":[{\"@type\":\"SearchAction\",\"target\":{\"@type\":\"EntryPoint\",\"urlTemplate\":\"https:\\\/\\\/abc-latina.com\\\/?s={search_term_string}\"},\"query-input\":{\"@type\":\"PropertyValueSpecification\",\"valueRequired\":true,\"valueName\":\"search_term_string\"}}],\"inLanguage\":\"fr-FR\"},{\"@type\":\"Organization\",\"@id\":\"https:\\\/\\\/abc-latina.com\\\/#organization\",\"name\":\"Abc-latina\",\"url\":\"https:\\\/\\\/abc-latina.com\\\/\",\"logo\":{\"@type\":\"ImageObject\",\"inLanguage\":\"fr-FR\",\"@id\":\"https:\\\/\\\/abc-latina.com\\\/#\\\/schema\\\/logo\\\/image\\\/\",\"url\":\"https:\\\/\\\/abc-latina.com\\\/wp-content\\\/uploads\\\/2026\\\/05\\\/cropped-logo.gif\",\"contentUrl\":\"https:\\\/\\\/abc-latina.com\\\/wp-content\\\/uploads\\\/2026\\\/05\\\/cropped-logo.gif\",\"width\":89,\"height\":84,\"caption\":\"Abc-latina\"},\"image\":{\"@id\":\"https:\\\/\\\/abc-latina.com\\\/#\\\/schema\\\/logo\\\/image\\\/\"}}]}<\/script>\n<!-- \/ Yoast SEO plugin. -->","yoast_head_json":{"title":"CARAL - Abc-latina","description":"Entre 4000 et 4600 : l'\u00e2ge de la plus vieille ville am\u00e9ricaine a \u00e9t\u00e9 d\u00e9voil\u00e9 par des roseaux cach\u00e9s dans d'imposantes pyramides.","robots":{"index":"index","follow":"follow","max-snippet":"max-snippet:-1","max-image-preview":"max-image-preview:large","max-video-preview":"max-video-preview:-1"},"canonical":"https:\/\/abc-latina.com\/perou\/caral\/","og_locale":"fr_FR","og_type":"article","og_title":"CARAL - Abc-latina","og_description":"Entre 4000 et 4600 : l'\u00e2ge de la plus vieille ville am\u00e9ricaine a \u00e9t\u00e9 d\u00e9voil\u00e9 par des roseaux cach\u00e9s dans d'imposantes pyramides.","og_url":"https:\/\/abc-latina.com\/perou\/caral\/","og_site_name":"Abc-latina","article_modified_time":"2026-04-30T16:25:14+00:00","og_image":[{"width":250,"height":172,"url":"https:\/\/abc-latina.com\/wp-content\/uploads\/2010\/06\/caral.jpg","type":"image\/jpeg"}],"twitter_card":"summary_large_image","twitter_misc":{"Dur\u00e9e de lecture estim\u00e9e":"2 minutes"},"schema":{"@context":"https:\/\/schema.org","@graph":[{"@type":"WebPage","@id":"https:\/\/abc-latina.com\/perou\/caral\/","url":"https:\/\/abc-latina.com\/perou\/caral\/","name":"CARAL - Abc-latina","isPartOf":{"@id":"https:\/\/abc-latina.com\/#website"},"primaryImageOfPage":{"@id":"https:\/\/abc-latina.com\/perou\/caral\/#primaryimage"},"image":{"@id":"https:\/\/abc-latina.com\/perou\/caral\/#primaryimage"},"thumbnailUrl":"https:\/\/abc-latina.com\/wp-content\/uploads\/2010\/06\/caral.jpg","datePublished":"2010-06-07T16:44:45+00:00","dateModified":"2026-04-30T16:25:14+00:00","description":"Entre 4000 et 4600 : l'\u00e2ge de la plus vieille ville am\u00e9ricaine a \u00e9t\u00e9 d\u00e9voil\u00e9 par des roseaux cach\u00e9s dans d'imposantes pyramides.","breadcrumb":{"@id":"https:\/\/abc-latina.com\/perou\/caral\/#breadcrumb"},"inLanguage":"fr-FR","potentialAction":[{"@type":"ReadAction","target":["https:\/\/abc-latina.com\/perou\/caral\/"]}]},{"@type":"ImageObject","inLanguage":"fr-FR","@id":"https:\/\/abc-latina.com\/perou\/caral\/#primaryimage","url":"https:\/\/abc-latina.com\/wp-content\/uploads\/2010\/06\/caral.jpg","contentUrl":"https:\/\/abc-latina.com\/wp-content\/uploads\/2010\/06\/caral.jpg","width":250,"height":172,"caption":"CARAL"},{"@type":"BreadcrumbList","@id":"https:\/\/abc-latina.com\/perou\/caral\/#breadcrumb","itemListElement":[{"@type":"ListItem","position":1,"name":"Accueil","item":"https:\/\/abc-latina.com\/"},{"@type":"ListItem","position":2,"name":"CARAL"}]},{"@type":"WebSite","@id":"https:\/\/abc-latina.com\/#website","url":"https:\/\/abc-latina.com\/","name":"Abc-latina","description":"","publisher":{"@id":"https:\/\/abc-latina.com\/#organization"},"potentialAction":[{"@type":"SearchAction","target":{"@type":"EntryPoint","urlTemplate":"https:\/\/abc-latina.com\/?s={search_term_string}"},"query-input":{"@type":"PropertyValueSpecification","valueRequired":true,"valueName":"search_term_string"}}],"inLanguage":"fr-FR"},{"@type":"Organization","@id":"https:\/\/abc-latina.com\/#organization","name":"Abc-latina","url":"https:\/\/abc-latina.com\/","logo":{"@type":"ImageObject","inLanguage":"fr-FR","@id":"https:\/\/abc-latina.com\/#\/schema\/logo\/image\/","url":"https:\/\/abc-latina.com\/wp-content\/uploads\/2026\/05\/cropped-logo.gif","contentUrl":"https:\/\/abc-latina.com\/wp-content\/uploads\/2026\/05\/cropped-logo.gif","width":89,"height":84,"caption":"Abc-latina"},"image":{"@id":"https:\/\/abc-latina.com\/#\/schema\/logo\/image\/"}}]}},"_links":{"self":[{"href":"https:\/\/abc-latina.com\/wp-json\/wp\/v2\/pages\/392","targetHints":{"allow":["GET"]}}],"collection":[{"href":"https:\/\/abc-latina.com\/wp-json\/wp\/v2\/pages"}],"about":[{"href":"https:\/\/abc-latina.com\/wp-json\/wp\/v2\/types\/page"}],"author":[{"embeddable":true,"href":"https:\/\/abc-latina.com\/wp-json\/wp\/v2\/users\/3"}],"replies":[{"embeddable":true,"href":"https:\/\/abc-latina.com\/wp-json\/wp\/v2\/comments?post=392"}],"version-history":[{"count":1,"href":"https:\/\/abc-latina.com\/wp-json\/wp\/v2\/pages\/392\/revisions"}],"predecessor-version":[{"id":3666,"href":"https:\/\/abc-latina.com\/wp-json\/wp\/v2\/pages\/392\/revisions\/3666"}],"up":[{"embeddable":true,"href":"https:\/\/abc-latina.com\/wp-json\/wp\/v2\/pages\/2118"}],"wp:featuredmedia":[{"embeddable":true,"href":"https:\/\/abc-latina.com\/wp-json\/wp\/v2\/media\/391"}],"wp:attachment":[{"href":"https:\/\/abc-latina.com\/wp-json\/wp\/v2\/media?parent=392"}],"curies":[{"name":"wp","href":"https:\/\/api.w.org\/{rel}","templated":true}]}}