{"id":412,"date":"2010-06-07T21:22:34","date_gmt":"2010-06-07T19:22:34","guid":{"rendered":"http:\/\/abc-latina.com\/lima-htm\/"},"modified":"2026-04-30T18:25:17","modified_gmt":"2026-04-30T16:25:17","slug":"lima","status":"publish","type":"page","link":"https:\/\/abc-latina.com\/perou\/lima\/","title":{"rendered":"LIMA"},"content":{"rendered":"<p><span class=\"tourisme-chapitre\"><img loading=\"lazy\" decoding=\"async\" class=\" size-full wp-image-410\" src=\"http:\/\/abc-latina.com\/wp-content\/uploads\/2010\/06\/032-lima-perou.jpg\" title=\"LIMA - PEROU\" alt=\"LIMA - PEROU\" width=\"480\" height=\"276\" srcset=\"https:\/\/abc-latina.com\/wp-content\/uploads\/2010\/06\/032-lima-perou.jpg 620w, https:\/\/abc-latina.com\/wp-content\/uploads\/2010\/06\/032-lima-perou-300x172.jpg 300w\" sizes=\"auto, (max-width: 480px) 100vw, 480px\" \/><\/span><\/p>\n<p><span class=\"tourisme-chapitre\">Lima<\/span> fut fond\u00e9e par <a target=\"_blank\" href=\"https:\/\/www.abc-latina.com\/personnalites\/francisco_pizarro\">Pizarro<\/a> le 18 janvier 1535 sur l&#8217;emplacement d&rsquo;une ancienne agglom\u00e9ration indienne o\u00f9 sont encore visibles des ruines pr\u00e9colombiennes, d&rsquo;ailleurs \u00e0 30 km se trouve le site religieux le plus important de la r\u00e9gion c\u00f4ti\u00e8re. Lima se trouve de mai \u00e0 octobre sous une couche de nuages bas et porteurs d&rsquo;humidit\u00e9, en revanche les mois de novembre \u00e0 avril sont agr\u00e9ables. Au d\u00e9but du 17\u00e9me si\u00e8cle Lima n&rsquo;avait que 25.000 habitants, La population actuelle compte entre 8 et 10 millions d&rsquo;habitants.<\/p>\n<p>On commence g\u00e9n\u00e9ralement la visite de Lima par la plaza de Armas. Cette place aux belles proportions constitue v\u00e9ritablement le <a href=\"https:\/\/www.abc-latina.com\/perou\/tourisme\/centre_historique_lima\">coeur historique<\/a> de la cit\u00e9. La plupart des monuments remontent aux 16 &amp; 17\u00e9me siecles. Le style baroque, que partage la majorit\u00e9 d&rsquo;entre eux, religieux ou civils, assure l&rsquo;originalit\u00e9 et l&rsquo;unit\u00e9 de ce cadre architectural hispano am\u00e9ricain.&nbsp;<br \/> <a target=\"_blank\" href=\"tour_operateur\"><img loading=\"lazy\" decoding=\"async\" class=\" size-full wp-image-41\" src=\"http:\/\/abc-latina.com\/wp-content\/uploads\/2010\/04\/timbre_to.gif\" class=\"touroperateur\" alt=\"\" width=\"125\" height=\"90\" \/><\/a>L&rsquo;\u00e9glise de Santo Domingo, remani\u00e9e au XVII\u00e8me si\u00e8cle, renferme les tombes de Santa Rosa de Lima, la premi\u00e8re sainte des Am\u00e9riques et de San Martin de Porres, tous les deux tr\u00e8s populaires au P\u00e9rou.&nbsp;<br \/> L&rsquo;\u00e9glise et le couvent de San Francisco, le chef d&rsquo;oeuvre de l&rsquo;art religieux de Lima. L&rsquo;\u00e9glise datant du XVI\u00e8me-XVII\u00e8me si\u00e8cle est le seul b\u00e2timent de la ville \u00e0 avoir surv\u00e9cu aux terribles tremblements de terre de 1687 et 1674.&nbsp;<\/p>\n<p>Le Palais Torre Tagle, construit en 1735, sa fa\u00e7ade est de style baroque andalou&nbsp;<\/p>\n<p>Lima est riche en mus\u00e9es :<br \/> <img loading=\"lazy\" decoding=\"async\" class=\" alignright size-full wp-image-411\" style=\"border-width: 1px; border-style: solid; margin: 5px 22px; float: right;\" src=\"http:\/\/abc-latina.com\/wp-content\/uploads\/2010\/06\/lima4p.jpg\" alt=\"\" width=\"200\" height=\"131\" \/>Le Mus\u00e9e National d&rsquo;Anthropologie et d&rsquo;Arch\u00e9ologie : magnifiques collections de c\u00e9ramiques Chavin, Nazca, Mochica, Chimu. Ses salles renferment de pr\u00e9cieux tissus, des momies, des sculptures, des <a target=\"_blank\" href=\"https:\/\/www.abc-latina.com\/civilisations\/quipus\">quipus incas<\/a>.<\/p>\n<p>Le Mus\u00e9e de l&rsquo;Or, avec celui de Bogota, est le plus important mus\u00e9e de l&rsquo;or d&rsquo;Am\u00e9rique. Belle collection d&rsquo;objets rituels et de bijoux d&rsquo;or, pr\u00e9-incas et <a target=\"_blank\" href=\"https:\/\/www.abc-latina.com\/civilisations\/Inca\">incas<\/a>. Nombreuses pi\u00e8ces de l&rsquo;\u00e9poque Mochica et Chimu : vases, diad\u00e8mes, pectoraux, masques colliers&#8230;<\/p>\n<p>Le Mus\u00e9e Larco Herrera, le Mus\u00e9e Pedro de Osma, le Mus\u00e9e Amano, le Mus\u00e9e de la Nacion, etc&#8230;&nbsp;<a target=\"_blank\" href=\"http:\/\/voyage.abc-latina.com\/voyage_perou\/perou\"><span class=\"sejour-circuit\"><br \/><\/span><\/a><\/p>\n<h3>Les autres infos sur la ville de Lima:<\/h3>\n<div><a href=\"https:\/\/www.abc-latina.com\/perou\/tourisme\/centre_historique_lima\">Le centre historique de Lima<\/a><br \/><a href=\"https:\/\/www.abc-latina.com\/perou\/tourisme\/environs_lima\">Les environs de Lima<\/a><br \/><a href=\"https:\/\/www.abc-latina.com\/perou\/circuits_touristiques\/lima\">Circuits touristiques \u00e0 Lima<\/a><br \/><a href=\"https:\/\/www.abc-latina.com\/perou\/tourisme\/musee_lima\">Les Mus\u00e9es de Lima<\/a><br \/><a href=\"https:\/\/www.abc-latina.com\/perou\/tourisme\/districts_lima\">Les districts de Lima<\/a><br \/><a href=\"https:\/\/www.abc-latina.com\/perou\/photos\/photos_lima\">Photos de Lima<\/a><\/div>\n<h3>Pr\u00e9parez votre voyage \u00e0 Lima:<\/h3>\n<div><a href=\"https:\/\/www.abc-latina.com\/perou\/agence_de_voyages\">Agences de voyage g\u00e9n\u00e9ralistes et discounteurs<\/a><\/div>\n<div><a href=\"https:\/\/www.abc-latina.com\/perou\/tour_operateur\">Tours Op\u00e9rateurs sp\u00e9cialistes du P\u00e9rou<\/a><\/div>\n<div><a target=\"_blank\" href=\"https:\/\/www.abc-latina.com\/to\/reservation_billet_avion\">R\u00e9servez votre billet d&rsquo;avion<\/a><\/div>\n<div><a href=\"https:\/\/www.abc-latina.com\/perou\/hotels\">R\u00e9servez votre h\u00f4tel \u00e0 Lima<\/a>&nbsp;<\/div>\n<div><a target=\"_blank\" href=\"https:\/\/www.abc-latina.com\/to\/location_de_voiture_perou\">Location de voiture<\/a><\/div>\n","protected":false},"excerpt":{"rendered":"<p>Lima fut fond\u00e9e par Pizarro le 18 janvier 1535 sur l&#8217;emplacement d&rsquo;une ancienne agglom\u00e9ration indienne o\u00f9 sont encore visibles des [&hellip;]<\/p>\n","protected":false},"author":3,"featured_media":410,"parent":2118,"menu_order":0,"comment_status":"closed","ping_status":"closed","template":"","meta":{"site-sidebar-layout":"default","site-content-layout":"","ast-site-content-layout":"default","site-content-style":"default","site-sidebar-style":"default","ast-global-header-display":"","ast-banner-title-visibility":"","ast-main-header-display":"","ast-hfb-above-header-display":"","ast-hfb-below-header-display":"","ast-hfb-mobile-header-display":"","site-post-title":"","ast-breadcrumbs-content":"","ast-featured-img":"","footer-sml-layout":"","ast-disable-related-posts":"","theme-transparent-header-meta":"","adv-header-id-meta":"","stick-header-meta":"","header-above-stick-meta":"","header-main-stick-meta":"","header-below-stick-meta":"","astra-migrate-meta-layouts":"default","ast-page-background-enabled":"default","ast-page-background-meta":{"desktop":{"background-color":"var(--ast-global-color-5)","background-image":"","background-repeat":"repeat","background-position":"center center","background-size":"auto","background-attachment":"scroll","background-type":"","background-media":"","overlay-type":"","overlay-color":"","overlay-opacity":"","overlay-gradient":""},"tablet":{"background-color":"","background-image":"","background-repeat":"repeat","background-position":"center center","background-size":"auto","background-attachment":"scroll","background-type":"","background-media":"","overlay-type":"","overlay-color":"","overlay-opacity":"","overlay-gradient":""},"mobile":{"background-color":"","background-image":"","background-repeat":"repeat","background-position":"center center","background-size":"auto","background-attachment":"scroll","background-type":"","background-media":"","overlay-type":"","overlay-color":"","overlay-opacity":"","overlay-gradient":""}},"ast-content-background-meta":{"desktop":{"background-color":"var(--ast-global-color-4)","background-image":"","background-repeat":"repeat","background-position":"center center","background-size":"auto","background-attachment":"scroll","background-type":"","background-media":"","overlay-type":"","overlay-color":"","overlay-opacity":"","overlay-gradient":""},"tablet":{"background-color":"var(--ast-global-color-4)","background-image":"","background-repeat":"repeat","background-position":"center center","background-size":"auto","background-attachment":"scroll","background-type":"","background-media":"","overlay-type":"","overlay-color":"","overlay-opacity":"","overlay-gradient":""},"mobile":{"background-color":"var(--ast-global-color-4)","background-image":"","background-repeat":"repeat","background-position":"center center","background-size":"auto","background-attachment":"scroll","background-type":"","background-media":"","overlay-type":"","overlay-color":"","overlay-opacity":"","overlay-gradient":""}},"footnotes":""},"class_list":["post-412","page","type-page","status-publish","has-post-thumbnail","hentry"],"yoast_head":"<!-- This site is optimized with the Yoast SEO plugin v27.5 - https:\/\/yoast.com\/product\/yoast-seo-wordpress\/ -->\n<title>LIMA - Abc-latina<\/title>\n<meta name=\"description\" content=\"On commence g\u00e9n\u00e9ralement la visite de Lima par la plaza de Armas. Cette place aux belles proportions constitue v\u00e9ritablement le coeur historique de la cit\u00e9.\" \/>\n<meta name=\"robots\" content=\"index, follow, max-snippet:-1, max-image-preview:large, max-video-preview:-1\" \/>\n<link rel=\"canonical\" href=\"https:\/\/abc-latina.com\/perou\/lima\/\" \/>\n<meta property=\"og:locale\" content=\"fr_FR\" \/>\n<meta property=\"og:type\" content=\"article\" \/>\n<meta property=\"og:title\" content=\"LIMA - Abc-latina\" \/>\n<meta property=\"og:description\" content=\"On commence g\u00e9n\u00e9ralement la visite de Lima par la plaza de Armas. Cette place aux belles proportions constitue v\u00e9ritablement le coeur historique de la cit\u00e9.\" \/>\n<meta property=\"og:url\" content=\"https:\/\/abc-latina.com\/perou\/lima\/\" \/>\n<meta property=\"og:site_name\" content=\"Abc-latina\" \/>\n<meta property=\"article:modified_time\" content=\"2026-04-30T16:25:17+00:00\" \/>\n<meta property=\"og:image\" content=\"https:\/\/abc-latina.com\/wp-content\/uploads\/2010\/06\/032-lima-perou.jpg\" \/>\n\t<meta property=\"og:image:width\" content=\"620\" \/>\n\t<meta property=\"og:image:height\" content=\"356\" \/>\n\t<meta property=\"og:image:type\" content=\"image\/jpeg\" \/>\n<meta name=\"twitter:card\" content=\"summary_large_image\" \/>\n<meta name=\"twitter:label1\" content=\"Dur\u00e9e de lecture estim\u00e9e\" \/>\n\t<meta name=\"twitter:data1\" content=\"2 minutes\" \/>\n<script type=\"application\/ld+json\" class=\"yoast-schema-graph\">{\"@context\":\"https:\\\/\\\/schema.org\",\"@graph\":[{\"@type\":\"WebPage\",\"@id\":\"https:\\\/\\\/abc-latina.com\\\/perou\\\/lima\\\/\",\"url\":\"https:\\\/\\\/abc-latina.com\\\/perou\\\/lima\\\/\",\"name\":\"LIMA - Abc-latina\",\"isPartOf\":{\"@id\":\"https:\\\/\\\/abc-latina.com\\\/#website\"},\"primaryImageOfPage\":{\"@id\":\"https:\\\/\\\/abc-latina.com\\\/perou\\\/lima\\\/#primaryimage\"},\"image\":{\"@id\":\"https:\\\/\\\/abc-latina.com\\\/perou\\\/lima\\\/#primaryimage\"},\"thumbnailUrl\":\"https:\\\/\\\/abc-latina.com\\\/wp-content\\\/uploads\\\/2010\\\/06\\\/032-lima-perou.jpg\",\"datePublished\":\"2010-06-07T19:22:34+00:00\",\"dateModified\":\"2026-04-30T16:25:17+00:00\",\"description\":\"On commence g\u00e9n\u00e9ralement la visite de Lima par la plaza de Armas. Cette place aux belles proportions constitue v\u00e9ritablement le coeur historique de la cit\u00e9.\",\"breadcrumb\":{\"@id\":\"https:\\\/\\\/abc-latina.com\\\/perou\\\/lima\\\/#breadcrumb\"},\"inLanguage\":\"fr-FR\",\"potentialAction\":[{\"@type\":\"ReadAction\",\"target\":[\"https:\\\/\\\/abc-latina.com\\\/perou\\\/lima\\\/\"]}]},{\"@type\":\"ImageObject\",\"inLanguage\":\"fr-FR\",\"@id\":\"https:\\\/\\\/abc-latina.com\\\/perou\\\/lima\\\/#primaryimage\",\"url\":\"https:\\\/\\\/abc-latina.com\\\/wp-content\\\/uploads\\\/2010\\\/06\\\/032-lima-perou.jpg\",\"contentUrl\":\"https:\\\/\\\/abc-latina.com\\\/wp-content\\\/uploads\\\/2010\\\/06\\\/032-lima-perou.jpg\",\"width\":620,\"height\":356,\"caption\":\"LIMA - PEROU\"},{\"@type\":\"BreadcrumbList\",\"@id\":\"https:\\\/\\\/abc-latina.com\\\/perou\\\/lima\\\/#breadcrumb\",\"itemListElement\":[{\"@type\":\"ListItem\",\"position\":1,\"name\":\"Accueil\",\"item\":\"https:\\\/\\\/abc-latina.com\\\/\"},{\"@type\":\"ListItem\",\"position\":2,\"name\":\"LIMA\"}]},{\"@type\":\"WebSite\",\"@id\":\"https:\\\/\\\/abc-latina.com\\\/#website\",\"url\":\"https:\\\/\\\/abc-latina.com\\\/\",\"name\":\"Abc-latina\",\"description\":\"\",\"publisher\":{\"@id\":\"https:\\\/\\\/abc-latina.com\\\/#organization\"},\"potentialAction\":[{\"@type\":\"SearchAction\",\"target\":{\"@type\":\"EntryPoint\",\"urlTemplate\":\"https:\\\/\\\/abc-latina.com\\\/?s={search_term_string}\"},\"query-input\":{\"@type\":\"PropertyValueSpecification\",\"valueRequired\":true,\"valueName\":\"search_term_string\"}}],\"inLanguage\":\"fr-FR\"},{\"@type\":\"Organization\",\"@id\":\"https:\\\/\\\/abc-latina.com\\\/#organization\",\"name\":\"Abc-latina\",\"url\":\"https:\\\/\\\/abc-latina.com\\\/\",\"logo\":{\"@type\":\"ImageObject\",\"inLanguage\":\"fr-FR\",\"@id\":\"https:\\\/\\\/abc-latina.com\\\/#\\\/schema\\\/logo\\\/image\\\/\",\"url\":\"https:\\\/\\\/abc-latina.com\\\/wp-content\\\/uploads\\\/2026\\\/05\\\/cropped-logo.gif\",\"contentUrl\":\"https:\\\/\\\/abc-latina.com\\\/wp-content\\\/uploads\\\/2026\\\/05\\\/cropped-logo.gif\",\"width\":89,\"height\":84,\"caption\":\"Abc-latina\"},\"image\":{\"@id\":\"https:\\\/\\\/abc-latina.com\\\/#\\\/schema\\\/logo\\\/image\\\/\"}}]}<\/script>\n<!-- \/ Yoast SEO plugin. -->","yoast_head_json":{"title":"LIMA - Abc-latina","description":"On commence g\u00e9n\u00e9ralement la visite de Lima par la plaza de Armas. Cette place aux belles proportions constitue v\u00e9ritablement le coeur historique de la cit\u00e9.","robots":{"index":"index","follow":"follow","max-snippet":"max-snippet:-1","max-image-preview":"max-image-preview:large","max-video-preview":"max-video-preview:-1"},"canonical":"https:\/\/abc-latina.com\/perou\/lima\/","og_locale":"fr_FR","og_type":"article","og_title":"LIMA - Abc-latina","og_description":"On commence g\u00e9n\u00e9ralement la visite de Lima par la plaza de Armas. Cette place aux belles proportions constitue v\u00e9ritablement le coeur historique de la cit\u00e9.","og_url":"https:\/\/abc-latina.com\/perou\/lima\/","og_site_name":"Abc-latina","article_modified_time":"2026-04-30T16:25:17+00:00","og_image":[{"width":620,"height":356,"url":"https:\/\/abc-latina.com\/wp-content\/uploads\/2010\/06\/032-lima-perou.jpg","type":"image\/jpeg"}],"twitter_card":"summary_large_image","twitter_misc":{"Dur\u00e9e de lecture estim\u00e9e":"2 minutes"},"schema":{"@context":"https:\/\/schema.org","@graph":[{"@type":"WebPage","@id":"https:\/\/abc-latina.com\/perou\/lima\/","url":"https:\/\/abc-latina.com\/perou\/lima\/","name":"LIMA - Abc-latina","isPartOf":{"@id":"https:\/\/abc-latina.com\/#website"},"primaryImageOfPage":{"@id":"https:\/\/abc-latina.com\/perou\/lima\/#primaryimage"},"image":{"@id":"https:\/\/abc-latina.com\/perou\/lima\/#primaryimage"},"thumbnailUrl":"https:\/\/abc-latina.com\/wp-content\/uploads\/2010\/06\/032-lima-perou.jpg","datePublished":"2010-06-07T19:22:34+00:00","dateModified":"2026-04-30T16:25:17+00:00","description":"On commence g\u00e9n\u00e9ralement la visite de Lima par la plaza de Armas. Cette place aux belles proportions constitue v\u00e9ritablement le coeur historique de la cit\u00e9.","breadcrumb":{"@id":"https:\/\/abc-latina.com\/perou\/lima\/#breadcrumb"},"inLanguage":"fr-FR","potentialAction":[{"@type":"ReadAction","target":["https:\/\/abc-latina.com\/perou\/lima\/"]}]},{"@type":"ImageObject","inLanguage":"fr-FR","@id":"https:\/\/abc-latina.com\/perou\/lima\/#primaryimage","url":"https:\/\/abc-latina.com\/wp-content\/uploads\/2010\/06\/032-lima-perou.jpg","contentUrl":"https:\/\/abc-latina.com\/wp-content\/uploads\/2010\/06\/032-lima-perou.jpg","width":620,"height":356,"caption":"LIMA - PEROU"},{"@type":"BreadcrumbList","@id":"https:\/\/abc-latina.com\/perou\/lima\/#breadcrumb","itemListElement":[{"@type":"ListItem","position":1,"name":"Accueil","item":"https:\/\/abc-latina.com\/"},{"@type":"ListItem","position":2,"name":"LIMA"}]},{"@type":"WebSite","@id":"https:\/\/abc-latina.com\/#website","url":"https:\/\/abc-latina.com\/","name":"Abc-latina","description":"","publisher":{"@id":"https:\/\/abc-latina.com\/#organization"},"potentialAction":[{"@type":"SearchAction","target":{"@type":"EntryPoint","urlTemplate":"https:\/\/abc-latina.com\/?s={search_term_string}"},"query-input":{"@type":"PropertyValueSpecification","valueRequired":true,"valueName":"search_term_string"}}],"inLanguage":"fr-FR"},{"@type":"Organization","@id":"https:\/\/abc-latina.com\/#organization","name":"Abc-latina","url":"https:\/\/abc-latina.com\/","logo":{"@type":"ImageObject","inLanguage":"fr-FR","@id":"https:\/\/abc-latina.com\/#\/schema\/logo\/image\/","url":"https:\/\/abc-latina.com\/wp-content\/uploads\/2026\/05\/cropped-logo.gif","contentUrl":"https:\/\/abc-latina.com\/wp-content\/uploads\/2026\/05\/cropped-logo.gif","width":89,"height":84,"caption":"Abc-latina"},"image":{"@id":"https:\/\/abc-latina.com\/#\/schema\/logo\/image\/"}}]}},"_links":{"self":[{"href":"https:\/\/abc-latina.com\/wp-json\/wp\/v2\/pages\/412","targetHints":{"allow":["GET"]}}],"collection":[{"href":"https:\/\/abc-latina.com\/wp-json\/wp\/v2\/pages"}],"about":[{"href":"https:\/\/abc-latina.com\/wp-json\/wp\/v2\/types\/page"}],"author":[{"embeddable":true,"href":"https:\/\/abc-latina.com\/wp-json\/wp\/v2\/users\/3"}],"replies":[{"embeddable":true,"href":"https:\/\/abc-latina.com\/wp-json\/wp\/v2\/comments?post=412"}],"version-history":[{"count":1,"href":"https:\/\/abc-latina.com\/wp-json\/wp\/v2\/pages\/412\/revisions"}],"predecessor-version":[{"id":3730,"href":"https:\/\/abc-latina.com\/wp-json\/wp\/v2\/pages\/412\/revisions\/3730"}],"up":[{"embeddable":true,"href":"https:\/\/abc-latina.com\/wp-json\/wp\/v2\/pages\/2118"}],"wp:featuredmedia":[{"embeddable":true,"href":"https:\/\/abc-latina.com\/wp-json\/wp\/v2\/media\/410"}],"wp:attachment":[{"href":"https:\/\/abc-latina.com\/wp-json\/wp\/v2\/media?parent=412"}],"curies":[{"name":"wp","href":"https:\/\/api.w.org\/{rel}","templated":true}]}}