{"id":414,"date":"2010-06-07T21:25:04","date_gmt":"2010-06-07T19:25:04","guid":{"rendered":"http:\/\/abc-latina.com\/machu-htm\/"},"modified":"2026-04-30T18:25:17","modified_gmt":"2026-04-30T16:25:17","slug":"machu","status":"publish","type":"page","link":"https:\/\/abc-latina.com\/perou\/machu\/","title":{"rendered":"MACHU PICCHU"},"content":{"rendered":"<p><span class=\"tourisme-chapitre\"><img loading=\"lazy\" decoding=\"async\" class=\" size-full wp-image-413\" src=\"http:\/\/abc-latina.com\/wp-content\/uploads\/2010\/06\/033-machu-picchu.jpg\" title=\"MACHU PICCHU\" alt=\"MACHU PICCHU\" width=\"480\" height=\"270\" srcset=\"https:\/\/abc-latina.com\/wp-content\/uploads\/2010\/06\/033-machu-picchu.jpg 499w, https:\/\/abc-latina.com\/wp-content\/uploads\/2010\/06\/033-machu-picchu-300x169.jpg 300w\" sizes=\"auto, (max-width: 480px) 100vw, 480px\" \/><\/span><\/p>\n<p><span class=\"tourisme-chapitre\">Le Machu Picchu<\/span> demeura cach\u00e9e pendant des si\u00e8cles jusqu&rsquo;en 1911, date \u00e0 laquelle le professeur <a target=\"_blank\" href=\"https:\/\/www.abc-latina.com\/personnalites\/hiram_bingham\">Hiram Bingham<\/a> la f\u00eet conna\u00eetre au monde entier.<\/p>\n<p>Machu Picchu n&rsquo;est pas seulement un joyau de l&rsquo;architecture <a target=\"_blank\" href=\"https:\/\/www.abc-latina.com\/civilisations\/Inca\">inca<\/a>, la cit\u00e9 sacr\u00e9e est surtout la supr\u00eame expression de l&rsquo;\u0153uvre de l&rsquo;homme en harmonie avec l&rsquo;environnement; c&rsquo;est une citadelle situ\u00e9e au sommet d&rsquo;un cr\u00eate \u00e9troite au-dessus de la rivi\u00e8re turbulente, battue par le vent intense des montagnes escarp\u00e9es du contrefort amazonien<\/p>\n<p>L&rsquo;ensemble arch\u00e9ologique est divis\u00e9 en deux secteurs appel\u00e9s Agricole et Urbain o\u00f9 se trouvent des places, des temples, des palais, des entrep\u00f4ts, des ateliers, des escaliers et des fontaines qui sont agenc\u00e9s sur les deux secteurs sur quelques 10 \u00e0 20 ha chacun.&nbsp;<\/p>\n<p>Il est \u00e9vident que <a href=\"https:\/\/www.abc-latina.com\/perou\/cuzco\">Cusco<\/a>, la capitale de l&rsquo;Etat Inca, a \u00e9t\u00e9 prise pour mod\u00e8le dans la distribution architectonique du site car Machupicchu poss\u00e8de tous les \u00e9l\u00e9ments urbains adapt\u00e9s \u00e0 la sinuosit\u00e9 du terrain et aux diff\u00e9rentes d\u00e9nivellations.<\/p>\n<p>Les fouilles arch\u00e9ologiques r\u00e9alis\u00e9es apr\u00e8s la visite de Bingham ont permis de conclure que le terrain a \u00e9t\u00e9 remblay\u00e9 au pr\u00e9alable avec un mat\u00e9riau qui n&rsquo;appartient pas au site, \u00e9tant donn\u00e9 que le sol de ce dernier, form\u00e9 par un socle de granit, est tr\u00e8s pauvre en terre fertile.<\/p>\n<p><span class=\"tourisme-chapitre\">Visite du site :&nbsp;<\/span><\/p>\n<p><a target=\"_blank\" href=\"tour_operateur\"><img loading=\"lazy\" decoding=\"async\" class=\" size-full wp-image-41\" src=\"http:\/\/abc-latina.com\/wp-content\/uploads\/2010\/04\/timbre_to.gif\" class=\"touroperateur\" alt=\"\" width=\"125\" height=\"90\" \/><\/a>Le Machu Picchu se divise en quartiers s\u00e9par\u00e9s en grande partie par l&rsquo;esplanade centrale. On reconna\u00eet les \u00e9difices religieux et les maisons habit\u00e9es par les notables aux pierres qui sont parfaitement jointes, alors que pour les autres maisons, on utilisait de l&rsquo;adobe entre les pierres beaucoup plus grossi\u00e8rement taill\u00e9es.<\/p>\n<p>Parmi les diff\u00e9rents quartiers on trouve :<br \/> Le <span class=\"tourisme-unesco\">quartier des agriculteurs<\/span>, avec ses terrasses cultiv\u00e9es et un ing\u00e9nieux syst\u00e8me d&rsquo;irrigation et des rigoles en zigzag.<br \/> Le <span class=\"tourisme-unesco\">quartier des prisons<\/span>, qui aurait \u00e9t\u00e9 un endroit de sacrifice.<br \/> Le <span class=\"tourisme-unesco\">quartier industriel<\/span> qui \u00e9tait consacr\u00e9 \u00e0 des activit\u00e9s domestiques et artisanales.<br \/> Le <span class=\"tourisme-unesco\">tombeau royal<\/span>, qui fut peut \u00eatre un tombeau d&rsquo;Inca. Il est \u00e0 remarquer, les gradins et les niches taill\u00e9s dans le rocher.<br \/> La <span class=\"tourisme-unesco\">rue des Fontaines<\/span> est une \u00e9tonnante ruelle compos\u00e9e d&rsquo;une s\u00e9rie de petits bassins dispos\u00e9s les uns \u00e0 la suite des autres.<br \/> La <span class=\"tourisme-unesco\">maison de l&rsquo;Inca<\/span> est reconnaissable \u00e0 son appareillage de pierre particuli\u00e8rement soign\u00e9.<br \/> L&rsquo;<span class=\"tourisme-unesco\">Intiwatana<\/span>, l&rsquo;observatoire astronomique est l&rsquo;endroit le plus \u00e9lev\u00e9 de la ville et le plus myst\u00e9rieux.<br \/> Le <span class=\"tourisme-unesco\">mirador<\/span> qui domine tout le site offre la plus belle vue.&nbsp;<\/p>\n<p>&nbsp;<\/p>\n<p><img loading=\"lazy\" decoding=\"async\" class=\" size-full wp-image-46\" src=\"http:\/\/abc-latina.com\/wp-content\/uploads\/2010\/04\/pages-associes.gif\" alt=\"\" width=\"120\" height=\"10\" \/><br \/><a href=\"https:\/\/www.abc-latina.com\/perou\/tourisme\/chemin_inca\">Faire le Chemin de l&rsquo;inca<\/a>&nbsp;<br \/> <a href=\"https:\/\/www.abc-latina.com\/perou\/photos\/photos_machu_picchu\">Photos du Machu Picchu<\/a> <a target=\"_blank\" href=\"http:\/\/voyage.abc-latina.com\/voyage_perou\/perou\"><span class=\"sejour-circuit\"><br \/><\/span><\/a><\/p>\n<h3>Pr\u00e9parez votre voyage au Machu Picchu:<\/h3>\n<div><a href=\"https:\/\/www.abc-latina.com\/perou\/agence_de_voyages\">Agences de voyage g\u00e9n\u00e9ralistes et discounteurs<\/a><\/div>\n<div><a href=\"https:\/\/www.abc-latina.com\/perou\/tour_operateur\">Tours Op\u00e9rateurs sp\u00e9cialistes du P\u00e9rou<\/a><\/div>\n<div><a target=\"_blank\" href=\"https:\/\/www.abc-latina.com\/to\/reservation_billet_avion\">R\u00e9servez votre billet d&rsquo;avion<\/a><\/div>\n<div><a href=\"https:\/\/www.abc-latina.com\/perou\/hotels\">R\u00e9servez votre h\u00f4tel au Machu Picchu<\/a>&nbsp;<\/div>\n<div><a target=\"_blank\" href=\"https:\/\/www.abc-latina.com\/to\/location_de_voiture_perou\">Location de voiture<\/a><\/div>\n<div>&nbsp;<\/div>\n","protected":false},"excerpt":{"rendered":"<p>Le Machu Picchu demeura cach\u00e9e pendant des si\u00e8cles jusqu&rsquo;en 1911, date \u00e0 laquelle le professeur Hiram Bingham la f\u00eet conna\u00eetre [&hellip;]<\/p>\n","protected":false},"author":3,"featured_media":413,"parent":2118,"menu_order":0,"comment_status":"closed","ping_status":"closed","template":"","meta":{"site-sidebar-layout":"default","site-content-layout":"","ast-site-content-layout":"default","site-content-style":"default","site-sidebar-style":"default","ast-global-header-display":"","ast-banner-title-visibility":"","ast-main-header-display":"","ast-hfb-above-header-display":"","ast-hfb-below-header-display":"","ast-hfb-mobile-header-display":"","site-post-title":"","ast-breadcrumbs-content":"","ast-featured-img":"","footer-sml-layout":"","ast-disable-related-posts":"","theme-transparent-header-meta":"","adv-header-id-meta":"","stick-header-meta":"","header-above-stick-meta":"","header-main-stick-meta":"","header-below-stick-meta":"","astra-migrate-meta-layouts":"default","ast-page-background-enabled":"default","ast-page-background-meta":{"desktop":{"background-color":"var(--ast-global-color-5)","background-image":"","background-repeat":"repeat","background-position":"center center","background-size":"auto","background-attachment":"scroll","background-type":"","background-media":"","overlay-type":"","overlay-color":"","overlay-opacity":"","overlay-gradient":""},"tablet":{"background-color":"","background-image":"","background-repeat":"repeat","background-position":"center center","background-size":"auto","background-attachment":"scroll","background-type":"","background-media":"","overlay-type":"","overlay-color":"","overlay-opacity":"","overlay-gradient":""},"mobile":{"background-color":"","background-image":"","background-repeat":"repeat","background-position":"center center","background-size":"auto","background-attachment":"scroll","background-type":"","background-media":"","overlay-type":"","overlay-color":"","overlay-opacity":"","overlay-gradient":""}},"ast-content-background-meta":{"desktop":{"background-color":"var(--ast-global-color-4)","background-image":"","background-repeat":"repeat","background-position":"center center","background-size":"auto","background-attachment":"scroll","background-type":"","background-media":"","overlay-type":"","overlay-color":"","overlay-opacity":"","overlay-gradient":""},"tablet":{"background-color":"var(--ast-global-color-4)","background-image":"","background-repeat":"repeat","background-position":"center center","background-size":"auto","background-attachment":"scroll","background-type":"","background-media":"","overlay-type":"","overlay-color":"","overlay-opacity":"","overlay-gradient":""},"mobile":{"background-color":"var(--ast-global-color-4)","background-image":"","background-repeat":"repeat","background-position":"center center","background-size":"auto","background-attachment":"scroll","background-type":"","background-media":"","overlay-type":"","overlay-color":"","overlay-opacity":"","overlay-gradient":""}},"footnotes":""},"class_list":["post-414","page","type-page","status-publish","has-post-thumbnail","hentry"],"yoast_head":"<!-- This site is optimized with the Yoast SEO plugin v27.5 - https:\/\/yoast.com\/product\/yoast-seo-wordpress\/ -->\n<title>MACHU PICCHU - Abc-latina<\/title>\n<meta name=\"description\" content=\"Le Machu Picchu demeura cach\u00e9e pendant des si\u00e8cles jusqu&#039;en 1911, date \u00e0 laquelle le professeur Hiram Bingham la f\u00eet conna\u00eetre au monde entier.\" \/>\n<meta name=\"robots\" content=\"index, follow, max-snippet:-1, max-image-preview:large, max-video-preview:-1\" \/>\n<link rel=\"canonical\" href=\"https:\/\/abc-latina.com\/perou\/machu\/\" \/>\n<meta property=\"og:locale\" content=\"fr_FR\" \/>\n<meta property=\"og:type\" content=\"article\" \/>\n<meta property=\"og:title\" content=\"MACHU PICCHU - Abc-latina\" \/>\n<meta property=\"og:description\" content=\"Le Machu Picchu demeura cach\u00e9e pendant des si\u00e8cles jusqu&#039;en 1911, date \u00e0 laquelle le professeur Hiram Bingham la f\u00eet conna\u00eetre au monde entier.\" \/>\n<meta property=\"og:url\" content=\"https:\/\/abc-latina.com\/perou\/machu\/\" \/>\n<meta property=\"og:site_name\" content=\"Abc-latina\" \/>\n<meta property=\"article:modified_time\" content=\"2026-04-30T16:25:17+00:00\" \/>\n<meta property=\"og:image\" content=\"https:\/\/abc-latina.com\/wp-content\/uploads\/2010\/06\/033-machu-picchu.jpg\" \/>\n\t<meta property=\"og:image:width\" content=\"499\" \/>\n\t<meta property=\"og:image:height\" content=\"281\" \/>\n\t<meta property=\"og:image:type\" content=\"image\/jpeg\" \/>\n<meta name=\"twitter:card\" content=\"summary_large_image\" \/>\n<meta name=\"twitter:label1\" content=\"Dur\u00e9e de lecture estim\u00e9e\" \/>\n\t<meta name=\"twitter:data1\" content=\"2 minutes\" \/>\n<script type=\"application\/ld+json\" class=\"yoast-schema-graph\">{\"@context\":\"https:\\\/\\\/schema.org\",\"@graph\":[{\"@type\":\"WebPage\",\"@id\":\"https:\\\/\\\/abc-latina.com\\\/perou\\\/machu\\\/\",\"url\":\"https:\\\/\\\/abc-latina.com\\\/perou\\\/machu\\\/\",\"name\":\"MACHU PICCHU - Abc-latina\",\"isPartOf\":{\"@id\":\"https:\\\/\\\/abc-latina.com\\\/#website\"},\"primaryImageOfPage\":{\"@id\":\"https:\\\/\\\/abc-latina.com\\\/perou\\\/machu\\\/#primaryimage\"},\"image\":{\"@id\":\"https:\\\/\\\/abc-latina.com\\\/perou\\\/machu\\\/#primaryimage\"},\"thumbnailUrl\":\"https:\\\/\\\/abc-latina.com\\\/wp-content\\\/uploads\\\/2010\\\/06\\\/033-machu-picchu.jpg\",\"datePublished\":\"2010-06-07T19:25:04+00:00\",\"dateModified\":\"2026-04-30T16:25:17+00:00\",\"description\":\"Le Machu Picchu demeura cach\u00e9e pendant des si\u00e8cles jusqu'en 1911, date \u00e0 laquelle le professeur Hiram Bingham la f\u00eet conna\u00eetre au monde entier.\",\"breadcrumb\":{\"@id\":\"https:\\\/\\\/abc-latina.com\\\/perou\\\/machu\\\/#breadcrumb\"},\"inLanguage\":\"fr-FR\",\"potentialAction\":[{\"@type\":\"ReadAction\",\"target\":[\"https:\\\/\\\/abc-latina.com\\\/perou\\\/machu\\\/\"]}]},{\"@type\":\"ImageObject\",\"inLanguage\":\"fr-FR\",\"@id\":\"https:\\\/\\\/abc-latina.com\\\/perou\\\/machu\\\/#primaryimage\",\"url\":\"https:\\\/\\\/abc-latina.com\\\/wp-content\\\/uploads\\\/2010\\\/06\\\/033-machu-picchu.jpg\",\"contentUrl\":\"https:\\\/\\\/abc-latina.com\\\/wp-content\\\/uploads\\\/2010\\\/06\\\/033-machu-picchu.jpg\",\"width\":499,\"height\":281,\"caption\":\"MACHU PICCHU\"},{\"@type\":\"BreadcrumbList\",\"@id\":\"https:\\\/\\\/abc-latina.com\\\/perou\\\/machu\\\/#breadcrumb\",\"itemListElement\":[{\"@type\":\"ListItem\",\"position\":1,\"name\":\"Accueil\",\"item\":\"https:\\\/\\\/abc-latina.com\\\/\"},{\"@type\":\"ListItem\",\"position\":2,\"name\":\"MACHU PICCHU\"}]},{\"@type\":\"WebSite\",\"@id\":\"https:\\\/\\\/abc-latina.com\\\/#website\",\"url\":\"https:\\\/\\\/abc-latina.com\\\/\",\"name\":\"Abc-latina\",\"description\":\"\",\"publisher\":{\"@id\":\"https:\\\/\\\/abc-latina.com\\\/#organization\"},\"potentialAction\":[{\"@type\":\"SearchAction\",\"target\":{\"@type\":\"EntryPoint\",\"urlTemplate\":\"https:\\\/\\\/abc-latina.com\\\/?s={search_term_string}\"},\"query-input\":{\"@type\":\"PropertyValueSpecification\",\"valueRequired\":true,\"valueName\":\"search_term_string\"}}],\"inLanguage\":\"fr-FR\"},{\"@type\":\"Organization\",\"@id\":\"https:\\\/\\\/abc-latina.com\\\/#organization\",\"name\":\"Abc-latina\",\"url\":\"https:\\\/\\\/abc-latina.com\\\/\",\"logo\":{\"@type\":\"ImageObject\",\"inLanguage\":\"fr-FR\",\"@id\":\"https:\\\/\\\/abc-latina.com\\\/#\\\/schema\\\/logo\\\/image\\\/\",\"url\":\"https:\\\/\\\/abc-latina.com\\\/wp-content\\\/uploads\\\/2026\\\/05\\\/cropped-logo.gif\",\"contentUrl\":\"https:\\\/\\\/abc-latina.com\\\/wp-content\\\/uploads\\\/2026\\\/05\\\/cropped-logo.gif\",\"width\":89,\"height\":84,\"caption\":\"Abc-latina\"},\"image\":{\"@id\":\"https:\\\/\\\/abc-latina.com\\\/#\\\/schema\\\/logo\\\/image\\\/\"}}]}<\/script>\n<!-- \/ Yoast SEO plugin. -->","yoast_head_json":{"title":"MACHU PICCHU - Abc-latina","description":"Le Machu Picchu demeura cach\u00e9e pendant des si\u00e8cles jusqu'en 1911, date \u00e0 laquelle le professeur Hiram Bingham la f\u00eet conna\u00eetre au monde entier.","robots":{"index":"index","follow":"follow","max-snippet":"max-snippet:-1","max-image-preview":"max-image-preview:large","max-video-preview":"max-video-preview:-1"},"canonical":"https:\/\/abc-latina.com\/perou\/machu\/","og_locale":"fr_FR","og_type":"article","og_title":"MACHU PICCHU - Abc-latina","og_description":"Le Machu Picchu demeura cach\u00e9e pendant des si\u00e8cles jusqu'en 1911, date \u00e0 laquelle le professeur Hiram Bingham la f\u00eet conna\u00eetre au monde entier.","og_url":"https:\/\/abc-latina.com\/perou\/machu\/","og_site_name":"Abc-latina","article_modified_time":"2026-04-30T16:25:17+00:00","og_image":[{"width":499,"height":281,"url":"https:\/\/abc-latina.com\/wp-content\/uploads\/2010\/06\/033-machu-picchu.jpg","type":"image\/jpeg"}],"twitter_card":"summary_large_image","twitter_misc":{"Dur\u00e9e de lecture estim\u00e9e":"2 minutes"},"schema":{"@context":"https:\/\/schema.org","@graph":[{"@type":"WebPage","@id":"https:\/\/abc-latina.com\/perou\/machu\/","url":"https:\/\/abc-latina.com\/perou\/machu\/","name":"MACHU PICCHU - Abc-latina","isPartOf":{"@id":"https:\/\/abc-latina.com\/#website"},"primaryImageOfPage":{"@id":"https:\/\/abc-latina.com\/perou\/machu\/#primaryimage"},"image":{"@id":"https:\/\/abc-latina.com\/perou\/machu\/#primaryimage"},"thumbnailUrl":"https:\/\/abc-latina.com\/wp-content\/uploads\/2010\/06\/033-machu-picchu.jpg","datePublished":"2010-06-07T19:25:04+00:00","dateModified":"2026-04-30T16:25:17+00:00","description":"Le Machu Picchu demeura cach\u00e9e pendant des si\u00e8cles jusqu'en 1911, date \u00e0 laquelle le professeur Hiram Bingham la f\u00eet conna\u00eetre au monde entier.","breadcrumb":{"@id":"https:\/\/abc-latina.com\/perou\/machu\/#breadcrumb"},"inLanguage":"fr-FR","potentialAction":[{"@type":"ReadAction","target":["https:\/\/abc-latina.com\/perou\/machu\/"]}]},{"@type":"ImageObject","inLanguage":"fr-FR","@id":"https:\/\/abc-latina.com\/perou\/machu\/#primaryimage","url":"https:\/\/abc-latina.com\/wp-content\/uploads\/2010\/06\/033-machu-picchu.jpg","contentUrl":"https:\/\/abc-latina.com\/wp-content\/uploads\/2010\/06\/033-machu-picchu.jpg","width":499,"height":281,"caption":"MACHU PICCHU"},{"@type":"BreadcrumbList","@id":"https:\/\/abc-latina.com\/perou\/machu\/#breadcrumb","itemListElement":[{"@type":"ListItem","position":1,"name":"Accueil","item":"https:\/\/abc-latina.com\/"},{"@type":"ListItem","position":2,"name":"MACHU PICCHU"}]},{"@type":"WebSite","@id":"https:\/\/abc-latina.com\/#website","url":"https:\/\/abc-latina.com\/","name":"Abc-latina","description":"","publisher":{"@id":"https:\/\/abc-latina.com\/#organization"},"potentialAction":[{"@type":"SearchAction","target":{"@type":"EntryPoint","urlTemplate":"https:\/\/abc-latina.com\/?s={search_term_string}"},"query-input":{"@type":"PropertyValueSpecification","valueRequired":true,"valueName":"search_term_string"}}],"inLanguage":"fr-FR"},{"@type":"Organization","@id":"https:\/\/abc-latina.com\/#organization","name":"Abc-latina","url":"https:\/\/abc-latina.com\/","logo":{"@type":"ImageObject","inLanguage":"fr-FR","@id":"https:\/\/abc-latina.com\/#\/schema\/logo\/image\/","url":"https:\/\/abc-latina.com\/wp-content\/uploads\/2026\/05\/cropped-logo.gif","contentUrl":"https:\/\/abc-latina.com\/wp-content\/uploads\/2026\/05\/cropped-logo.gif","width":89,"height":84,"caption":"Abc-latina"},"image":{"@id":"https:\/\/abc-latina.com\/#\/schema\/logo\/image\/"}}]}},"_links":{"self":[{"href":"https:\/\/abc-latina.com\/wp-json\/wp\/v2\/pages\/414","targetHints":{"allow":["GET"]}}],"collection":[{"href":"https:\/\/abc-latina.com\/wp-json\/wp\/v2\/pages"}],"about":[{"href":"https:\/\/abc-latina.com\/wp-json\/wp\/v2\/types\/page"}],"author":[{"embeddable":true,"href":"https:\/\/abc-latina.com\/wp-json\/wp\/v2\/users\/3"}],"replies":[{"embeddable":true,"href":"https:\/\/abc-latina.com\/wp-json\/wp\/v2\/comments?post=414"}],"version-history":[{"count":1,"href":"https:\/\/abc-latina.com\/wp-json\/wp\/v2\/pages\/414\/revisions"}],"predecessor-version":[{"id":3731,"href":"https:\/\/abc-latina.com\/wp-json\/wp\/v2\/pages\/414\/revisions\/3731"}],"up":[{"embeddable":true,"href":"https:\/\/abc-latina.com\/wp-json\/wp\/v2\/pages\/2118"}],"wp:featuredmedia":[{"embeddable":true,"href":"https:\/\/abc-latina.com\/wp-json\/wp\/v2\/media\/413"}],"wp:attachment":[{"href":"https:\/\/abc-latina.com\/wp-json\/wp\/v2\/media?parent=414"}],"curies":[{"name":"wp","href":"https:\/\/api.w.org\/{rel}","templated":true}]}}