{"id":77,"date":"2010-06-01T03:52:53","date_gmt":"2010-06-01T01:52:53","guid":{"rendered":"http:\/\/abc-latina.com\/infoprat-htm\/"},"modified":"2026-04-30T18:24:44","modified_gmt":"2026-04-30T16:24:44","slug":"infoprat","status":"publish","type":"page","link":"https:\/\/abc-latina.com\/argentine\/infoprat\/","title":{"rendered":"INFORMATIONS PRATIQUES"},"content":{"rendered":"<div>\n<h3>PASSEPORT &#8211; VISA pour l&rsquo;Argentine&nbsp;<\/h3>\n<div>Pas de visa, pour un s\u00e9jour inf\u00e9rieur \u00e0 trois mois, pour les ressortissants fran\u00e7ais.<\/div>\n<div>Un passeport en cours de validit\u00e9 et valable pour toute la dur\u00e9e du s\u00e9jour est exig\u00e9.&nbsp;<\/div>\n<div><a href=\"https:\/\/www.abc-latina.com\/argentine\/ambassade\">Les adresses des ambassades argentines<\/a><\/div>\n<div><a target=\"_blank\" href=\"http:\/\/www.diplomatie.gouv.fr\/fr\/conseils-aux-voyageurs_909\/pays_12191\/argentine_12200\/indexl\">S\u00e9curit\u00e9: les conseils aux voyageurs du minist\u00e8re des affaires \u00e9trang\u00e8res&nbsp;<\/a><\/div>\n<h3>SANTE<\/h3>\n<div>Pas de vaccin obligatoire pour entrer en Argentine. Il est cependant recommand\u00e9 afin d&rsquo;\u00e9viter d&rsquo;attraper le paludisme (risque limit\u00e9 aux for\u00eats du Chaco et dans les zones inondables de la M\u00e9sopotamie) de prendre des comprim\u00e9s antipalud\u00e9ens (type Nivaquine).&nbsp;<\/div>\n<div>Mis \u00e0 part cela, on peut dire que le syst\u00e8me de sant\u00e9 en Argentine est de bonne qualit\u00e9.<\/div>\n<div>N\u00e9anmoins les conditions sanitaires peuvent changer, aussi nous vous conseillons vivement de lire:&nbsp;<\/div>\n<div><a target=\"_blank\" href=\"https:\/\/www.abc-latina.com\/sites\/sante\/argentine\">Les recommandations de l&rsquo;Institut Pasteur<\/a><\/div>\n<h3>CLIMAT en ARGENTINE<\/h3>\n<div>A Buenos Aires, en janvier, les temp\u00e9ratures peuvent atteindre 40&deg;C. En juillet, les temp\u00e9ratures moyennes sont de 15&deg;C, mais peuvent descendre en 24 heures \u00e0 0&deg;C.Dans le Nord, le climat devient de plus en plus chaud l&rsquo;\u00e9t\u00e9, v\u00e9ritablement tropical au nord-est de Salta, plus encore dans la r\u00e9gion de San Juan, oasis dans un d\u00e9sert o\u00f9 les temp\u00e9ratures peuvent avoisiner le jour 45&deg; \u00e0 50&deg;C.<\/div>\n<div>Dans les zones de montagnes, l&rsquo;hiver peut \u00eatre rude \u00e0 plus de 2000m\u00e8tres.&nbsp;<\/div>\n<div><a href=\"https:\/\/www.abc-latina.com\/argentine\/meteo\">La M\u00e9t\u00e9o<\/a><\/div>\n<h3>ARGENT<\/h3>\n<div>La monnaie nationale est le Peso. De nombreux \u00e9tablissements, ainsi que les particuliers acceptent le paiement en dollars pour les transactions courantes. Retirer de l&rsquo;argent avec les cartes de cr\u00e9dit internationales ne pose aucun probl\u00e8me.<\/div>\n<div><a target=\"_blank\" href=\"http:\/\/www.xe.com\/ucc\/fr\/\">Le change<\/a><\/div>\n<h3>DECALAGE HORAIRE&nbsp;<\/h3>\n<div>Lorsqu&rsquo;il est midi \u00e0 Paris:<\/div>\n<div>il est 8h du matin en Argentine en hiver (-4)<\/div>\n<div>et 7h du matin en \u00e9t\u00e9 (-5).<\/div>\n<div>Actuellement, \u00e0 Buenos Aires. il est <\/p>\n<h3>TRANSPORT<\/h3>\n<div>En bus, en train, en avion, en voiture ou m\u00eame en stop selon votre budget et la dur\u00e9e de votre s\u00e9jour. &nbsp;<\/div>\n<div>En bus : Les compagnies de transport disposent de cars tr\u00e8s modernes et confortables, c&rsquo;est le moyen de transport le plus r\u00e9pandu en Argentine. Elles assurent la liaison vers toutes les villes importantes du pays et vers les grandes villes des pays limitrophes.<\/div>\n<div>En Avion : Les vols int\u00e9rieurs constituent une solution pratique pour visiter l&rsquo;ensemble du pays.&nbsp;<\/div>\n<div>Billet d&rsquo;avion: <a target=\"_blank\" href=\"https:\/\/www.abc-latina.com\/to\/reservation_billets_avions\">comparez 10 millions d&rsquo;offres en moins de 30 secondes<\/a><\/div>\n<div>Les compagnies locales sont<\/div>\n<div>Aerolineas Argentinas &#8211; Southern winds &#8211; Lapa<\/div>\n<div>En train : Dans les ann\u00e9es 50, l&rsquo;Argentine poss\u00e9dait le meilleur r\u00e9seau de chemin de fer d&rsquo;Am\u00e9rique Latine, mais les choses ont chang\u00e9. N\u00e9anmoins, il reste int\u00e9ressant \u00e0 prendre pour aller vers les villes du Nord et vers la Bolivie; Ainsi que vers les villes de la Pampa (Mendoza, Cordoba, Mar del Plata, Tucuman) surtout de nuit, les paysages monotones de la Pampa offrants un moindre int\u00e9r\u00eat. Les prix sont \u00e9quivalent \u00e0 ceux pratiqu\u00e9s par les autocars.<\/div>\n<div>En voiture : Ce type de locomotion est pour ceux qui aiment beaucoup rouler en voiture, car les distances sont \u00e9normes. Les routes principales sont en bons \u00e9tats, les routes secondaires laissent \u00e0 d\u00e9sirer. Le prix des locations est \u00e9lev\u00e9.<\/div>\n<div>Location de voiture: <a target=\"_blank\" href=\"https:\/\/www.abc-latina.com\/to\/location_voiture\">meilleurs prix en comparant 50 agences<\/a><\/div>\n<div>Auto-stop : Pourquoi pas &#8230; si vous avez du temps !&nbsp;<\/div>\n<h3>JOURS FERIES en Argentine&nbsp;<\/h3>\n<div><a target=\"_blank\" href=\"tour_operateur\"><img loading=\"lazy\" decoding=\"async\" class=\" size-full wp-image-41\" alt=\"\" class=\"touroperateur\" src=\"http:\/\/abc-latina.com\/wp-content\/uploads\/2010\/04\/timbre_to.gif\" width=\"125\" height=\"90\" \/><\/a><\/div>\n<div>1er Janvier &#8211; Jour de l&rsquo;an&nbsp;<\/div>\n<div>29 Mars &#8211; Vendredi Saint&nbsp;<\/div>\n<div>01 Mai &#8211; F\u00eate du travail&nbsp;<\/div>\n<div>25 Mai &#8211; F\u00eate nationale&nbsp;<\/div>\n<div>10 Juin &#8211; C\u00e9l\u00e9bration des Iles Malouines&nbsp;<\/div>\n<div>20 Juin &#8211; F\u00eate du Drapeau&nbsp;<\/div>\n<div>09 Juillet &#8211; Jour de l&rsquo;ind\u00e9pendance&nbsp;<\/div>\n<div>17 Ao\u00fbt &#8211; Mort du G\u00e9n\u00e9ral San Martin&nbsp;<\/div>\n<div>12 Octobre &#8211; Jour de Christophe Colomb<\/div>\n<div>08 D\u00e9cembre &#8211; Immacul\u00e9e Conception&nbsp;<\/div>\n<div>25 D\u00e9cembre &#8211; Noel&nbsp;<\/div>\n<h3>LANGUES<\/h3>\n<div>L&rsquo;espagnol est la langue officielle.<\/div>\n<h3>ACHATS<\/h3>\n<div>En cours&nbsp;<\/div>\n<h3>HOTELS &#8211; HEBERGEMENT en ARGENTINE<\/h3>\n<div>Les h\u00f4tels: les m\u00eames tarifs qu&rsquo;en Europe pour un service en g\u00e9n\u00e9ral de moindre qualit\u00e9. Retirer une \u00e9toile pour avoir le niveau \u00e9quivalent en France.<\/div>\n<div>Les auberges de jeunesse: seulement dans les grandes villes et certains sites touristiques (en \u00e9t\u00e9 seulement pour la majorit\u00e9).<\/div>\n<div><a target=\"_blank\" href=\"http:\/\/www.booking.com\/country\/arl?aid=364340\">Votre h\u00f4tel en Argentine<\/a><\/div>\n<h3>TELEPHONE &#8211; INTERNET<\/h3>\n<div>Le r\u00e9seau t\u00e9l\u00e9phonique est de bonne qualit\u00e9. Le plus \u00e9conomique pour appeler en Europe est de t\u00e9l\u00e9phoner dans les locutorios de la Telefonica entre 9 &amp; 10 h du matin.<\/div>\n<div>Pour Internet, de nombreux cybercaf\u00e9s proposent leurs services (une heure co\u00fbte entre 2 et 6 $).<\/div>\n<div>Pour exemple la minute Paris-Buenos Aires est \u00e0 partir de 0,0074 Euros (0,05 FF).<\/div>\n<div>Pour appeler de l&rsquo;Argentine vers la France: 00 + 33 + num\u00e9ro \u00e0 9 chiffres (sans le 0)<\/div>\n<div>Pour appeler de la France vers l&rsquo;Argentine: 00 + 54 + indicatif de la ville (sans le 0) + num\u00e9ro<\/div>\n<div><a target=\"_blank\" href=\"http:\/\/www.paginasamarillas.com.ar\/portalPA\/index.action\">Annuaires t\u00e9l\u00e9phoniques<\/a><\/div>\n<h3>DIVERS<\/h3>\n<div>TENSION ELECTRIQUE: 220 Volts &#8211; 50 Hz<\/div>\n<p>&nbsp;<a target=\"_blank\" href=\"http:\/\/voyage.abc-latina.com\/voyage_argentine\/argentine.php\"><span class=\"sejour-circuit\"><br \/><\/span><\/a><\/p>\n<\/div>\n<\/div>\n<p>&nbsp;<\/p>\n","protected":false},"excerpt":{"rendered":"<p>PASSEPORT &#8211; VISA pour l&rsquo;Argentine&nbsp; Pas de visa, pour un s\u00e9jour inf\u00e9rieur \u00e0 trois mois, pour les ressortissants fran\u00e7ais. Un [&hellip;]<\/p>\n","protected":false},"author":3,"featured_media":41,"parent":39,"menu_order":0,"comment_status":"closed","ping_status":"closed","template":"","meta":{"site-sidebar-layout":"default","site-content-layout":"","ast-site-content-layout":"default","site-content-style":"default","site-sidebar-style":"default","ast-global-header-display":"","ast-banner-title-visibility":"","ast-main-header-display":"","ast-hfb-above-header-display":"","ast-hfb-below-header-display":"","ast-hfb-mobile-header-display":"","site-post-title":"","ast-breadcrumbs-content":"","ast-featured-img":"","footer-sml-layout":"","ast-disable-related-posts":"","theme-transparent-header-meta":"","adv-header-id-meta":"","stick-header-meta":"","header-above-stick-meta":"","header-main-stick-meta":"","header-below-stick-meta":"","astra-migrate-meta-layouts":"default","ast-page-background-enabled":"default","ast-page-background-meta":{"desktop":{"background-color":"var(--ast-global-color-5)","background-image":"","background-repeat":"repeat","background-position":"center center","background-size":"auto","background-attachment":"scroll","background-type":"","background-media":"","overlay-type":"","overlay-color":"","overlay-opacity":"","overlay-gradient":""},"tablet":{"background-color":"","background-image":"","background-repeat":"repeat","background-position":"center center","background-size":"auto","background-attachment":"scroll","background-type":"","background-media":"","overlay-type":"","overlay-color":"","overlay-opacity":"","overlay-gradient":""},"mobile":{"background-color":"","background-image":"","background-repeat":"repeat","background-position":"center center","background-size":"auto","background-attachment":"scroll","background-type":"","background-media":"","overlay-type":"","overlay-color":"","overlay-opacity":"","overlay-gradient":""}},"ast-content-background-meta":{"desktop":{"background-color":"var(--ast-global-color-4)","background-image":"","background-repeat":"repeat","background-position":"center center","background-size":"auto","background-attachment":"scroll","background-type":"","background-media":"","overlay-type":"","overlay-color":"","overlay-opacity":"","overlay-gradient":""},"tablet":{"background-color":"var(--ast-global-color-4)","background-image":"","background-repeat":"repeat","background-position":"center center","background-size":"auto","background-attachment":"scroll","background-type":"","background-media":"","overlay-type":"","overlay-color":"","overlay-opacity":"","overlay-gradient":""},"mobile":{"background-color":"var(--ast-global-color-4)","background-image":"","background-repeat":"repeat","background-position":"center center","background-size":"auto","background-attachment":"scroll","background-type":"","background-media":"","overlay-type":"","overlay-color":"","overlay-opacity":"","overlay-gradient":""}},"footnotes":""},"class_list":["post-77","page","type-page","status-publish","has-post-thumbnail","hentry"],"yoast_head":"<!-- This site is optimized with the Yoast SEO plugin v27.5 - https:\/\/yoast.com\/product\/yoast-seo-wordpress\/ -->\n<title>INFORMATIONS PRATIQUES - Abc-latina<\/title>\n<meta name=\"description\" content=\"Les informations pratiques pour aller passer un s\u00e9jour ou des vacances en Argentine.\" \/>\n<meta name=\"robots\" content=\"index, follow, max-snippet:-1, max-image-preview:large, max-video-preview:-1\" \/>\n<link rel=\"canonical\" href=\"https:\/\/abc-latina.com\/argentine\/infoprat\/\" \/>\n<meta property=\"og:locale\" content=\"fr_FR\" \/>\n<meta property=\"og:type\" content=\"article\" \/>\n<meta property=\"og:title\" content=\"INFORMATIONS PRATIQUES - Abc-latina\" \/>\n<meta property=\"og:description\" content=\"Les informations pratiques pour aller passer un s\u00e9jour ou des vacances en Argentine.\" \/>\n<meta property=\"og:url\" content=\"https:\/\/abc-latina.com\/argentine\/infoprat\/\" \/>\n<meta property=\"og:site_name\" content=\"Abc-latina\" \/>\n<meta property=\"article:modified_time\" content=\"2026-04-30T16:24:44+00:00\" \/>\n<meta property=\"og:image\" content=\"https:\/\/abc-latina.com\/wp-content\/uploads\/2010\/04\/timbre_to.gif\" \/>\n\t<meta property=\"og:image:width\" content=\"125\" \/>\n\t<meta property=\"og:image:height\" content=\"90\" \/>\n\t<meta property=\"og:image:type\" content=\"image\/gif\" \/>\n<meta name=\"twitter:card\" content=\"summary_large_image\" \/>\n<meta name=\"twitter:label1\" content=\"Dur\u00e9e de lecture estim\u00e9e\" \/>\n\t<meta name=\"twitter:data1\" content=\"4 minutes\" \/>\n<script type=\"application\/ld+json\" class=\"yoast-schema-graph\">{\"@context\":\"https:\\\/\\\/schema.org\",\"@graph\":[{\"@type\":\"WebPage\",\"@id\":\"https:\\\/\\\/abc-latina.com\\\/argentine\\\/infoprat\\\/\",\"url\":\"https:\\\/\\\/abc-latina.com\\\/argentine\\\/infoprat\\\/\",\"name\":\"INFORMATIONS PRATIQUES - Abc-latina\",\"isPartOf\":{\"@id\":\"https:\\\/\\\/abc-latina.com\\\/#website\"},\"primaryImageOfPage\":{\"@id\":\"https:\\\/\\\/abc-latina.com\\\/argentine\\\/infoprat\\\/#primaryimage\"},\"image\":{\"@id\":\"https:\\\/\\\/abc-latina.com\\\/argentine\\\/infoprat\\\/#primaryimage\"},\"thumbnailUrl\":\"https:\\\/\\\/abc-latina.com\\\/wp-content\\\/uploads\\\/2010\\\/04\\\/timbre_to.gif\",\"datePublished\":\"2010-06-01T01:52:53+00:00\",\"dateModified\":\"2026-04-30T16:24:44+00:00\",\"description\":\"Les informations pratiques pour aller passer un s\u00e9jour ou des vacances en Argentine.\",\"breadcrumb\":{\"@id\":\"https:\\\/\\\/abc-latina.com\\\/argentine\\\/infoprat\\\/#breadcrumb\"},\"inLanguage\":\"fr-FR\",\"potentialAction\":[{\"@type\":\"ReadAction\",\"target\":[\"https:\\\/\\\/abc-latina.com\\\/argentine\\\/infoprat\\\/\"]}]},{\"@type\":\"ImageObject\",\"inLanguage\":\"fr-FR\",\"@id\":\"https:\\\/\\\/abc-latina.com\\\/argentine\\\/infoprat\\\/#primaryimage\",\"url\":\"https:\\\/\\\/abc-latina.com\\\/wp-content\\\/uploads\\\/2010\\\/04\\\/timbre_to.gif\",\"contentUrl\":\"https:\\\/\\\/abc-latina.com\\\/wp-content\\\/uploads\\\/2010\\\/04\\\/timbre_to.gif\",\"width\":125,\"height\":90},{\"@type\":\"BreadcrumbList\",\"@id\":\"https:\\\/\\\/abc-latina.com\\\/argentine\\\/infoprat\\\/#breadcrumb\",\"itemListElement\":[{\"@type\":\"ListItem\",\"position\":1,\"name\":\"Accueil\",\"item\":\"https:\\\/\\\/abc-latina.com\\\/\"},{\"@type\":\"ListItem\",\"position\":2,\"name\":\"INFORMATIONS PRATIQUES\"}]},{\"@type\":\"WebSite\",\"@id\":\"https:\\\/\\\/abc-latina.com\\\/#website\",\"url\":\"https:\\\/\\\/abc-latina.com\\\/\",\"name\":\"Abc-latina\",\"description\":\"\",\"publisher\":{\"@id\":\"https:\\\/\\\/abc-latina.com\\\/#organization\"},\"potentialAction\":[{\"@type\":\"SearchAction\",\"target\":{\"@type\":\"EntryPoint\",\"urlTemplate\":\"https:\\\/\\\/abc-latina.com\\\/?s={search_term_string}\"},\"query-input\":{\"@type\":\"PropertyValueSpecification\",\"valueRequired\":true,\"valueName\":\"search_term_string\"}}],\"inLanguage\":\"fr-FR\"},{\"@type\":\"Organization\",\"@id\":\"https:\\\/\\\/abc-latina.com\\\/#organization\",\"name\":\"Abc-latina\",\"url\":\"https:\\\/\\\/abc-latina.com\\\/\",\"logo\":{\"@type\":\"ImageObject\",\"inLanguage\":\"fr-FR\",\"@id\":\"https:\\\/\\\/abc-latina.com\\\/#\\\/schema\\\/logo\\\/image\\\/\",\"url\":\"https:\\\/\\\/abc-latina.com\\\/wp-content\\\/uploads\\\/2026\\\/05\\\/cropped-logo.gif\",\"contentUrl\":\"https:\\\/\\\/abc-latina.com\\\/wp-content\\\/uploads\\\/2026\\\/05\\\/cropped-logo.gif\",\"width\":89,\"height\":84,\"caption\":\"Abc-latina\"},\"image\":{\"@id\":\"https:\\\/\\\/abc-latina.com\\\/#\\\/schema\\\/logo\\\/image\\\/\"}}]}<\/script>\n<!-- \/ Yoast SEO plugin. -->","yoast_head_json":{"title":"INFORMATIONS PRATIQUES - Abc-latina","description":"Les informations pratiques pour aller passer un s\u00e9jour ou des vacances en Argentine.","robots":{"index":"index","follow":"follow","max-snippet":"max-snippet:-1","max-image-preview":"max-image-preview:large","max-video-preview":"max-video-preview:-1"},"canonical":"https:\/\/abc-latina.com\/argentine\/infoprat\/","og_locale":"fr_FR","og_type":"article","og_title":"INFORMATIONS PRATIQUES - Abc-latina","og_description":"Les informations pratiques pour aller passer un s\u00e9jour ou des vacances en Argentine.","og_url":"https:\/\/abc-latina.com\/argentine\/infoprat\/","og_site_name":"Abc-latina","article_modified_time":"2026-04-30T16:24:44+00:00","og_image":[{"width":125,"height":90,"url":"https:\/\/abc-latina.com\/wp-content\/uploads\/2010\/04\/timbre_to.gif","type":"image\/gif"}],"twitter_card":"summary_large_image","twitter_misc":{"Dur\u00e9e de lecture estim\u00e9e":"4 minutes"},"schema":{"@context":"https:\/\/schema.org","@graph":[{"@type":"WebPage","@id":"https:\/\/abc-latina.com\/argentine\/infoprat\/","url":"https:\/\/abc-latina.com\/argentine\/infoprat\/","name":"INFORMATIONS PRATIQUES - Abc-latina","isPartOf":{"@id":"https:\/\/abc-latina.com\/#website"},"primaryImageOfPage":{"@id":"https:\/\/abc-latina.com\/argentine\/infoprat\/#primaryimage"},"image":{"@id":"https:\/\/abc-latina.com\/argentine\/infoprat\/#primaryimage"},"thumbnailUrl":"https:\/\/abc-latina.com\/wp-content\/uploads\/2010\/04\/timbre_to.gif","datePublished":"2010-06-01T01:52:53+00:00","dateModified":"2026-04-30T16:24:44+00:00","description":"Les informations pratiques pour aller passer un s\u00e9jour ou des vacances en Argentine.","breadcrumb":{"@id":"https:\/\/abc-latina.com\/argentine\/infoprat\/#breadcrumb"},"inLanguage":"fr-FR","potentialAction":[{"@type":"ReadAction","target":["https:\/\/abc-latina.com\/argentine\/infoprat\/"]}]},{"@type":"ImageObject","inLanguage":"fr-FR","@id":"https:\/\/abc-latina.com\/argentine\/infoprat\/#primaryimage","url":"https:\/\/abc-latina.com\/wp-content\/uploads\/2010\/04\/timbre_to.gif","contentUrl":"https:\/\/abc-latina.com\/wp-content\/uploads\/2010\/04\/timbre_to.gif","width":125,"height":90},{"@type":"BreadcrumbList","@id":"https:\/\/abc-latina.com\/argentine\/infoprat\/#breadcrumb","itemListElement":[{"@type":"ListItem","position":1,"name":"Accueil","item":"https:\/\/abc-latina.com\/"},{"@type":"ListItem","position":2,"name":"INFORMATIONS PRATIQUES"}]},{"@type":"WebSite","@id":"https:\/\/abc-latina.com\/#website","url":"https:\/\/abc-latina.com\/","name":"Abc-latina","description":"","publisher":{"@id":"https:\/\/abc-latina.com\/#organization"},"potentialAction":[{"@type":"SearchAction","target":{"@type":"EntryPoint","urlTemplate":"https:\/\/abc-latina.com\/?s={search_term_string}"},"query-input":{"@type":"PropertyValueSpecification","valueRequired":true,"valueName":"search_term_string"}}],"inLanguage":"fr-FR"},{"@type":"Organization","@id":"https:\/\/abc-latina.com\/#organization","name":"Abc-latina","url":"https:\/\/abc-latina.com\/","logo":{"@type":"ImageObject","inLanguage":"fr-FR","@id":"https:\/\/abc-latina.com\/#\/schema\/logo\/image\/","url":"https:\/\/abc-latina.com\/wp-content\/uploads\/2026\/05\/cropped-logo.gif","contentUrl":"https:\/\/abc-latina.com\/wp-content\/uploads\/2026\/05\/cropped-logo.gif","width":89,"height":84,"caption":"Abc-latina"},"image":{"@id":"https:\/\/abc-latina.com\/#\/schema\/logo\/image\/"}}]}},"_links":{"self":[{"href":"https:\/\/abc-latina.com\/wp-json\/wp\/v2\/pages\/77","targetHints":{"allow":["GET"]}}],"collection":[{"href":"https:\/\/abc-latina.com\/wp-json\/wp\/v2\/pages"}],"about":[{"href":"https:\/\/abc-latina.com\/wp-json\/wp\/v2\/types\/page"}],"author":[{"embeddable":true,"href":"https:\/\/abc-latina.com\/wp-json\/wp\/v2\/users\/3"}],"replies":[{"embeddable":true,"href":"https:\/\/abc-latina.com\/wp-json\/wp\/v2\/comments?post=77"}],"version-history":[{"count":1,"href":"https:\/\/abc-latina.com\/wp-json\/wp\/v2\/pages\/77\/revisions"}],"predecessor-version":[{"id":3057,"href":"https:\/\/abc-latina.com\/wp-json\/wp\/v2\/pages\/77\/revisions\/3057"}],"up":[{"embeddable":true,"href":"https:\/\/abc-latina.com\/wp-json\/wp\/v2\/pages\/39"}],"wp:featuredmedia":[{"embeddable":true,"href":"https:\/\/abc-latina.com\/wp-json\/wp\/v2\/media\/41"}],"wp:attachment":[{"href":"https:\/\/abc-latina.com\/wp-json\/wp\/v2\/media?parent=77"}],"curies":[{"name":"wp","href":"https:\/\/api.w.org\/{rel}","templated":true}]}}