{"id":79,"date":"2010-06-01T03:55:18","date_gmt":"2010-06-01T01:55:18","guid":{"rendered":"http:\/\/abc-latina.com\/jujuy-htm\/"},"modified":"2026-04-30T18:24:44","modified_gmt":"2026-04-30T16:24:44","slug":"jujuy","status":"publish","type":"page","link":"https:\/\/abc-latina.com\/argentine\/jujuy\/","title":{"rendered":"JUJUY"},"content":{"rendered":"<p><img loading=\"lazy\" decoding=\"async\" class=\" size-full wp-image-78\" src=\"http:\/\/abc-latina.com\/wp-content\/uploads\/2010\/06\/photo_cactus_humahuaca_5.jpg\" title=\"VOYAGE \u00e0 JUJUY\" alt=\"VOYAGE \u00e0 JUJUY\" width=\"480\" height=\"360\" srcset=\"https:\/\/abc-latina.com\/wp-content\/uploads\/2010\/06\/photo_cactus_humahuaca_5.jpg 550w, https:\/\/abc-latina.com\/wp-content\/uploads\/2010\/06\/photo_cactus_humahuaca_5-300x225.jpg 300w\" sizes=\"auto, (max-width: 480px) 100vw, 480px\" \/><\/p>\n<p>Un cirque de montagne enserre de toutes parts la ville de <span class=\"tourisme-chapitre\">San Salvador de Jujuy<\/span>, nich\u00e9e \u00e0 1200m d&rsquo;altitude. A Jujuy, le mythe de l&rsquo;Argentine europ\u00e9enne est difficile \u00e0 soutenir. L&rsquo;immense majorit\u00e9 de la population de la province (500.000 h) et de la ville (220.000 h) est compos\u00e9e de m\u00e9tis de Quechuas et Calchaquis ou d&rsquo;indiens immigr\u00e9s des hautes vall\u00e9es boliviennes. Dans les campagnes, les coutumes et l&rsquo;habillement font penser plus \u00e0 la <a href=\"https:\/\/www.abc-latina.com\/bolivie\/\" target=\"_blank\">Bolivie<\/a> et au <a href=\"https:\/\/www.abc-latina.com\/perou\/\" target=\"_blank\">P\u00e9rou<\/a> qu&rsquo;\u00e0 Buenos Aires.<br \/> Jujuy occupait une position strat\u00e9gique \u00e0 l&rsquo;\u00e9poque de l&rsquo;<a href=\"https:\/\/www.abc-latina.com\/civilisations\/Inca\" target=\"_blank\">empire inca<\/a>, et durant l&rsquo;\u00e9poque coloniale, Jujuy eut un r\u00f4le de ville relais pour les convois de mules vers les r\u00e9gions du Nord, entre autre <a href=\"https:\/\/www.abc-latina.com\/bolivie\/potosi\" target=\"_blank\">Potosi<\/a>.<br \/> Jujuy ne manque pas de charme et les voyageurs qui aiment l&rsquo;artisanat auront le choix entre les ponchos, les tapis, les &quot; mantas &quot;, de laine de lamas et les objets de cuivre, d&rsquo;argent et d&rsquo;\u00e9tain.L&rsquo;Argentine andine, presque bolivienne, o\u00f9 le quetchua est encore une langue aussi pratiqu\u00e9e que le castillan, c&rsquo;est dans la Quebrada de Humahuaca, les vall\u00e9es adjacentes qui m\u00e8nent \u00e0 la Puna, qu&rsquo;il faut la d\u00e9couvrir. &hellip;<br \/> <a href=\"https:\/\/www.abc-latina.com\/argentine\/tour_operateur\" target=\"_blank\"><img loading=\"lazy\" decoding=\"async\" class=\" alignright size-full wp-image-41\" src=\"http:\/\/abc-latina.com\/wp-content\/uploads\/2010\/04\/timbre_to.gif\" style=\"margin: 5px; float: right;\" alt=\"\" width=\"125\" height=\"90\" \/><\/a>De rares villages dans une nature min\u00e9rale o\u00f9 dans le moindre espace de verdure, apparaissent les troupeaux de lamas, d&rsquo;\u00e2nes et de moutons gard\u00e9s par des Indiens immobiles, comme indiff\u00e9rents au temps qui passe.<br \/> La beaut\u00e9 sauvage fait oublier la rudesse de ce d\u00e9sert de pierre, et les cr\u00eates de d\u00e9coupent dans le ciel d&rsquo;une puret\u00e9 incroyable.<br \/> Tilcara, \u00e0 85 km de Jujuy, perch\u00e9 \u00e0 pr\u00e8s de 2500m a \u00e9t\u00e9 construite pr\u00e8s du Pucara de Tilcara, une forteresse de l&rsquo;\u00e9poque inca.<br \/> Tilcara est la capitale arch\u00e9ologique de la province.<\/p>\n<p><img loading=\"lazy\" decoding=\"async\" class=\" size-full wp-image-46\" src=\"http:\/\/abc-latina.com\/wp-content\/uploads\/2010\/04\/pages-associes.gif\" alt=\"\" width=\"120\" height=\"10\" \/><br \/><a href=\"https:\/\/www.abc-latina.com\/argentine\/photos\/photos_jujuy\">Photos de Jujuy<\/a><\/p>\n<h3>Pr\u00e9parez votre voyage \u00e0 Jujuy:<\/h3>\n<div><a href=\"https:\/\/www.abc-latina.com\/argentine\/agence_de_voyages\">Agences de voyage g\u00e9n\u00e9ralistes et discounteurs<\/a><\/div>\n<div><a href=\"https:\/\/www.abc-latina.com\/argentine\/tour_operateur\">Tours Op\u00e9rateurs sp\u00e9cialistes de l&rsquo;Argentine<\/a><\/div>\n<div><a href=\"https:\/\/www.abc-latina.com\/to\/reservation_billet_avion\" target=\"_blank\">R\u00e9servez votre billet d&rsquo;avion<\/a><\/div>\n<div><a href=\"hotels\" target=\"_blank\">R\u00e9servez votre h\u00f4tel \u00e0 Jujuy<\/a>&nbsp;<\/div>\n<div><a href=\"https:\/\/www.abc-latina.com\/to\/location_de_voiture_argentine\" target=\"_blank\">Location de voiture<\/a><\/div>\n<p>&nbsp;<\/p>\n<div id=\"cont_e404618d4d09b0f24282c0a1fb6e16d1\"><span id=\"h_e404618d4d09b0f24282c0a1fb6e16d1\"><a id=\"a_e404618d4d09b0f24282c0a1fb6e16d1\" href=\"http:\/\/www.tameteo.com\/\" target=\"_blank\" style=\"color:#808080;font-family:2;font-size:14px;\">M\u00e9t\u00e9o<\/a> San Salvador de Jujuy<\/span><script type=\"text\/javascript\" src=\"http:\/\/www.tameteo.com\/wid_loader\/e404618d4d09b0f24282c0a1fb6e16d1\"><\/script><\/div>\n<p>&nbsp;<\/p>\n","protected":false},"excerpt":{"rendered":"<p>Un cirque de montagne enserre de toutes parts la ville de San Salvador de Jujuy, nich\u00e9e \u00e0 1200m d&rsquo;altitude. A [&hellip;]<\/p>\n","protected":false},"author":3,"featured_media":78,"parent":39,"menu_order":0,"comment_status":"closed","ping_status":"closed","template":"","meta":{"site-sidebar-layout":"default","site-content-layout":"","ast-site-content-layout":"default","site-content-style":"default","site-sidebar-style":"default","ast-global-header-display":"","ast-banner-title-visibility":"","ast-main-header-display":"","ast-hfb-above-header-display":"","ast-hfb-below-header-display":"","ast-hfb-mobile-header-display":"","site-post-title":"","ast-breadcrumbs-content":"","ast-featured-img":"","footer-sml-layout":"","ast-disable-related-posts":"","theme-transparent-header-meta":"","adv-header-id-meta":"","stick-header-meta":"","header-above-stick-meta":"","header-main-stick-meta":"","header-below-stick-meta":"","astra-migrate-meta-layouts":"default","ast-page-background-enabled":"default","ast-page-background-meta":{"desktop":{"background-color":"var(--ast-global-color-5)","background-image":"","background-repeat":"repeat","background-position":"center center","background-size":"auto","background-attachment":"scroll","background-type":"","background-media":"","overlay-type":"","overlay-color":"","overlay-opacity":"","overlay-gradient":""},"tablet":{"background-color":"","background-image":"","background-repeat":"repeat","background-position":"center center","background-size":"auto","background-attachment":"scroll","background-type":"","background-media":"","overlay-type":"","overlay-color":"","overlay-opacity":"","overlay-gradient":""},"mobile":{"background-color":"","background-image":"","background-repeat":"repeat","background-position":"center center","background-size":"auto","background-attachment":"scroll","background-type":"","background-media":"","overlay-type":"","overlay-color":"","overlay-opacity":"","overlay-gradient":""}},"ast-content-background-meta":{"desktop":{"background-color":"var(--ast-global-color-4)","background-image":"","background-repeat":"repeat","background-position":"center center","background-size":"auto","background-attachment":"scroll","background-type":"","background-media":"","overlay-type":"","overlay-color":"","overlay-opacity":"","overlay-gradient":""},"tablet":{"background-color":"var(--ast-global-color-4)","background-image":"","background-repeat":"repeat","background-position":"center center","background-size":"auto","background-attachment":"scroll","background-type":"","background-media":"","overlay-type":"","overlay-color":"","overlay-opacity":"","overlay-gradient":""},"mobile":{"background-color":"var(--ast-global-color-4)","background-image":"","background-repeat":"repeat","background-position":"center center","background-size":"auto","background-attachment":"scroll","background-type":"","background-media":"","overlay-type":"","overlay-color":"","overlay-opacity":"","overlay-gradient":""}},"footnotes":""},"class_list":["post-79","page","type-page","status-publish","has-post-thumbnail","hentry"],"yoast_head":"<!-- This site is optimized with the Yoast SEO plugin v27.5 - https:\/\/yoast.com\/product\/yoast-seo-wordpress\/ -->\n<title>JUJUY - Abc-latina<\/title>\n<meta name=\"description\" content=\"La ville de Jujuy et sa r\u00e9gion, tourisme en Argentine.\" \/>\n<meta name=\"robots\" content=\"index, follow, max-snippet:-1, max-image-preview:large, max-video-preview:-1\" \/>\n<link rel=\"canonical\" href=\"https:\/\/abc-latina.com\/argentine\/jujuy\/\" \/>\n<meta property=\"og:locale\" content=\"fr_FR\" \/>\n<meta property=\"og:type\" content=\"article\" \/>\n<meta property=\"og:title\" content=\"JUJUY - Abc-latina\" \/>\n<meta property=\"og:description\" content=\"La ville de Jujuy et sa r\u00e9gion, tourisme en Argentine.\" \/>\n<meta property=\"og:url\" content=\"https:\/\/abc-latina.com\/argentine\/jujuy\/\" \/>\n<meta property=\"og:site_name\" content=\"Abc-latina\" \/>\n<meta property=\"article:modified_time\" content=\"2026-04-30T16:24:44+00:00\" \/>\n<meta property=\"og:image\" content=\"https:\/\/abc-latina.com\/wp-content\/uploads\/2010\/06\/photo_cactus_humahuaca_5.jpg\" \/>\n\t<meta property=\"og:image:width\" content=\"550\" \/>\n\t<meta property=\"og:image:height\" content=\"413\" \/>\n\t<meta property=\"og:image:type\" content=\"image\/jpeg\" \/>\n<meta name=\"twitter:card\" content=\"summary_large_image\" \/>\n<meta name=\"twitter:label1\" content=\"Dur\u00e9e de lecture estim\u00e9e\" \/>\n\t<meta name=\"twitter:data1\" content=\"2 minutes\" \/>\n<script type=\"application\/ld+json\" class=\"yoast-schema-graph\">{\"@context\":\"https:\\\/\\\/schema.org\",\"@graph\":[{\"@type\":\"WebPage\",\"@id\":\"https:\\\/\\\/abc-latina.com\\\/argentine\\\/jujuy\\\/\",\"url\":\"https:\\\/\\\/abc-latina.com\\\/argentine\\\/jujuy\\\/\",\"name\":\"JUJUY - Abc-latina\",\"isPartOf\":{\"@id\":\"https:\\\/\\\/abc-latina.com\\\/#website\"},\"primaryImageOfPage\":{\"@id\":\"https:\\\/\\\/abc-latina.com\\\/argentine\\\/jujuy\\\/#primaryimage\"},\"image\":{\"@id\":\"https:\\\/\\\/abc-latina.com\\\/argentine\\\/jujuy\\\/#primaryimage\"},\"thumbnailUrl\":\"https:\\\/\\\/abc-latina.com\\\/wp-content\\\/uploads\\\/2010\\\/06\\\/photo_cactus_humahuaca_5.jpg\",\"datePublished\":\"2010-06-01T01:55:18+00:00\",\"dateModified\":\"2026-04-30T16:24:44+00:00\",\"description\":\"La ville de Jujuy et sa r\u00e9gion, tourisme en Argentine.\",\"breadcrumb\":{\"@id\":\"https:\\\/\\\/abc-latina.com\\\/argentine\\\/jujuy\\\/#breadcrumb\"},\"inLanguage\":\"fr-FR\",\"potentialAction\":[{\"@type\":\"ReadAction\",\"target\":[\"https:\\\/\\\/abc-latina.com\\\/argentine\\\/jujuy\\\/\"]}]},{\"@type\":\"ImageObject\",\"inLanguage\":\"fr-FR\",\"@id\":\"https:\\\/\\\/abc-latina.com\\\/argentine\\\/jujuy\\\/#primaryimage\",\"url\":\"https:\\\/\\\/abc-latina.com\\\/wp-content\\\/uploads\\\/2010\\\/06\\\/photo_cactus_humahuaca_5.jpg\",\"contentUrl\":\"https:\\\/\\\/abc-latina.com\\\/wp-content\\\/uploads\\\/2010\\\/06\\\/photo_cactus_humahuaca_5.jpg\",\"width\":550,\"height\":413,\"caption\":\"VOYAGE \u00e0 JUJUY\"},{\"@type\":\"BreadcrumbList\",\"@id\":\"https:\\\/\\\/abc-latina.com\\\/argentine\\\/jujuy\\\/#breadcrumb\",\"itemListElement\":[{\"@type\":\"ListItem\",\"position\":1,\"name\":\"Accueil\",\"item\":\"https:\\\/\\\/abc-latina.com\\\/\"},{\"@type\":\"ListItem\",\"position\":2,\"name\":\"JUJUY\"}]},{\"@type\":\"WebSite\",\"@id\":\"https:\\\/\\\/abc-latina.com\\\/#website\",\"url\":\"https:\\\/\\\/abc-latina.com\\\/\",\"name\":\"Abc-latina\",\"description\":\"\",\"publisher\":{\"@id\":\"https:\\\/\\\/abc-latina.com\\\/#organization\"},\"potentialAction\":[{\"@type\":\"SearchAction\",\"target\":{\"@type\":\"EntryPoint\",\"urlTemplate\":\"https:\\\/\\\/abc-latina.com\\\/?s={search_term_string}\"},\"query-input\":{\"@type\":\"PropertyValueSpecification\",\"valueRequired\":true,\"valueName\":\"search_term_string\"}}],\"inLanguage\":\"fr-FR\"},{\"@type\":\"Organization\",\"@id\":\"https:\\\/\\\/abc-latina.com\\\/#organization\",\"name\":\"Abc-latina\",\"url\":\"https:\\\/\\\/abc-latina.com\\\/\",\"logo\":{\"@type\":\"ImageObject\",\"inLanguage\":\"fr-FR\",\"@id\":\"https:\\\/\\\/abc-latina.com\\\/#\\\/schema\\\/logo\\\/image\\\/\",\"url\":\"https:\\\/\\\/abc-latina.com\\\/wp-content\\\/uploads\\\/2026\\\/05\\\/cropped-logo.gif\",\"contentUrl\":\"https:\\\/\\\/abc-latina.com\\\/wp-content\\\/uploads\\\/2026\\\/05\\\/cropped-logo.gif\",\"width\":89,\"height\":84,\"caption\":\"Abc-latina\"},\"image\":{\"@id\":\"https:\\\/\\\/abc-latina.com\\\/#\\\/schema\\\/logo\\\/image\\\/\"}}]}<\/script>\n<!-- \/ Yoast SEO plugin. -->","yoast_head_json":{"title":"JUJUY - Abc-latina","description":"La ville de Jujuy et sa r\u00e9gion, tourisme en Argentine.","robots":{"index":"index","follow":"follow","max-snippet":"max-snippet:-1","max-image-preview":"max-image-preview:large","max-video-preview":"max-video-preview:-1"},"canonical":"https:\/\/abc-latina.com\/argentine\/jujuy\/","og_locale":"fr_FR","og_type":"article","og_title":"JUJUY - Abc-latina","og_description":"La ville de Jujuy et sa r\u00e9gion, tourisme en Argentine.","og_url":"https:\/\/abc-latina.com\/argentine\/jujuy\/","og_site_name":"Abc-latina","article_modified_time":"2026-04-30T16:24:44+00:00","og_image":[{"width":550,"height":413,"url":"https:\/\/abc-latina.com\/wp-content\/uploads\/2010\/06\/photo_cactus_humahuaca_5.jpg","type":"image\/jpeg"}],"twitter_card":"summary_large_image","twitter_misc":{"Dur\u00e9e de lecture estim\u00e9e":"2 minutes"},"schema":{"@context":"https:\/\/schema.org","@graph":[{"@type":"WebPage","@id":"https:\/\/abc-latina.com\/argentine\/jujuy\/","url":"https:\/\/abc-latina.com\/argentine\/jujuy\/","name":"JUJUY - Abc-latina","isPartOf":{"@id":"https:\/\/abc-latina.com\/#website"},"primaryImageOfPage":{"@id":"https:\/\/abc-latina.com\/argentine\/jujuy\/#primaryimage"},"image":{"@id":"https:\/\/abc-latina.com\/argentine\/jujuy\/#primaryimage"},"thumbnailUrl":"https:\/\/abc-latina.com\/wp-content\/uploads\/2010\/06\/photo_cactus_humahuaca_5.jpg","datePublished":"2010-06-01T01:55:18+00:00","dateModified":"2026-04-30T16:24:44+00:00","description":"La ville de Jujuy et sa r\u00e9gion, tourisme en Argentine.","breadcrumb":{"@id":"https:\/\/abc-latina.com\/argentine\/jujuy\/#breadcrumb"},"inLanguage":"fr-FR","potentialAction":[{"@type":"ReadAction","target":["https:\/\/abc-latina.com\/argentine\/jujuy\/"]}]},{"@type":"ImageObject","inLanguage":"fr-FR","@id":"https:\/\/abc-latina.com\/argentine\/jujuy\/#primaryimage","url":"https:\/\/abc-latina.com\/wp-content\/uploads\/2010\/06\/photo_cactus_humahuaca_5.jpg","contentUrl":"https:\/\/abc-latina.com\/wp-content\/uploads\/2010\/06\/photo_cactus_humahuaca_5.jpg","width":550,"height":413,"caption":"VOYAGE \u00e0 JUJUY"},{"@type":"BreadcrumbList","@id":"https:\/\/abc-latina.com\/argentine\/jujuy\/#breadcrumb","itemListElement":[{"@type":"ListItem","position":1,"name":"Accueil","item":"https:\/\/abc-latina.com\/"},{"@type":"ListItem","position":2,"name":"JUJUY"}]},{"@type":"WebSite","@id":"https:\/\/abc-latina.com\/#website","url":"https:\/\/abc-latina.com\/","name":"Abc-latina","description":"","publisher":{"@id":"https:\/\/abc-latina.com\/#organization"},"potentialAction":[{"@type":"SearchAction","target":{"@type":"EntryPoint","urlTemplate":"https:\/\/abc-latina.com\/?s={search_term_string}"},"query-input":{"@type":"PropertyValueSpecification","valueRequired":true,"valueName":"search_term_string"}}],"inLanguage":"fr-FR"},{"@type":"Organization","@id":"https:\/\/abc-latina.com\/#organization","name":"Abc-latina","url":"https:\/\/abc-latina.com\/","logo":{"@type":"ImageObject","inLanguage":"fr-FR","@id":"https:\/\/abc-latina.com\/#\/schema\/logo\/image\/","url":"https:\/\/abc-latina.com\/wp-content\/uploads\/2026\/05\/cropped-logo.gif","contentUrl":"https:\/\/abc-latina.com\/wp-content\/uploads\/2026\/05\/cropped-logo.gif","width":89,"height":84,"caption":"Abc-latina"},"image":{"@id":"https:\/\/abc-latina.com\/#\/schema\/logo\/image\/"}}]}},"_links":{"self":[{"href":"https:\/\/abc-latina.com\/wp-json\/wp\/v2\/pages\/79","targetHints":{"allow":["GET"]}}],"collection":[{"href":"https:\/\/abc-latina.com\/wp-json\/wp\/v2\/pages"}],"about":[{"href":"https:\/\/abc-latina.com\/wp-json\/wp\/v2\/types\/page"}],"author":[{"embeddable":true,"href":"https:\/\/abc-latina.com\/wp-json\/wp\/v2\/users\/3"}],"replies":[{"embeddable":true,"href":"https:\/\/abc-latina.com\/wp-json\/wp\/v2\/comments?post=79"}],"version-history":[{"count":1,"href":"https:\/\/abc-latina.com\/wp-json\/wp\/v2\/pages\/79\/revisions"}],"predecessor-version":[{"id":3058,"href":"https:\/\/abc-latina.com\/wp-json\/wp\/v2\/pages\/79\/revisions\/3058"}],"up":[{"embeddable":true,"href":"https:\/\/abc-latina.com\/wp-json\/wp\/v2\/pages\/39"}],"wp:featuredmedia":[{"embeddable":true,"href":"https:\/\/abc-latina.com\/wp-json\/wp\/v2\/media\/78"}],"wp:attachment":[{"href":"https:\/\/abc-latina.com\/wp-json\/wp\/v2\/media?parent=79"}],"curies":[{"name":"wp","href":"https:\/\/api.w.org\/{rel}","templated":true}]}}